{"id":6018,"date":"2022-08-01T22:50:55","date_gmt":"2022-08-02T01:50:55","guid":{"rendered":"https:\/\/portifolioos-prontos.com\/?post_type=product&#038;p=6018"},"modified":"2022-09-14T15:38:33","modified_gmt":"2022-09-14T18:38:33","slug":"projeto-integrado-programa-sobre-agricultura-familiar","status":"publish","type":"product","link":"https:\/\/portifolioos-prontos.com\/index.php\/product\/projeto-integrado-programa-sobre-agricultura-familiar\/","title":{"rendered":"Projeto Integrado &#8211; Programa sobre Agricultura Familiar &#8211; An\u00e1lise e Desenvolvimento de Sistemas"},"content":{"rendered":"<h4>Projeto Integrado &#8211; Programa sobre Agricultura Familiar<\/h4>\n<h4>CST EM AN\u00c1LISE E DESENVOLVIMENTO DE SISTEMAS<\/h4>\n<p><strong>ATIVIDADES<\/strong><br \/>\n<strong>Tarefa 1:<\/strong><br \/>\nNesse ano de elei\u00e7\u00f5es, os candidatos a presidente est\u00e3o apresentando seus programas de governo.<br \/>\nUm desses programas \u00e9 sobre a agricultura familiar. \u00c9 bem interessante, vamos analisar a sua<br \/>\nexperi\u00eancia.<br \/>\nEle fez uma experi\u00eancia com 13.500 agricultores e verificou-se que:<br \/>\n\u2022 7.000 plantam arroz;<br \/>\n\u2022 4.100 plantam banana;<br \/>\n\u2022 3.100 plantam uva;<br \/>\n\u2022 2.100 plantam arroz e banana;<br \/>\n\u2022 1.400 plantam arroz e uva;<br \/>\n\u2022 1.000 plantam banana e uva;<br \/>\n\u2022 400 plantam arroz, banana e uva.<br \/>\nTendo essas informa\u00e7\u00f5es, vamos responder com a l\u00f3gica:<br \/>\na) Quantos plantam pelo menos uma das tr\u00eas esp\u00e9cies?<br \/>\nb) Quantos n\u00e3o plantam nenhuma das tr\u00eas esp\u00e9cies?<br \/>\nc) Quantos plantam arroz ou banana, mas n\u00e3o plantam uvas?<br \/>\nd) Quantas plantam apenas uvas?<\/p>\n<p><strong>Tarefa 2:<\/strong><br \/>\nO teste de software geralmente faz parte da \u00faltima etapa na constru\u00e7\u00e3o de um programa, visando<br \/>\nencontrar defeitos\/erros. No entanto, existe uma pr\u00e1tica que faz a invers\u00e3o, o teste passa a uma das<br \/>\nprimeiras etapas. Sobre o desenvolvimento orientado a testes \u2013 TDD (Test Driven Development),<br \/>\nexplique com suas palavras o funcionamento e as etapas que est\u00e3o presentes nesta pr\u00e1tica.<\/p>\n<p><a href=\"http:\/\/portifolioos-prontos.com\">PROJETO INTEGRADO<\/a><\/p>\n<p><strong>Tarefa 3:<\/strong><\/p>\n<p>O Modelo de Entidade-Relacionamentos (MER) foi desenvolvido para aperfei\u00e7oar o projeto do banco<br \/>\nde dados, sendo largamente utilizado apesar de ter sido elaborado na d\u00e9cada 70, continua sendo a<br \/>\nprincipal t\u00e9cnica para consolidar um banco de dados atrav\u00e9s do mapeamento dos dados necess\u00e1rios<br \/>\npara refletir as necessidades de requisitos de um sistema.<br \/>\nIndique uma ferramenta CASE que permite a cria\u00e7\u00e3o de um MER para um projeto de banco de dados<br \/>\nrelacional e explique as principais vantagens desta abordagem, inclusive, explanando sobre o grau<br \/>\nde relacionamento ou de cardinalidade entre as tabelas.<br \/>\nComo base de conhecimento para o desenvolvimento dessa atividade poder\u00e1 utilizar o livro did\u00e1tico<br \/>\ndo autor Werlich (2018), unidade 2, se\u00e7\u00e3o 2, Modelagem de Dados.<\/p>\n<p><strong>Tarefa 4:<\/strong><br \/>\nEm <a href=\"http:\/\/portifolioos-prontos.com\">Algoritmos<\/a> e Programa\u00e7\u00e3o Estruturada, temos a busca pela facilita\u00e7\u00e3o da compreens\u00e3o de<br \/>\nprogramas atrav\u00e9s do n\u00famero restrito de mecanismos de controle da execu\u00e7\u00e3o de programas. Fa\u00e7a<br \/>\num programa na linguagem C, utilizando qualquer compilador, em que pe\u00e7a como entrada, seu<br \/>\nnome, endere\u00e7o e telefone, por fim, exiba esses dados na tela.<\/p>\n<p><strong>Tarefa 5:<\/strong><br \/>\nO diagrama de classes da UML \u00e9 um diagrama estrutural, que tem como objetivo principal ilustrar<br \/>\ngraficamente a estrutura do software, em n\u00edveis mais e menos abrangentes. Al\u00e9m disso, o diagrama<br \/>\nde classes mostra como se d\u00e1 a interliga\u00e7\u00e3o entre os componentes da estrutura do sistema. Para<br \/>\ncompreender o diagrama de classes, \u00e9 preciso entender os relacionamentos entre as classes que<br \/>\npoder\u00e3o ser representadas no diagrama de classes e objetos. Sabendo disso, explique os<br \/>\nrelacionamentos listados a seguir:<br \/>\na) Encapsulamento<br \/>\nb) Heran\u00e7a<br \/>\nc) Agrega\u00e7\u00e3o<br \/>\nd) Composi\u00e7\u00e3o<\/p>\n<div class=\"elementor-toggle-item\">\n<h4 id=\"elementor-tab-title-1941\" class=\"elementor-tab-title elementor-active\" tabindex=\"0\" role=\"tab\" data-tab=\"1\" aria-controls=\"elementor-tab-content-1941\" aria-expanded=\"true\" aria-selected=\"true\">Como funciona?<\/h4>\n<div id=\"elementor-tab-content-1941\" class=\"elementor-tab-content elementor-clearfix elementor-active\" role=\"tabpanel\" data-tab=\"1\" aria-labelledby=\"elementor-tab-title-1941\">\n<p>Elaboramos os portf\u00f3lios, j\u00e1 deixamos prontos, nas normas da ABNT e conforme os requisitos da universidade. F\u00e1cil assim! O MELHOR \u00c9 QUE VOC\u00ca COMPRA E J\u00c1 BAIXA NA HORA O SEU ARQUIVO EM WORD! Sabemos que conciliar trabalho, fam\u00edlia, vida profissional e estudos \u00e9 dif\u00edcil hoje em dia, por isso, estamos aqui para ajudar voc\u00ea. Conte com nossa qualidade, experi\u00eancia e profissionalismo adquirindo seu portf\u00f3lio conosco. GARANTIMOS SEU CONCEITO!<\/p>\n<h4>Como se realizam os envios?<\/h4>\n<\/div>\n<\/div>\n<div class=\"elementor-toggle-item\">\n<div id=\"elementor-tab-content-1942\" class=\"elementor-tab-content elementor-clearfix elementor-active\" role=\"tabpanel\" data-tab=\"2\" aria-labelledby=\"elementor-tab-title-1942\">O seu trabalho \u00e9 disponibilizado pronto, respondido e nas normas j\u00e1 na mesma hora aqui em nosso site na sua \u00e1rea de downloads e tamb\u00e9m no seu e-mail.<\/div>\n<\/div>\n<div class=\"elementor-toggle-item\">\n<div id=\"elementor-tab-content-1943\" class=\"elementor-tab-content elementor-clearfix elementor-active\" role=\"tabpanel\" data-tab=\"3\" aria-labelledby=\"elementor-tab-title-1943\">\n<h4>Em quanto tempo recebo o portf\u00f3lio?<\/h4>\n<\/div>\n<\/div>\n<div class=\"elementor-toggle-item\">\n<div id=\"elementor-tab-content-1944\" class=\"elementor-tab-content elementor-clearfix elementor-active\" role=\"tabpanel\" data-tab=\"4\" aria-labelledby=\"elementor-tab-title-1944\">\n<p>Os envios s\u00e3o imediatos. Ap\u00f3s sua compra, o trabalho j\u00e1 \u00e9 disponibilizado instantaneamente aqui em nosso site e no seu e-mail.<\/p>\n<h4>E se o portf\u00f3lio que comprei precisar de corre\u00e7\u00e3o?<\/h4>\n<\/div>\n<\/div>\n<div class=\"elementor-toggle-item\">\n<div id=\"elementor-tab-content-1945\" class=\"elementor-tab-content elementor-clearfix elementor-active\" role=\"tabpanel\" data-tab=\"5\" aria-labelledby=\"elementor-tab-title-1945\">\n<p>Caso haja alguma solicita\u00e7\u00e3o de corre\u00e7\u00e3o\/altera\u00e7\u00e3o por parte do tutor, basta entrar em contato conosco pelo\u00a0WhatsApp\u00a0que provid\u00eanciaremos sem custo algum.<\/p>\n<h4>Qual o formato do arquivo?<\/h4>\n<\/div>\n<\/div>\n<div class=\"elementor-toggle-item\">\n<div id=\"elementor-tab-content-1946\" class=\"elementor-tab-content elementor-clearfix elementor-active\" role=\"tabpanel\" data-tab=\"6\" aria-labelledby=\"elementor-tab-title-1946\">\n<p>Os arquivos s\u00e3o enviados em formato Word e s\u00e3o edit\u00e1veis.<\/p>\n<h4>Caso eu tiver alguma d\u00favida, terei suporte no p\u00f3s venda?<\/h4>\n<\/div>\n<\/div>\n<div class=\"elementor-toggle-item\">\n<div id=\"elementor-tab-content-1948\" class=\"elementor-tab-content elementor-clearfix elementor-active\" role=\"tabpanel\" data-tab=\"8\" aria-labelledby=\"elementor-tab-title-1948\">\n<p>Sim, com certeza. Basta clicar no \u00edcone do WhatsApp no cantinho da tela. Ser\u00e1 um prazer atend\u00ea-lo(a).<\/p>\n<div class=\"elementor-toggle-item\">\n<div id=\"elementor-tab-content-1948\" class=\"elementor-tab-content elementor-clearfix elementor-active\" role=\"tabpanel\" data-tab=\"8\" aria-labelledby=\"elementor-tab-title-1948\">\n<h4>Quais os seus canais de contato?<\/h4>\n<\/div>\n<\/div>\n<div class=\"elementor-toggle-item\">\n<div id=\"elementor-tab-content-1949\" class=\"elementor-tab-content elementor-clearfix elementor-active\" role=\"tabpanel\" data-tab=\"9\" aria-labelledby=\"elementor-tab-title-1949\">\n<p>Whatsapp: 53 984751621 \u2013 Clicar no canto da tela ou ESCANEIE O QRCODE ABAIXO<\/p>\n<p><img decoding=\"async\" class=\"alignnone wp-image-7603\" src=\"http:\/\/portifolioos-prontos.com\/wp-content\/uploads\/2022\/09\/portfolio-unopar-pronto-colaborar-ava-producao-textual-interdisciplinar.png\" alt=\"explique osrelacionamentos listados a seguir:a) Encapsulamentob) Heran\u00e7ac) Agrega\u00e7\u00e3od) Composi\u00e7\u00e3o,Em Algoritmos e Programa\u00e7\u00e3o Estruturada,temos a busca pela facilita\u00e7\u00e3o da compreens\u00e3o deprogramas atrav\u00e9s do n\u00famero restrito de mecanismos de controle da execu\u00e7\u00e3o de programas. Fa\u00e7aum programa na linguagem C,utilizando qualquer compilador,em que pe\u00e7a como entrada,seunome,endere\u00e7o e telefone,por fim,exiba esses dados na tela,Indique uma ferramenta CASE que permite a cria\u00e7\u00e3o de um MER para um projeto de banco de dadosrelacional e explique as principais vantagens desta abordagem,inclusive,explanando sobre o graude relacionamento ou de cardinalidade entre as tabelas,explique com suas palavras o funcionamento e as etapas que est\u00e3o presentes nesta pr\u00e1tica.,Tendo essas informa\u00e7\u00f5es,vamos responder com a l\u00f3gica:a) Quantos plantam pelo menos uma das tr\u00eas esp\u00e9cies?b) Quantos n\u00e3o plantam nenhuma das tr\u00eas esp\u00e9cies?c) Quantos plantam arroz ou banana,mas n\u00e3o plantam uvas?d) Quantas plantam apenas uvas?,portfolio analise e desenvolvimento de sistemas,portfolio an\u00e1lise e desenvolvimento de sistemas,portfolio analise e desenvolvimento de sistemas 1 semestre unopar,portf\u00f3lio an\u00e1lise e desenvolvimento de sistemas 1 semestre anhanguera,portfolio unopar analise e desenvolvimento de sistemas 2 semestre,portfolio 3 semestre unopar analise e desenvolvimento de sistemas,projeto integrado an\u00e1lise e desenvolvimento de sistemas,projeto integrado analise e desenvolvimento de sistemas unopar,projeto integrado em an\u00e1lise e desenvolvimento de sistemas pdf,projeto integrado ii analise e desenvolvimento de sistemas,projeto integrado multidisciplinar analise e desenvolvimento de sistemas,projeto integrado iii analise e desenvolvimento de sistemas,projeto integrado multidisciplinar ii analise e desenvolvimento de sistemas,projeto integrado multidisciplinar iv analise e desenvolvimento de sistemas,unidade i - projeto integrado em an\u00e1lise e desenvolvimento de sistemas,Portfolio pronto,portifolio pronto,portf\u00f3lio pronto,portifolios prontos,portif\u00f3lios prontos,portf\u00f3lio pronto unopar,portifolio pronto unopar,portif\u00f3lio pronto unopar,portifolios prontos unopar,portifolios prontos anhanguera,portf\u00f3lios prontos anhanguera,portf\u00f3lio pronto anhanguera,portfolios ead,portf\u00f3lios ead,portfolioead,apostileiros,portf\u00f3lio ead,portifolios ead,portif\u00f3lios ead,eadhelp,shop do acad\u00eamico,unopar portfolio,portfolio pronto ead,portfolio unopar ead,ead portfolio ava,portf\u00f3lio ead anhanguera,portf\u00f3lio ead pront,o portf\u00f3lio ead unopar,portf\u00f3lio pronto em word,pti unopar,ptg unopar,modelo de portf\u00f3lio unopar,modelo de portf\u00f3lio anhanguera,como fazer um portf\u00f3lio para faculdade,como faz portf\u00f3lio universidade,como faz portf\u00f3lios para universidade,portf\u00f3lios prontos para universidade,portf\u00f3lios pronto para faculdade,portf\u00f3lio pronto para editar,portifolios prontos para editar,portf\u00f3lio em word,portfolio em word,portf\u00f3lio em word para editar,portifolio em word para editar,portfolio unopar pronto para editar,modelo de portfolio para unopar,modelo de portif\u00f3lio para unopar,modelo de portf\u00f3lio para unopar,unopar portf\u00f3lio pronto,anhanguera portf\u00f3lio pronto,portf\u00f3lio em word pronto,comprar portf\u00f3lio pronto,como fazer um portf\u00f3lio,como fazer portf\u00f3lio digital,portfolio,portf\u00f3lio,portifolio,portif\u00f3lio,portf\u00f3lio interdisciplinar individual,portfolio interdisciplinar individual,exemplos de portf\u00f3lio para faculdade,baixar portf\u00f3lio pronto,portf\u00f3lio acad\u00eamico,portf\u00f3lio online,portfoliooead,portfolio ead,portf\u00f3lio pronto interdisciplinar individual,relat\u00f3rio de est\u00e1gio unopar,relat\u00f3rio de est\u00e1gio pronto unopar,como criar um portf\u00f3lio,o que \u00e9 um portf\u00f3lio e como fazer,portfolio exemplo,modelo de portfolio acad\u00eamico,relat\u00f3rio de est\u00e1gio gest\u00e3o escolar pronto unopar,portf\u00f3lio como fazer,prova profici\u00eancia unopar,portfolio individual est\u00e1gio curricular obrigat\u00f3rio ii anos iniciais do ensino fundamental,prova de profici\u00eancia pedagogia unopar,capa de trabalho unopar para editar,portf\u00f3lio acad\u00eamico unopar,como fazer um portf\u00f3lio acad\u00eamico,portf\u00f3lio exemplos word,portfolio acad\u00eamico,portfolio individual,portfolio individual unopar,portfolio individual anhanguera,portfolio marketing digital,portf\u00f3lio educa\u00e7\u00e3o f\u00edsica unopar,portf\u00f3lio gest\u00e3o educacional e espa\u00e7os n\u00e3o escolares,como fazer um portifolio unopar,modelo de portf\u00f3lio unopar em arquivo word,capa de portf\u00f3lio de pedagogia,como fazer um portf\u00f3lio no word,projeto integrado unopar,exemplo de portf\u00f3lio academico pedagogia\" width=\"141\" height=\"141\" srcset=\"https:\/\/portifolioos-prontos.com\/wp-content\/uploads\/2022\/09\/portfolio-unopar-pronto-colaborar-ava-producao-textual-interdisciplinar.png 150w, https:\/\/portifolioos-prontos.com\/wp-content\/uploads\/2022\/09\/portfolio-unopar-pronto-colaborar-ava-producao-textual-interdisciplinar-100x100.png 100w\" sizes=\"(max-width: 141px) 100vw, 141px\" \/><\/p>\n<\/div>\n<\/div>\n<\/div>\n<\/div>\n<div class=\"elementor-toggle-item\">\n<div id=\"elementor-tab-content-1949\" class=\"elementor-tab-content elementor-clearfix elementor-active\" role=\"tabpanel\" data-tab=\"9\" aria-labelledby=\"elementor-tab-title-1949\">\n<p>E-mail:portifoliosp@gmail.com<\/p>\n<div id=\"attachment_143\" class=\"wp-caption alignnone\">\n<div id=\"attachment_143\" class=\"wp-caption alignnone\" style=\"width: 158px;\">\n<p><a href=\"http:\/\/portifolioos-prontos.com\/\"><img decoding=\"async\" class=\"alignnone wp-image-143\" title=\"portfolio pronto unopar\" src=\"http:\/\/portifolioos-prontos.com\/wp-content\/uploads\/2022\/04\/conceitomaximo.png\" alt=\"portf\u00f3lio pronto unopar ead \" width=\"158\" height=\"45\" aria-describedby=\"caption-attachment-143\" \/><\/a><\/p>\n<p id=\"caption-attachment-143\" class=\"wp-caption-text\">Portf\u00f3lio em Word, respondido, completo e j\u00e1 nas normas.<\/p>\n<\/div>\n<\/div>\n<\/div>\n<\/div>\n","protected":false},"excerpt":{"rendered":"<p>Projeto Integrado &#8211; Programa sobre Agricultura Familiar CST EM AN\u00c1LISE E DESENVOLVIMENTO DE SISTEMAS ATIVIDADES Tarefa 1: Nesse ano de elei\u00e7\u00f5es, os candidatos a presidente est\u00e3o apresentando seus programas de governo. Um desses programas \u00e9 sobre a agricultura familiar. \u00c9 bem interessante, vamos analisar a sua experi\u00eancia. Ele fez uma experi\u00eancia com 13.500 agricultores e&hellip;<\/p>\n","protected":false},"featured_media":6075,"template":"","meta":{"_seopress_robots_primary_cat":"none","_seopress_titles_title":"%%post_title%% %%sitetitle%%","_seopress_titles_desc":"%%post_content%%","_seopress_robots_index":""},"product_cat":[109,58,15],"product_tag":[],"class_list":{"0":"post-6018","1":"product","2":"type-product","3":"status-publish","4":"has-post-thumbnail","6":"product_cat-analise-e-desenvolvimento-de-sistemas","7":"product_cat-cursos-de-t-i","8":"product_cat-uncategorized","10":"first","11":"instock","12":"downloadable","13":"virtual","14":"purchasable","15":"product-type-simple","16":"col-xs-6 col-sm-4","17":"col-mf-5","18":"un-5-cols"},"jetpack_sharing_enabled":true,"_links":{"self":[{"href":"https:\/\/portifolioos-prontos.com\/index.php\/wp-json\/wp\/v2\/product\/6018","targetHints":{"allow":["GET"]}}],"collection":[{"href":"https:\/\/portifolioos-prontos.com\/index.php\/wp-json\/wp\/v2\/product"}],"about":[{"href":"https:\/\/portifolioos-prontos.com\/index.php\/wp-json\/wp\/v2\/types\/product"}],"version-history":[{"count":0,"href":"https:\/\/portifolioos-prontos.com\/index.php\/wp-json\/wp\/v2\/product\/6018\/revisions"}],"wp:featuredmedia":[{"embeddable":true,"href":"https:\/\/portifolioos-prontos.com\/index.php\/wp-json\/wp\/v2\/media\/6075"}],"wp:attachment":[{"href":"https:\/\/portifolioos-prontos.com\/index.php\/wp-json\/wp\/v2\/media?parent=6018"}],"wp:term":[{"taxonomy":"product_cat","embeddable":true,"href":"https:\/\/portifolioos-prontos.com\/index.php\/wp-json\/wp\/v2\/product_cat?post=6018"},{"taxonomy":"product_tag","embeddable":true,"href":"https:\/\/portifolioos-prontos.com\/index.php\/wp-json\/wp\/v2\/product_tag?post=6018"}],"curies":[{"name":"wp","href":"https:\/\/api.w.org\/{rel}","templated":true}]}}