{"id":6384,"date":"2022-08-05T15:44:54","date_gmt":"2022-08-05T18:44:54","guid":{"rendered":"https:\/\/portifolioos-prontos.com\/?post_type=product&#038;p=6384"},"modified":"2022-09-20T18:28:53","modified_gmt":"2022-09-20T21:28:53","slug":"portfolio-fome-no-brasil","status":"publish","type":"product","link":"https:\/\/portifolioos-prontos.com\/index.php\/product\/portfolio-fome-no-brasil\/","title":{"rendered":"Portf\u00f3lio Fome no Brasil"},"content":{"rendered":"<h4>Portf\u00f3lio Fome no Brasil<\/h4>\n<h4>Curso: Geografia Semestre: 3\u00ba\/4\u00ba<\/h4>\n<p>Prezado (a) aluno (a), Seja bem-vindo (a) a este semestre! A proposta de Produ\u00e7\u00e3o Textual Interdisciplinar Individual (<a href=\"http:\/\/portifolioos-prontos.com\">PTI<\/a>) ter\u00e1 como <b>tem\u00e1tica: Fome no Brasil<\/b>. Escolhemos esta tem\u00e1tica para possibilitar a aprendizagem interdisciplinar dos conte\u00fados desenvolvidos nas disciplinas desse semestre.<\/p>\n<p><b>Situa\u00e7\u00e3o Geradora de Aprendizagem (SGA) \u00a0<\/b><\/p>\n<p>Rosana \u00e9 agente operacional de um col\u00e9gio estadual e gosta muito de conversar com os professores sobre os temas referentes \u00e0s respectivas disciplinas que lecionam, pois assim, ela, que ainda n\u00e3o concluiu seus estudos, consegue tirar d\u00favidas e se preparar para o Exame Nacional para Certifica\u00e7\u00e3o de Compet\u00eancias de Jovens e Adultos (Encceja) que realizar\u00e1 em breve. Em mais um dia de contato com os professores, Rosana pediu para conversar com Ol\u00edvia, professora de Geografia, sobre uma not\u00edcia que havia recebido via rede social, j\u00e1 que tem ouvido para tomar cuidado com as propaladas fake news. Ela questionou a veracidade da manchete, sobre mais de 33 milh\u00f5es de brasileiros estarem passando fome e mostrou o seguinte link para a professora Ol\u00edvia: https:\/\/www.poder360.com.br\/brasil\/mais-de-33-milhoes-de-brasileiros-passam-fome-dizpesquisa\/. A professora explicou que realmente \u00e9 importante nos atentarmos \u00e0s informa\u00e7\u00f5es e not\u00edcias que recebemos, que devemos buscar maiores informa\u00e7\u00f5es verificando as fontes e que inclusive, sempre ressalta essas orienta\u00e7\u00f5es durante suas aulas. Sobre o tema da reportagem, a professora decidiu fazer uma rela\u00e7\u00e3o com a realidade do bairro em que a escola est\u00e1 localizada, que inclusive \u00e9 o mesmo que Rosana mora. Questionou se ela tem observado no entorno o aumento de pessoas pedindo ajuda; se conhece pessoas que ficaram desempregadas e que n\u00e3o est\u00e3o conseguindo honrar com as contas e necessidades b\u00e1sicas de sobreviv\u00eancia, como alimenta\u00e7\u00e3o; se na escola ela percebe que aumentou, principalmente no \u00faltimo ano, o n\u00famero de alunos que buscam pela merenda oferecida e ao receber respostas afirmativas para todos esses questionamentos, pediu que Rosana refletisse se de fato a not\u00edcia poderia ser falsa.<\/p>\n<p><b>\u00a0ORIENTA\u00c7\u00d5ES PARA A EXECU\u00c7\u00c3O DO TRABALHO\u00a0<\/b><\/p>\n<p>A partir da situa\u00e7\u00e3o exposta, voc\u00ea deve realizar uma an\u00e1lise do material disponibilizado sobre a fome no Brasil (no link das orienta\u00e7\u00f5es e em anexo) e seguir os pr\u00f3ximos passos: <b><br \/>\n<\/b><\/p>\n<p><b>PASSO 1<\/b><\/p>\n<p>Escrever um texto com no m\u00ednimo 3 (tr\u00eas) e no m\u00e1ximo 5 (cinco) laudas contemplando os seguintes itens: &#8211; An\u00e1lise do aumento da fome no Brasil a partir das Correntes Geogr\u00e1ficas Quantitativa e Cr\u00edtica. Descreva como essas duas correntes podem analisar os dados apresentados, como elas podem transparecer diferentes realidades e qual permite uma reflex\u00e3o mais profunda sobre a situa\u00e7\u00e3o do pa\u00eds.<\/p>\n<p>PRODU\u00c7\u00c3O TEXTUAL INTERDISCIPLINAR INDIVIDUAL \u2013 PTI<\/p>\n<p>A Cartografia pode ser entendida como a linguagem da Geografia e, dessa forma, espacializar os dados \u00e9 fundamental para que possamos analisar as rela\u00e7\u00f5es espaciais dos dados que estamos analisando. Portanto, ap\u00f3s analisar a quest\u00e3o do aumento da fome no Brasil sob o vi\u00e9s da Geografia Quantitativa e da Geografia Cr\u00edtica \u00e9 importante pensar em como esses dados se disp\u00f5e sobre o territ\u00f3rio nacional. Para tanto, vamos utilizar como base de informa\u00e7\u00f5es o estudo \u201cInseguran\u00e7a Alimentar e Covid-19 no Brasil\u201d, dispon\u00edvel no link: https:\/\/static.poder360.com.br\/2022\/06\/seguranca-alimentar-covid-8jun-2022.pdf. Na p\u00e1gina 38, temos a seguinte tabela:<\/p>\n<p>TABELA<\/p>\n<p>Fonte: https:\/\/static.poder360.com.br\/2022\/06\/seguranca-alimentar-covid-8jun-2022.pdf<\/p>\n<p>&#8211; A partir desses dados, reflita e escreva como podemos representar, em um \u00fanico mapa, a situa\u00e7\u00e3o dos \u201cMoradores (mil habitantes)\u201d em um mapa. Voc\u00ea dever\u00e1 escolher muito bem a vari\u00e1vel visual, que dever\u00e1, por sua vez, demonstrar a SA, IA Leve, IA Moderada e IA Grave, em cada uma das macrorregi\u00f5es do pa\u00eds. N\u00e3o \u00e9 necess\u00e1rio produzir o mapa, mas deve-se apresentar qual vari\u00e1vel visual deve ser utilizada e explicar como ficaria o mapa.<\/p>\n<p>&#8211; Ap\u00f3s a reflex\u00e3o, apresente brevemente (cerca de dois par\u00e1grafos) suas considera\u00e7\u00f5es sobre as diferen\u00e7as nas regi\u00f5es quanto a Inseguran\u00e7a Alimentar no Brasil de hoje.<\/p>\n<p><b>PASSO 2 &#8211;\u00a0<\/b><\/p>\n<p>Elaborar uma sequ\u00eancia did\u00e1tica de pelo menos 2 (duas) aulas descrevendo como poderia abordar o tema retorno da fome no Brasil em sala de aula com alunos de uma turma das S\u00e9ries Finais do Ensino Fundamental (6\u00ba ao 9\u00ba ano), pensando sobretudo, na realidade desses alunos.<\/p>\n<p>Lembre-se: uma sequ\u00eancia did\u00e1tica \u00e9 um conjunto planos de aulas, ou seja, uma sucess\u00e3o de atividades ligadas entre si, planejadas para ensinar um determinado conte\u00fado, nesse caso, explicar e analisar o crescimento da fome no Brasil, A sequ\u00eancia did\u00e1tica descreve etapa por etapa e deve ser organizada de acordo com os objetivos que o professor pretende alcan\u00e7ar, envolvendo atividades de aprendizagem e de avalia\u00e7\u00e3o. Para auxili\u00e1-lo, segue um modelo de plano de aula que pode ser utilizado neste passo.<\/p>\n<p><b>PLANO DE AULA<\/b><\/p>\n<p>Identifica\u00e7\u00e3o Disciplina: S\u00e9rie: Turma: N\u00famero de aulas: Tema Assunto que ser\u00e1 desenvolvido. Objetivos Aprendizagens a serem atingidas pelo aluno. Conte\u00fados Listar aqueles que ser\u00e3o abordados. Estrat\u00e9gias De que maneira ser\u00e1 desenvolvida a atividade. Recursos Materiais utilizados. Avalia\u00e7\u00e3o O que ser\u00e1 feito para saber se o aluno compreendeu o conte\u00fado. Refer\u00eancias Embasamento te\u00f3rico do professor.<\/p>\n<p><b>\u00a0OBSERVA\u00c7\u00d5ES:\u00a0<\/b><\/p>\n<p>O trabalho dever\u00e1 conter: &#8211; Introdu\u00e7\u00e3o &#8211; Um texto com os itens indicados no Passo 1 PRODU\u00c7\u00c3O TEXTUAL INTERDISCIPLINAR INDIVIDUAL \u2013 PTI &#8211; Sequ\u00eancia did\u00e1tica indicada no Passo 2 &#8211; Considera\u00e7\u00f5es Finais<\/p>\n<div class=\"elementor-toggle-item\" style=\"box-sizing: border-box;\">\n<h4 id=\"elementor-tab-title-1941\" class=\"elementor-tab-title elementor-active\" style=\"box-sizing: border-box; color: var(--mf-dark-color);\" tabindex=\"0\" role=\"tab\" data-tab=\"1\" aria-controls=\"elementor-tab-content-1941\" aria-expanded=\"true\" aria-selected=\"true\">Como funciona?<\/h4>\n<div id=\"elementor-tab-content-1941\" class=\"elementor-tab-content elementor-clearfix elementor-active\" style=\"box-sizing: border-box;\" role=\"tabpanel\" data-tab=\"1\" aria-labelledby=\"elementor-tab-title-1941\">\n<p style=\"box-sizing: border-box;\">Elaboramos os portf\u00f3lios, j\u00e1 deixamos prontos, nas normas da ABNT e conforme os requisitos da universidade. F\u00e1cil assim! O MELHOR \u00c9 QUE VOC\u00ca COMPRA E J\u00c1 BAIXA NA HORA O SEU ARQUIVO EM WORD! Sabemos que conciliar trabalho, fam\u00edlia, vida profissional e estudos \u00e9 dif\u00edcil hoje em dia, por isso, estamos aqui para ajudar voc\u00ea. Conte com nossa qualidade, experi\u00eancia e profissionalismo adquirindo seu portf\u00f3lio conosco. GARANTIMOS SEU CONCEITO!<\/p>\n<h4 style=\"box-sizing: border-box; color: var(--mf-dark-color);\">Como se realizam os envios?<\/h4>\n<\/div>\n<\/div>\n<div class=\"elementor-toggle-item\" style=\"box-sizing: border-box;\">\n<div id=\"elementor-tab-content-1942\" class=\"elementor-tab-content elementor-clearfix elementor-active\" style=\"box-sizing: border-box;\" role=\"tabpanel\" data-tab=\"2\" aria-labelledby=\"elementor-tab-title-1942\">O seu trabalho \u00e9 disponibilizado pronto, respondido e nas normas j\u00e1 na mesma hora aqui em nosso site na sua \u00e1rea de downloads e tamb\u00e9m no seu e-mail.<\/div>\n<\/div>\n<div class=\"elementor-toggle-item\" style=\"box-sizing: border-box;\">\n<div id=\"elementor-tab-content-1943\" class=\"elementor-tab-content elementor-clearfix elementor-active\" style=\"box-sizing: border-box;\" role=\"tabpanel\" data-tab=\"3\" aria-labelledby=\"elementor-tab-title-1943\">\n<h4 style=\"box-sizing: border-box; color: var(--mf-dark-color);\">Em quanto tempo recebo o portf\u00f3lio?<\/h4>\n<\/div>\n<\/div>\n<div class=\"elementor-toggle-item\" style=\"box-sizing: border-box;\">\n<div id=\"elementor-tab-content-1944\" class=\"elementor-tab-content elementor-clearfix elementor-active\" style=\"box-sizing: border-box;\" role=\"tabpanel\" data-tab=\"4\" aria-labelledby=\"elementor-tab-title-1944\">\n<p style=\"box-sizing: border-box;\">Os envios s\u00e3o imediatos. Ap\u00f3s sua compra, o trabalho j\u00e1 \u00e9 disponibilizado instantaneamente aqui em nosso site e no seu e-mail.<\/p>\n<h4 style=\"box-sizing: border-box; color: var(--mf-dark-color);\">E se o portf\u00f3lio que comprei precisar de corre\u00e7\u00e3o?<\/h4>\n<\/div>\n<\/div>\n<div class=\"elementor-toggle-item\" style=\"box-sizing: border-box;\">\n<div id=\"elementor-tab-content-1945\" class=\"elementor-tab-content elementor-clearfix elementor-active\" style=\"box-sizing: border-box;\" role=\"tabpanel\" data-tab=\"5\" aria-labelledby=\"elementor-tab-title-1945\">\n<p style=\"box-sizing: border-box;\">Caso haja alguma solicita\u00e7\u00e3o de corre\u00e7\u00e3o\/altera\u00e7\u00e3o por parte do tutor, basta entrar em contato conosco pelo\u00a0<a style=\"box-sizing: border-box; background: transparent; transition-property: all;\" href=\"https:\/\/api.whatsapp.com\/send\/?phone=5553984751621&amp;text&amp;app_absent=0\">WhatsApp<\/a>\u00a0que provid\u00eanciaremos sem custo algum.<\/p>\n<h4 style=\"box-sizing: border-box; color: var(--mf-dark-color);\">Qual o formato do arquivo?<\/h4>\n<\/div>\n<\/div>\n<div class=\"elementor-toggle-item\" style=\"box-sizing: border-box;\">\n<div id=\"elementor-tab-content-1946\" class=\"elementor-tab-content elementor-clearfix elementor-active\" style=\"box-sizing: border-box;\" role=\"tabpanel\" data-tab=\"6\" aria-labelledby=\"elementor-tab-title-1946\">\n<p style=\"box-sizing: border-box;\">Os arquivos s\u00e3o enviados em formato Word e s\u00e3o edit\u00e1veis.<\/p>\n<h4 style=\"box-sizing: border-box; color: var(--mf-dark-color);\">Caso eu tiver alguma d\u00favida, terei suporte no p\u00f3s venda?<\/h4>\n<\/div>\n<\/div>\n<div class=\"elementor-toggle-item\" style=\"box-sizing: border-box;\">\n<div id=\"elementor-tab-content-1948\" class=\"elementor-tab-content elementor-clearfix elementor-active\" style=\"box-sizing: border-box;\" role=\"tabpanel\" data-tab=\"8\" aria-labelledby=\"elementor-tab-title-1948\">\n<p style=\"box-sizing: border-box;\">Sim, com certeza. Basta clicar no \u00edcone do WhatsApp no cantinho da tela. Ser\u00e1 um prazer atend\u00ea-lo(a).<\/p>\n<div class=\"elementor-toggle-item\">\n<div id=\"elementor-tab-content-1948\" class=\"elementor-tab-content elementor-clearfix elementor-active\" role=\"tabpanel\" data-tab=\"8\" aria-labelledby=\"elementor-tab-title-1948\">\n<h4>Quais os seus canais de contato?<\/h4>\n<\/div>\n<\/div>\n<div class=\"elementor-toggle-item\">\n<div id=\"elementor-tab-content-1949\" class=\"elementor-tab-content elementor-clearfix elementor-active\" role=\"tabpanel\" data-tab=\"9\" aria-labelledby=\"elementor-tab-title-1949\">\n<p>Whatsapp: 53 984751621 \u2013 Clicar no canto da tela ou ESCANEIE O QRCODE ABAIXO<\/p>\n<p><img decoding=\"async\" class=\"alignnone wp-image-7603\" src=\"http:\/\/portifolioos-prontos.com\/wp-content\/uploads\/2022\/09\/portfolio-unopar-pronto-colaborar-ava-producao-textual-interdisciplinar.png\" alt=\"fome no brasil,portf\u00f3lio fome no brasil,pti fome no brasil,ptg fome no brasil,portf\u00f3lio pronto fome no brasil,portf\u00f3lio unopar fome no brasil,portf\u00f3lio ead fome no brasil,portfolio ead,apostileiros fome no brasil,eadhelp fome no brasil,portf\u00f3lio geografia fome no brasil,portf\u00f3lio anhanguera fome no brasil,portf\u00f3lio pronto unopar fome no brasil,portfolio geografia,portf\u00f3lio geografia,portfolio geografia e historia,portfolio interdisciplinar individual geografia,Portfolio pronto,portifolio pronto,portf\u00f3lio pronto,portifolios prontos,portif\u00f3lios prontos,portf\u00f3lio pronto unopar,portifolio pronto unopar,portif\u00f3lio pronto unopar,portifolios prontos unopar,portifolios prontos anhanguera,portf\u00f3lios prontos anhanguera,portf\u00f3lio pronto anhanguera,portfolios ead,portf\u00f3lios ead,portfolioead,apostileiros,portf\u00f3lio ead,portifolios ead,portif\u00f3lios ead,eadhelp,shop do acad\u00eamico,unopar portfolio,portfolio pronto ead,portfolio unopar ead,ead portfolio ava,portf\u00f3lio ead anhanguera,portf\u00f3lio ead pront,o portf\u00f3lio ead unopar,portf\u00f3lio pronto em word,pti unopar,ptg unopar,modelo de portf\u00f3lio unopar,modelo de portf\u00f3lio anhanguera,como fazer um portf\u00f3lio para faculdade,como faz portf\u00f3lio universidade,como faz portf\u00f3lios para universidade,portf\u00f3lios prontos para universidade,portf\u00f3lios pronto para faculdade,portf\u00f3lio pronto para editar,portifolios prontos para editar,portf\u00f3lio em word,portfolio em word,portf\u00f3lio em word para editar,portifolio em word para editar,portfolio unopar pronto para editar,modelo de portfolio para unopar,modelo de portif\u00f3lio para unopar,modelo de portf\u00f3lio para unopar,unopar portf\u00f3lio pronto,anhanguera portf\u00f3lio pronto,portf\u00f3lio em word pronto,comprar portf\u00f3lio pronto,como fazer um portf\u00f3lio,como fazer portf\u00f3lio digital,portfolio,portf\u00f3lio,portifolio,portif\u00f3lio,portf\u00f3lio interdisciplinar individual,portfolio interdisciplinar individual,exemplos de portf\u00f3lio para faculdade,baixar portf\u00f3lio pronto,portf\u00f3lio acad\u00eamico,portf\u00f3lio online,portfoliooead,portf\u00f3lio pronto interdisciplinar individual,relat\u00f3rio de est\u00e1gio unopar,relat\u00f3rio de est\u00e1gio pronto unopar,como criar um portf\u00f3lio,o que \u00e9 um portf\u00f3lio e como fazer,portfolio exemplo,modelo de portfolio acad\u00eamico,relat\u00f3rio de est\u00e1gio gest\u00e3o escolar pronto unopar,portf\u00f3lio como fazer,prova profici\u00eancia unopar,portfolio individual est\u00e1gio curricular obrigat\u00f3rio ii anos iniciais do ensino fundamental,prova de profici\u00eancia pedagogia unopar,capa de trabalho unopar para editar,portf\u00f3lio acad\u00eamico unopar,como fazer um portf\u00f3lio acad\u00eamico,portf\u00f3lio exemplos word,portfolio acad\u00eamico,portfolio individual,portfolio individual unopar,portfolio individual anhanguera,portfolio marketing digital,portf\u00f3lio educa\u00e7\u00e3o f\u00edsica unopar,portf\u00f3lio gest\u00e3o educacional e espa\u00e7os n\u00e3o escolares,como fazer um portifolio unopar,modelo de portf\u00f3lio unopar em arquivo word,capa de portf\u00f3lio de pedagogia,como fazer um portf\u00f3lio no word,projeto integrado unopar,exemplo de portf\u00f3lio academico pedagogia\" width=\"141\" height=\"141\" srcset=\"https:\/\/portifolioos-prontos.com\/wp-content\/uploads\/2022\/09\/portfolio-unopar-pronto-colaborar-ava-producao-textual-interdisciplinar.png 150w, https:\/\/portifolioos-prontos.com\/wp-content\/uploads\/2022\/09\/portfolio-unopar-pronto-colaborar-ava-producao-textual-interdisciplinar-100x100.png 100w\" sizes=\"(max-width: 141px) 100vw, 141px\" \/><\/p>\n<\/div>\n<\/div>\n<\/div>\n<\/div>\n<div class=\"elementor-toggle-item\" style=\"box-sizing: border-box;\">\n<div id=\"elementor-tab-content-1949\" class=\"elementor-tab-content elementor-clearfix elementor-active\" style=\"box-sizing: border-box;\" role=\"tabpanel\" data-tab=\"9\" aria-labelledby=\"elementor-tab-title-1949\">\n<p style=\"box-sizing: border-box;\">E-mail:portifoliosp@gmail.com<\/p>\n<div id=\"attachment_143\" class=\"wp-caption alignnone\" style=\"box-sizing: border-box; padding: 5px; text-align: center; width: 164px;\">\n<div id=\"attachment_143\" class=\"wp-caption alignnone\" style=\"box-sizing: border-box; padding: 5px; width: 151px;\">\n<p><a style=\"box-sizing: border-box; background: transparent; transition-property: all;\" href=\"http:\/\/portifolioos-prontos.com\/\"><img decoding=\"async\" class=\"alignnone wp-image-143\" style=\"box-sizing: border-box; vertical-align: middle; display: block; width: 151px; margin: 0px;\" title=\"portfolio pronto unopar\" src=\"http:\/\/portifolioos-prontos.com\/wp-content\/uploads\/2022\/04\/conceitomaximo.png\" alt=\"PORTFOLIO PRONTO UNOPAR ANHANGUERA\" width=\"164\" height=\"43\" aria-describedby=\"caption-attachment-143\" \/><\/a><\/p>\n<p id=\"caption-attachment-143\" class=\"wp-caption-text\" style=\"box-sizing: border-box; margin-right: 0px; margin-bottom: 0px; margin-left: 0px; font-size: small; padding: 5px 0px 0px;\">Portf\u00f3lio em Word, respondido, completo e j\u00e1 nas normas.<\/p>\n<\/div>\n<\/div>\n<\/div>\n<\/div>\n","protected":false},"excerpt":{"rendered":"<p>Portf\u00f3lio Fome no Brasil Curso: Geografia Semestre: 3\u00ba\/4\u00ba Prezado (a) aluno (a), Seja bem-vindo (a) a este semestre! A proposta de Produ\u00e7\u00e3o Textual Interdisciplinar Individual (PTI) ter\u00e1 como tem\u00e1tica: Fome no Brasil. Escolhemos esta tem\u00e1tica para possibilitar a aprendizagem interdisciplinar dos conte\u00fados desenvolvidos nas disciplinas desse semestre. Situa\u00e7\u00e3o Geradora de Aprendizagem (SGA) \u00a0 Rosana \u00e9&hellip;<\/p>\n","protected":false},"featured_media":6643,"template":"","meta":{"_seopress_robots_primary_cat":"none","_seopress_titles_title":"%%post_title%% %%sitetitle%%","_seopress_titles_desc":"%%post_content%%","_seopress_robots_index":""},"product_cat":[61,15],"product_tag":[],"class_list":{"0":"post-6384","1":"product","2":"type-product","3":"status-publish","4":"has-post-thumbnail","6":"product_cat-geografia","7":"product_cat-uncategorized","9":"first","10":"instock","11":"downloadable","12":"virtual","13":"purchasable","14":"product-type-simple","15":"col-xs-6 col-sm-4","16":"col-mf-5","17":"un-5-cols"},"jetpack_sharing_enabled":true,"_links":{"self":[{"href":"https:\/\/portifolioos-prontos.com\/index.php\/wp-json\/wp\/v2\/product\/6384","targetHints":{"allow":["GET"]}}],"collection":[{"href":"https:\/\/portifolioos-prontos.com\/index.php\/wp-json\/wp\/v2\/product"}],"about":[{"href":"https:\/\/portifolioos-prontos.com\/index.php\/wp-json\/wp\/v2\/types\/product"}],"version-history":[{"count":0,"href":"https:\/\/portifolioos-prontos.com\/index.php\/wp-json\/wp\/v2\/product\/6384\/revisions"}],"wp:featuredmedia":[{"embeddable":true,"href":"https:\/\/portifolioos-prontos.com\/index.php\/wp-json\/wp\/v2\/media\/6643"}],"wp:attachment":[{"href":"https:\/\/portifolioos-prontos.com\/index.php\/wp-json\/wp\/v2\/media?parent=6384"}],"wp:term":[{"taxonomy":"product_cat","embeddable":true,"href":"https:\/\/portifolioos-prontos.com\/index.php\/wp-json\/wp\/v2\/product_cat?post=6384"},{"taxonomy":"product_tag","embeddable":true,"href":"https:\/\/portifolioos-prontos.com\/index.php\/wp-json\/wp\/v2\/product_tag?post=6384"}],"curies":[{"name":"wp","href":"https:\/\/api.w.org\/{rel}","templated":true}]}}