{"id":6526,"date":"2022-08-09T22:37:53","date_gmt":"2022-08-10T01:37:53","guid":{"rendered":"https:\/\/portifolioos-prontos.com\/?post_type=product&#038;p=6526"},"modified":"2022-09-14T15:12:30","modified_gmt":"2022-09-14T18:12:30","slug":"portfolio-altas-habilidades-superdotacao-ah-sd-identificacao-e-encaminhamentos-no-ambito-escolar","status":"publish","type":"product","link":"https:\/\/portifolioos-prontos.com\/index.php\/product\/portfolio-altas-habilidades-superdotacao-ah-sd-identificacao-e-encaminhamentos-no-ambito-escolar\/","title":{"rendered":"Portf\u00f3lio Altas Habilidades\/Superdota\u00e7\u00e3o (AH\/SD): identifica\u00e7\u00e3o e encaminhamentos no \u00e2mbito escolar"},"content":{"rendered":"<h4>Portf\u00f3lio Altas Habilidades\/Superdota\u00e7\u00e3o (AH\/SD): identifica\u00e7\u00e3o e encaminhamentos no \u00e2mbito escolar<\/h4>\n<h4>Curso: Educa\u00e7\u00e3o Especial Semestre: 5\u00ba<\/h4>\n<p>Prezado aluno(a),<br \/>\nSeja bem-vindo a este semestre!<br \/>\nA proposta de Produ\u00e7\u00e3o Textual ter\u00e1 como tem\u00e1tica: <strong>Altas Habilidades\/Superdota\u00e7\u00e3o<\/strong><br \/>\n<strong>(AH\/SD): identifica\u00e7\u00e3o e encaminhamentos no \u00e2mbito escolar<\/strong>. Escolhemos esta tem\u00e1tica para<br \/>\npossibilitar a aprendizagem interdisciplinar dos conte\u00fados desenvolvidos nas disciplinas desse<br \/>\nsemestre.<br \/>\nInicialmente, \u00e9 importante que voc\u00ea realize a leitura atenta da situa\u00e7\u00e3o descrita para, na<br \/>\nsequ\u00eancia, seguir as orienta\u00e7\u00f5es apresentadas em cada uma das etapas subsequentes de modo a<br \/>\norganizar suas ideias para a conclus\u00e3o deste trabalho.<br \/>\nOs alunos com AH\/SD fazem parte do p\u00fablico-alvo da Educa\u00e7\u00e3o Especial (PAEE) que<br \/>\nnecessitam de uma reorganiza\u00e7\u00e3o do ensino, considerando suas especificidades, para que sua<br \/>\nescolariza\u00e7\u00e3o seja adequada e seu desenvolvimento seja global e pleno. \u00c9 essencial um atendimento<br \/>\ndiferenciado a esses alunos para que seus talentos n\u00e3o sejam desperdi\u00e7ados.<\/p>\n<p>Trabalhar a tem\u00e1tica das Altas habilidades\/Superdota\u00e7\u00e3o (AH\/SD) \u00e9 importante, pois fornece<br \/>\ninstrumentos de compreens\u00e3o a respeito dessa popula\u00e7\u00e3o, uma vez que, estima-se que no Brasil haja<br \/>\ncerca de 2,5 milh\u00f5es de estudantes com AH\/SD inseridos na educa\u00e7\u00e3o b\u00e1sica (BRANCO et al.,2017).<br \/>\nA concep\u00e7\u00e3o de AH\/SD utilizada pelo MEC, conforme a Pol\u00edtica Nacional de Educa\u00e7\u00e3o Especial<br \/>\nna Perspectiva da Educa\u00e7\u00e3o Inclusiva (BRASIL, 2008, p.9) considera crian\u00e7as superdotadas e<br \/>\ntalentosas as que apresentam not\u00e1vel desempenho e elevada potencialidade nas seguintes \u00e1reas,<br \/>\nisoladas ou combinadas: intelectual, acad\u00eamica, lideran\u00e7a, psicomotora e artes. Tamb\u00e9m apresenta<br \/>\nelevada criatividade, grande envolvimento na aprendizagem e realiza\u00e7\u00e3o de tarefas em \u00e1reas de seu<br \/>\ninteresse.<br \/>\nDe acordo com os princ\u00edpios derivados da Lei das Probabilidades, h\u00e1 uma previs\u00e3o de um<br \/>\npercentual estimado entre 3 a 5% da popula\u00e7\u00e3o mundial com AH\/SD. Isso levando-se em<br \/>\nconsidera\u00e7\u00e3o a avalia\u00e7\u00e3o por meio de testes de QI (quociente de intelig\u00eancia) ou de desempenho<br \/>\nacad\u00eamico, os quais identificam habilidade acima da m\u00e9dia em algumas \u00e1reas, como lingu\u00edstica,<br \/>\nl\u00f3gico-matem\u00e1tica e espacial, por exemplo. Mas estes, n\u00e3o avaliam as habilidades f\u00edsicas, art\u00edsticas,<br \/>\npsicomotoras e de lideran\u00e7a. Tamb\u00e9m n\u00e3o detectam o envolvimento na aprendizagem e a<br \/>\ncriatividade. Se esses elementos forem considerados, o percentual pode ser ampliado para 15 a 20%<br \/>\nda popula\u00e7\u00e3o mundial (VIRGOLIM, 2007).<br \/>\nDesta forma, quando os estudantes superdotados n\u00e3o s\u00e3o identificados, n\u00e3o recebem<br \/>\norienta\u00e7\u00f5es necess\u00e1rias quanto ao reconhecimento e desenvolvimento de suas potencialidades,<br \/>\nacabando por ficarem no anonimato.<br \/>\nAssim, este trabalho visa apontar a import\u00e2ncia de os professores conseguirem realizar as<br \/>\nidentifica\u00e7\u00f5es e encaminhamentos dos estudantes com caracter\u00edsticas de AH\/SD, valorizando suas<br \/>\ndiferen\u00e7as no contexto escolar e possibilitando pensar uma educa\u00e7\u00e3o para todos, em que o processo<br \/>\nde inclus\u00e3o, as pr\u00e1ticas pedag\u00f3gicas e as pol\u00edticas p\u00fablicas busquem a contribui\u00e7\u00e3o ativa de cada<br \/>\naluno.<br \/>\nA partir do que foi exposto, prossiga para a leitura e interpreta\u00e7\u00e3o da Situa\u00e7\u00e3o Geradora de<br \/>\nAprendizagem.<\/p>\n<p><strong>SITUA\u00c7\u00c3O GERADORA DE APRENDIZAGEM (SGA)<\/strong><\/p>\n<p>Fabiane atua h\u00e1 dez anos como professora dos anos iniciais do Ensino Fundamental, em um<br \/>\ncol\u00e9gio municipal, de sua cidade. A professora, acreditava que nunca tinha encontrado um \u201cg\u00eanio\u201d,<br \/>\num(a) superdotado(a) e nem conseguia pensar em nenhum dos seus alunos como pessoas com<br \/>\nAH\/SD. Mas durante um congresso teve contato com o tema das Altas Habilidades\/Superdota\u00e7\u00e3o:<br \/>\naprendeu sobre esse conceito, suas caracter\u00edsticas, seus amparos legais e pode entender melhor o<br \/>\nassunto.<br \/>\nDessa forma, compreendeu que segundo o te\u00f3rico Gardner (1995) n\u00f3s temos 8 Intelig\u00eancias<br \/>\nM\u00faltiplas, que s\u00e3o: lingu\u00edstica, logico-matem\u00e1tica, espacial, interpessoal, intrapessoal, naturalista,<br \/>\nmusical e corporal-cinest\u00e9sica. Ela compreendeu tamb\u00e9m que a pessoa com AH\/SD pode<br \/>\ndesenvolver e expressarsua intelig\u00eancia de maneira isolada ou combinadas(mais de uma). Aprendeu<br \/>\nque os superdotados t\u00eam racioc\u00ednios e aprendizagens r\u00e1pidas, s\u00e3o curiosos e pesquisadores natos.<br \/>\nPara a inclus\u00e3o escolar do aluno com AH\/SD \u00e9 imprescind\u00edvel que ocorram mudan\u00e7as quanto<br \/>\nao enriquecimento curricular e \u00e0 cria\u00e7\u00e3o de estrat\u00e9gias inclusivas, desde a reelabora\u00e7\u00e3o do projeto<br \/>\npol\u00edtico pedag\u00f3gico da escola at\u00e9 a forma\u00e7\u00e3o do educador (atenta-se \u00e0 import\u00e2ncia da forma\u00e7\u00e3o<br \/>\ncontinuada dos docentes para sua pr\u00e1tica e identidade profissional). A inclus\u00e3o come\u00e7a na<br \/>\nconscientiza\u00e7\u00e3o do educador, para uma melhor efetiva\u00e7\u00e3o da sua pr\u00e1tica pedag\u00f3gica, impactando no<br \/>\nprocesso de ensino-aprendizagem e objetivando uma escola aberta \u00e0 diversidade e ao<br \/>\ndesenvolvimento integral do aluno.<br \/>\nSITUA\u00c7\u00c3O-PROBLEMA (SP)<br \/>\nA professora Fabiane que ministra aulas em uma turma de alfabetiza\u00e7\u00e3o, come\u00e7ou a se<br \/>\nPRODU\u00c7\u00c3O TEXTUAL<br \/>\nINTERDISCIPLINAR<br \/>\nINDIVIDUAL \u2013 PTI<br \/>\npreocupar com uma aluna em particular que chamava sua aten\u00e7\u00e3o. A professora foi informada no<br \/>\nin\u00edcio do ano que a aluna Vanessa j\u00e1 estava alfabetizada, apresentando um padr\u00e3o de leitura e escrita<br \/>\nmuito avan\u00e7ado para a sua idade. Segundo a fam\u00edlia, a crian\u00e7a j\u00e1 sabia ler e escrever aos quatro anos<br \/>\nde idade, sem que houvesse um processo sistem\u00e1tico de ensino.<br \/>\nFabiane percebeu que a aluna apresentava certa dificuldade em matem\u00e1tica, isolamento<br \/>\nsocial, ficando sozinha no intervalo e com dificuldades em fazer trabalhos coletivos.<br \/>\nSua preocupa\u00e7\u00e3o foi compartilhada tamb\u00e9m por outros professores, por isso a coordena\u00e7\u00e3o<br \/>\nchamou os pais de Vanessa para conversar. Durante a conversa, Fabiane come\u00e7ou a relembrar do<br \/>\nque aprendeu no congresso e a questionar se sua aluna seria superdotada. Diante desse fato,<br \/>\nsentindo-se um pouco insegura com a situa\u00e7\u00e3o, come\u00e7ou a refletir: Como, de fato, podemos<br \/>\nencaminhar essa aluna para efetivamente saber se \u00e9 superdotada? Caso tenha AH\/SD ela ter\u00e1 que<br \/>\n\u201cpular\u201d de ano no ensino fundamental? O que fazer, enquanto docente, para auxiliar no<br \/>\naprimoramento das habilidades da aluna?<br \/>\nAsinforma\u00e7\u00f5es discutidas trazem \u00e0 tona a necessidade da escola estar ciente do seu processo<br \/>\nna forma\u00e7\u00e3o docente para a tem\u00e1tica das AH\/SD, al\u00e9m de ofertar atividades, programas, e<br \/>\nencaminhamentos corretos que atinjam esse p\u00fablico, no intuito de fortalecer os processos de<br \/>\ninclus\u00e3o, respeito \u00e0s diversidades e gerir uma escola democr\u00e1tica e para todos.<br \/>\nDesta forma, seu trabalho aqui, ser\u00e1 desenvolver uma produ\u00e7\u00e3o textual, com base nas<br \/>\nperguntas que nortear\u00e3o seu texto, a partir do tema: Altas Habilidades\/Superdota\u00e7\u00e3o: identifica\u00e7\u00e3o<br \/>\ne encaminhamentos no \u00e2mbito escolar.<br \/>\nORIENTA\u00c7\u00d5ES PARA A EXECU\u00c7\u00c3O DO TRABALHO<br \/>\nA produ\u00e7\u00e3o textual deve ser organizada por meio dos seguintes itens, a serem considerados<br \/>\npelo acad\u00eamico:<br \/>\n1\u00ba) Realiza\u00e7\u00e3o da leitura dos textos sugeridos abaixo. Al\u00e9m dessas sugest\u00f5es, o acad\u00eamico<br \/>\ntamb\u00e9m poder\u00e1 utilizar para a elabora\u00e7\u00e3o da produ\u00e7\u00e3o textual os materiais disponibilizados pelas<br \/>\ndisciplinas do semestre:<br \/>\nPRODU\u00c7\u00c3O TEXTUAL<br \/>\nINTERDISCIPLINAR<br \/>\nINDIVIDUAL \u2013 PTI<br \/>\nTexto 1: ANTIPOFF, C. A.; CAMPOS, R. H. de F. Superdota\u00e7\u00e3o e seus mitos. Revista Semestral da<br \/>\nAssocia\u00e7\u00e3o Brasileira de Psicologia Escolar e Educacional, SP. Volume 14, N\u00famero 2, Julho\/Dezembro<br \/>\nde 2010: 301-309. Dispon\u00edvel em:<br \/>\nhttps:\/\/www.scielo.br\/j\/pee\/a\/cFcPTS7QRGqk9mKZsW5tWVz\/?format=pdf&amp;lang=pt. Acesso em: 26<br \/>\njun. 2022.<br \/>\nTexto 2: BRANCO, A. P. S. C.; TASSINARI, A. M.; CONTI, L. M. C.; ALMEIDA, M. A. Breve hist\u00f3rico acerca<br \/>\ndas altas habilidades\/ superdota\u00e7\u00e3o: pol\u00edticas e instrumentos para a identifica\u00e7\u00e3o. Educa\u00e7\u00e3o,<br \/>\nBatatais, v. 7, n. 2, p. 23-41, jan.\/jun. 2017. Dispon\u00edvel em:<br \/>\nhttps:\/\/www.gastaoguimaraes.com.br\/site\/wp-content\/uploads\/2019\/12\/TEXTO-7-Brevehist%C3%B3rico-acerca-das-altas-habilidades-superdota%C3%A7%C3%A3o.pdf. Acesso em: 26<br \/>\njunho. 2022.<br \/>\nTexto 3: BROGNOLI, Maicol de Oliveira. SANTOS, S\u00f4nia Alves dos. Altas Habilidades\/Superdota\u00e7\u00e3o<br \/>\n(AH\/SD) e o Atendimento Educacional Especializado (AEE). Revista Cient\u00edfica Multidisciplinar N\u00facleo<br \/>\ndo Conhecimento. Ano 05, Ed. 11, Vol. 12, pp. 105-116. Novembro de 2020. Dispon\u00edvel em:<br \/>\nhttps:\/\/www.nucleodoconhecimento.com.br\/psicologia\/superdotacao. Acesso em: 24 jun. 2022.<br \/>\n2\u00ba) Elaborar a Introdu\u00e7\u00e3o da produ\u00e7\u00e3o textual. Neste t\u00f3pico voc\u00ea dever\u00e1 fazer, com at\u00e9 uma<br \/>\np\u00e1gina, a apresenta\u00e7\u00e3o sobre o que ser\u00e1 abordado no trabalho, expor os objetivos e a import\u00e2ncia de<br \/>\nsua realiza\u00e7\u00e3o.<br \/>\n3\u00ba) Para o Desenvolvimento do trabalho, voc\u00ea deve elaborar um texto entre 3 a 4 p\u00e1ginas<br \/>\nrespondendo \u00e0s quest\u00f5es reflexivas propostas na situa\u00e7\u00e3o problema. Esta etapa n\u00e3o deve ser<br \/>\nelaborada em formato de pergunta e resposta, mas deve ser redigida por meio de um texto que<br \/>\nexplore o conte\u00fado de modo integrado.<br \/>\nO desenvolvimento da produ\u00e7\u00e3o textual \u00e9 a parte dos elementos-textuais na qual se<br \/>\nconcentram a fundamenta\u00e7\u00e3o te\u00f3rica, a apresenta\u00e7\u00e3o dos dados coletados pelo autor e o<br \/>\ndesenvolvimento das ideias. \u00c9 importante ser o mais preciso e claro poss\u00edvel. Nesta etapa as ideias<br \/>\nPRODU\u00c7\u00c3O TEXTUAL<br \/>\nINTERDISCIPLINAR<br \/>\nINDIVIDUAL \u2013 PTI<br \/>\npodem ser explicadas com calma e em detalhes, para que o entendimento dos leitores seja o m\u00e1ximo<br \/>\nposs\u00edvel. Lembre-se: o trabalho dever\u00e1 ter coes\u00e3o, portanto, deve apresentar uma discuss\u00e3o ao inv\u00e9s<br \/>\nde respostas diretas.<br \/>\nA seguir s\u00e3o apresentadas mais algumas quest\u00f5es que devem ser usadas para nortear a<br \/>\nprodu\u00e7\u00e3o do texto. Mas lembre-se, o seu texto n\u00e3o deve ser apresentado em forma de perguntas e<br \/>\nrespostas.<br \/>\n1) Qual tipo de superdota\u00e7\u00e3o, de acordo com a teoria das intelig\u00eancias m\u00faltiplas de<br \/>\nGardner, voc\u00ea Vanessa tem? Explique as caracter\u00edsticas deste tipo de superdota\u00e7\u00e3o e d\u00ea exemplos<br \/>\nde acordo com a situa\u00e7\u00e3o-problema citada.<br \/>\n2) De acordo com Branco et al. (2017), como deve ser feita a avalia\u00e7\u00e3o para identificar se o<br \/>\naluno tem AH\/SD? Cabe aos professores observar os sinais e os indicadores de AH\/SD e identific\u00e1los? Se sim, quais s\u00e3o os meios para realizar esta identifica\u00e7\u00e3o?<br \/>\n3) Ap\u00f3s a identifica\u00e7\u00e3o de comportamentos de superdota\u00e7\u00e3o, qual deve ser o<br \/>\nencaminhamento do aluno? Ele tem direito ao atendimento educacional especializado, cite e<br \/>\nexplique quais s\u00e3o esses atendimentos.<br \/>\n4\u00ba) Para finalizar, voc\u00ea dever\u00e1 fazer suas Considera\u00e7\u00f5es finais, em at\u00e9 1 p\u00e1gina apresentando<br \/>\na conclus\u00e3o do seu trabalho, sintetizando os elementos discutidos no seu texto. Manifeste o seu<br \/>\nponto de vista e opini\u00e3o sobre o assunto trabalhado, fundamentados nas refer\u00eancias bibliogr\u00e1ficas.<br \/>\nApresente tamb\u00e9m as contribui\u00e7\u00f5es que o trabalho trouxe para o seu aprendizado.<br \/>\n5\u00ba) Refer\u00eancias: N\u00e3o se esque\u00e7a de listar todos os autores e materiais que utilizou para<br \/>\ndesenvolver o trabalho.<br \/>\nNORMAS PARA ELABORA\u00c7\u00c3O<\/p>\n<div class=\"elementor-toggle-item\">\n<div id=\"elementor-tab-content-1941\" class=\"elementor-tab-content elementor-clearfix elementor-active\" role=\"tabpanel\" data-tab=\"1\" aria-labelledby=\"elementor-tab-title-1941\">\n<h4>Como se realizam os envios?<\/h4>\n<\/div>\n<\/div>\n<div class=\"elementor-toggle-item\">\n<div id=\"elementor-tab-content-1942\" class=\"elementor-tab-content elementor-clearfix elementor-active\" role=\"tabpanel\" data-tab=\"2\" aria-labelledby=\"elementor-tab-title-1942\">O seu trabalho \u00e9 disponibilizado pronto, respondido e nas normas j\u00e1 na mesma hora aqui em nosso site na sua \u00e1rea de downloads e tamb\u00e9m no seu e-mail.<\/div>\n<\/div>\n<div class=\"elementor-toggle-item\">\n<div id=\"elementor-tab-content-1943\" class=\"elementor-tab-content elementor-clearfix elementor-active\" role=\"tabpanel\" data-tab=\"3\" aria-labelledby=\"elementor-tab-title-1943\">\n<h4>Em quanto tempo recebo o portf\u00f3lio?<\/h4>\n<\/div>\n<\/div>\n<div class=\"elementor-toggle-item\">\n<div id=\"elementor-tab-content-1944\" class=\"elementor-tab-content elementor-clearfix elementor-active\" role=\"tabpanel\" data-tab=\"4\" aria-labelledby=\"elementor-tab-title-1944\">\n<p>Os envios s\u00e3o imediatos. Ap\u00f3s sua compra, o trabalho j\u00e1 \u00e9 disponibilizado instantaneamente aqui em nosso site e no seu e-mail.<\/p>\n<h4>E se o portf\u00f3lio que comprei precisar de corre\u00e7\u00e3o?<\/h4>\n<\/div>\n<\/div>\n<div class=\"elementor-toggle-item\">\n<div id=\"elementor-tab-content-1945\" class=\"elementor-tab-content elementor-clearfix elementor-active\" role=\"tabpanel\" data-tab=\"5\" aria-labelledby=\"elementor-tab-title-1945\">\n<p>Caso haja alguma solicita\u00e7\u00e3o de corre\u00e7\u00e3o\/altera\u00e7\u00e3o por parte do tutor, basta entrar em contato conosco pelo\u00a0<a href=\"https:\/\/api.whatsapp.com\/send\/?phone=5553984751621&amp;text&amp;app_absent=0\">WhatsApp<\/a>\u00a0que provid\u00eanciaremos sem custo algum.<\/p>\n<h4>Qual o formato do arquivo?<\/h4>\n<\/div>\n<\/div>\n<div class=\"elementor-toggle-item\">\n<div id=\"elementor-tab-content-1946\" class=\"elementor-tab-content elementor-clearfix elementor-active\" role=\"tabpanel\" data-tab=\"6\" aria-labelledby=\"elementor-tab-title-1946\">\n<p>Os arquivos s\u00e3o enviados em formato Word e s\u00e3o edit\u00e1veis.<\/p>\n<h4>Caso eu tiver alguma d\u00favida, terei suporte no p\u00f3s venda?<\/h4>\n<\/div>\n<\/div>\n<div class=\"elementor-toggle-item\">\n<div id=\"elementor-tab-content-1948\" class=\"elementor-tab-content elementor-clearfix elementor-active\" role=\"tabpanel\" data-tab=\"8\" aria-labelledby=\"elementor-tab-title-1948\">\n<p>Sim, com certeza. Basta clicar no \u00edcone do WhatsApp no cantinho da tela. Ser\u00e1 um prazer atend\u00ea-lo(a).<\/p>\n<div class=\"elementor-toggle-item\">\n<div id=\"elementor-tab-content-1948\" class=\"elementor-tab-content elementor-clearfix elementor-active\" role=\"tabpanel\" data-tab=\"8\" aria-labelledby=\"elementor-tab-title-1948\">\n<h4>Quais os seus canais de contato?<\/h4>\n<\/div>\n<\/div>\n<div class=\"elementor-toggle-item\">\n<div id=\"elementor-tab-content-1949\" class=\"elementor-tab-content elementor-clearfix elementor-active\" role=\"tabpanel\" data-tab=\"9\" aria-labelledby=\"elementor-tab-title-1949\">\n<p>Whatsapp: 53 984751621 \u2013 Clicar no canto da tela ou ESCANEIE O QRCODE ABAIXO<\/p>\n<p><img decoding=\"async\" class=\"alignnone wp-image-7603\" src=\"http:\/\/portifolioos-prontos.com\/wp-content\/uploads\/2022\/09\/portfolio-unopar-pronto-colaborar-ava-producao-textual-interdisciplinar.png\" alt=\"Altas Habilidades\/Superdota\u00e7\u00e3o (AH\/SD): identifica\u00e7\u00e3o e encaminhamentos no \u00e2mbito escolar,Altas Habilidades\/Superdota\u00e7\u00e3o (AH\/SD),portf\u00f3lio\u00a0Altas Habilidades\/Superdota\u00e7\u00e3o (AH\/SD): identifica\u00e7\u00e3o e encaminhamentos no \u00e2mbito escolar,trabalho educa\u00e7\u00e3o fisica,portf\u00f3lio educa\u00e7\u00e3o f\u00edsica,portf\u00f3lio educa\u00e7\u00e3o f\u00edsica\u00a0Altas Habilidades\/Superdota\u00e7\u00e3o (AH\/SD): identifica\u00e7\u00e3o e encaminhamentos no \u00e2mbito escolar,portf\u00f3lio educa\u00e7\u00e3o fisica,portfolio educa\u00e7\u00e3o fisica,portfolio educa\u00e7\u00e3o fisica uninter,portfolio de educa\u00e7\u00e3o fisica pronto,portfolio interdisciplinar individual educa\u00e7\u00e3o fisica,portfolio de estagio educa\u00e7\u00e3o fisica unopar,portfolio interdisciplinar em grupo educa\u00e7\u00e3o fisica,Portfolio pronto,portifolio pronto,portf\u00f3lio pronto,portifolios prontos,portif\u00f3lios prontos,portf\u00f3lio pronto unopar,portifolio pronto unopar,portif\u00f3lio pronto unopar,portifolios prontos unopar,portifolios prontos anhanguera,portf\u00f3lios prontos anhanguera,portf\u00f3lio pronto anhanguera,portfolios ead,portf\u00f3lios ead,portfolioead,apostileiros,portf\u00f3lio ead,portifolios ead,portif\u00f3lios ead,eadhelp,shop do acad\u00eamico,unopar portfolio,portfolio pronto ead,portfolio unopar ead,ead portfolio ava,portf\u00f3lio ead anhanguera,portf\u00f3lio ead pront,o portf\u00f3lio ead unopar,portf\u00f3lio pronto em word,pti unopar,ptg unopar,modelo de portf\u00f3lio unopar,modelo de portf\u00f3lio anhanguera,como fazer um portf\u00f3lio para faculdade,como faz portf\u00f3lio universidade,como faz portf\u00f3lios para universidade,portf\u00f3lios prontos para universidade,portf\u00f3lios pronto para faculdade,portf\u00f3lio pronto para editar,portifolios prontos para editar,portf\u00f3lio em word,portfolio em word,portf\u00f3lio em word para editar,portifolio em word para editar,portfolio unopar pronto para editar,modelo de portfolio para unopar,modelo de portif\u00f3lio para unopar,modelo de portf\u00f3lio para unopar,unopar portf\u00f3lio pronto,anhanguera portf\u00f3lio pronto,portf\u00f3lio em word pronto,comprar portf\u00f3lio pronto,como fazer um portf\u00f3lio,como fazer portf\u00f3lio digital,portfolio,portf\u00f3lio,portifolio,portif\u00f3lio,portf\u00f3lio interdisciplinar individual,portfolio interdisciplinar individual,exemplos de portf\u00f3lio para faculdade,baixar portf\u00f3lio pronto,portf\u00f3lio acad\u00eamico,portf\u00f3lio online,portfoliooead,portfolio ead,portf\u00f3lio pronto interdisciplinar individual,relat\u00f3rio de est\u00e1gio unopar,relat\u00f3rio de est\u00e1gio pronto unopar,como criar um portf\u00f3lio,o que \u00e9 um portf\u00f3lio e como fazer,portfolio exemplo,modelo de portfolio acad\u00eamico,relat\u00f3rio de est\u00e1gio gest\u00e3o escolar pronto unopar,portf\u00f3lio como fazer,prova profici\u00eancia unopar,portfolio individual est\u00e1gio curricular obrigat\u00f3rio ii anos iniciais do ensino fundamental,prova de profici\u00eancia pedagogia unopar,capa de trabalho unopar para editar,portf\u00f3lio acad\u00eamico unopar,como fazer um portf\u00f3lio acad\u00eamico,portf\u00f3lio exemplos word,portfolio acad\u00eamico,portfolio individual,portfolio individual unopar,portfolio individual anhanguera,portfolio marketing digital,portf\u00f3lio educa\u00e7\u00e3o f\u00edsica unopar,portf\u00f3lio gest\u00e3o educacional e espa\u00e7os n\u00e3o escolares,como fazer um portifolio unopar,modelo de portf\u00f3lio unopar em arquivo word,capa de portf\u00f3lio de pedagogia,como fazer um portf\u00f3lio no word,projeto integrado unopar,exemplo de portf\u00f3lio academico pedagogia\" width=\"141\" height=\"141\" srcset=\"https:\/\/portifolioos-prontos.com\/wp-content\/uploads\/2022\/09\/portfolio-unopar-pronto-colaborar-ava-producao-textual-interdisciplinar.png 150w, https:\/\/portifolioos-prontos.com\/wp-content\/uploads\/2022\/09\/portfolio-unopar-pronto-colaborar-ava-producao-textual-interdisciplinar-100x100.png 100w\" sizes=\"(max-width: 141px) 100vw, 141px\" \/><\/p>\n<\/div>\n<\/div>\n<\/div>\n<\/div>\n<div class=\"elementor-toggle-item\">\n<div id=\"elementor-tab-content-1949\" class=\"elementor-tab-content elementor-clearfix elementor-active\" role=\"tabpanel\" data-tab=\"9\" aria-labelledby=\"elementor-tab-title-1949\">\n<p>E-mail:portifoliosp@gmail.com<\/p>\n<div id=\"attachment_143\" class=\"wp-caption alignnone\">\n<div id=\"attachment_143\" class=\"wp-caption alignnone\" style=\"width: 157px;\">\n<p><a href=\"http:\/\/portifolioos-prontos.com\/\"><img decoding=\"async\" class=\"wp-image-143\" title=\"portfolio pronto unopar\" src=\"http:\/\/portifolioos-prontos.com\/wp-content\/uploads\/2022\/04\/conceitomaximo.png\" alt=\"PORTFOLIO PRONTO UNOPAR ANHANGUERA\" width=\"157\" height=\"45\" aria-describedby=\"caption-attachment-143\" \/><\/a><\/p>\n<p id=\"caption-attachment-143\" class=\"wp-caption-text\">Portf\u00f3lio em Word, respondido, completo e j\u00e1 nas normas.<\/p>\n<\/div>\n<\/div>\n<\/div>\n<\/div>\n<p>&nbsp;<\/p>\n","protected":false},"excerpt":{"rendered":"<p>Portf\u00f3lio Altas Habilidades\/Superdota\u00e7\u00e3o (AH\/SD): identifica\u00e7\u00e3o e encaminhamentos no \u00e2mbito escolar Curso: Educa\u00e7\u00e3o Especial Semestre: 5\u00ba Prezado aluno(a), Seja bem-vindo a este semestre! A proposta de Produ\u00e7\u00e3o Textual ter\u00e1 como tem\u00e1tica: Altas Habilidades\/Superdota\u00e7\u00e3o (AH\/SD): identifica\u00e7\u00e3o e encaminhamentos no \u00e2mbito escolar. Escolhemos esta tem\u00e1tica para possibilitar a aprendizagem interdisciplinar dos conte\u00fados desenvolvidos nas disciplinas desse semestre. Inicialmente,&hellip;<\/p>\n","protected":false},"featured_media":6574,"template":"","meta":{"_seopress_robots_primary_cat":"none","_seopress_titles_title":"%%post_title%% %%sitetitle%%","_seopress_titles_desc":"%%post_content%%","_seopress_robots_index":""},"product_cat":[47,15],"product_tag":[],"class_list":{"0":"post-6526","1":"product","2":"type-product","3":"status-publish","4":"has-post-thumbnail","6":"product_cat-licenciaturas","7":"product_cat-uncategorized","9":"first","10":"instock","11":"downloadable","12":"virtual","13":"purchasable","14":"product-type-simple","15":"col-xs-6 col-sm-4","16":"col-mf-5","17":"un-5-cols"},"jetpack_sharing_enabled":true,"_links":{"self":[{"href":"https:\/\/portifolioos-prontos.com\/index.php\/wp-json\/wp\/v2\/product\/6526","targetHints":{"allow":["GET"]}}],"collection":[{"href":"https:\/\/portifolioos-prontos.com\/index.php\/wp-json\/wp\/v2\/product"}],"about":[{"href":"https:\/\/portifolioos-prontos.com\/index.php\/wp-json\/wp\/v2\/types\/product"}],"version-history":[{"count":0,"href":"https:\/\/portifolioos-prontos.com\/index.php\/wp-json\/wp\/v2\/product\/6526\/revisions"}],"wp:featuredmedia":[{"embeddable":true,"href":"https:\/\/portifolioos-prontos.com\/index.php\/wp-json\/wp\/v2\/media\/6574"}],"wp:attachment":[{"href":"https:\/\/portifolioos-prontos.com\/index.php\/wp-json\/wp\/v2\/media?parent=6526"}],"wp:term":[{"taxonomy":"product_cat","embeddable":true,"href":"https:\/\/portifolioos-prontos.com\/index.php\/wp-json\/wp\/v2\/product_cat?post=6526"},{"taxonomy":"product_tag","embeddable":true,"href":"https:\/\/portifolioos-prontos.com\/index.php\/wp-json\/wp\/v2\/product_tag?post=6526"}],"curies":[{"name":"wp","href":"https:\/\/api.w.org\/{rel}","templated":true}]}}