{"id":6698,"date":"2022-08-13T12:43:34","date_gmt":"2022-08-13T15:43:34","guid":{"rendered":"https:\/\/portifolioos-prontos.com\/?post_type=product&#038;p=6698"},"modified":"2022-09-26T16:20:11","modified_gmt":"2022-09-26T19:20:11","slug":"portfolio-turismo-na-melhor-idade","status":"publish","type":"product","link":"https:\/\/portifolioos-prontos.com\/index.php\/product\/portfolio-turismo-na-melhor-idade\/","title":{"rendered":"Portf\u00f3lio Turismo na melhor idade"},"content":{"rendered":"<h4>Portf\u00f3lio Turismo na melhor idade 2022-2<\/h4>\n<h4>Curso: Tecnologia em Gest\u00e3o de Turismo<\/h4>\n<h4>Semestre: 3\u00b0\/4\u00b0<\/h4>\n<p>Disciplinas:<\/p>\n<p>\u2022 Ingl\u00eas Aplicado ao Turismo e Hotelaria<br \/>\n\u2022 Sistemas de Transporte<br \/>\n\u2022 Mercado de Ag\u00eancias de Turismo<br \/>\n\u2022 Gest\u00e3o do Lazer, Recrea\u00e7\u00e3o e Entretenimento<br \/>\n\u2022 Turismo e Hospitalidade de Eventos<\/p>\n<hr \/>\n<p>Seja bem-vindo a este semestre! A proposta da Produ\u00e7\u00e3o Textual Interdisciplinar Individual<br \/>\n(PTI) ter\u00e1 como tem\u00e1tica: <strong>\u201cTurismo na melhor idade\u201d<\/strong>. Esta tem\u00e1tica possibilita a aprendizagem<br \/>\ninterdisciplinar, considerando as diversas disciplinas do semestre, com o objetivo de desenvolver<br \/>\na\u00e7\u00f5es referente \u00e0 \u00e1rea de atua\u00e7\u00e3o.<\/p>\n<p>Situa\u00e7\u00e3o Geradora de Aprendizagem (SGA)<\/p>\n<p>Agnes possui uma Ag\u00eancia de Viagens em sua cidade, a \u201cVamos com Voc\u00ea\u201d (VCV). Sua<br \/>\nag\u00eancia \u00e9 antiga, com mais de 15 anos de atua\u00e7\u00e3o, e est\u00e1 localizada na cidade de Agulinhas, de<br \/>\naproximadamente 250 mil habitantes, a 130 km da cidade de S\u00e3o Paulo (SP).<br \/>\nA cidade foi um polo t\u00eaxtil, com muitas empresas de tecido e costura, contudo, com a<br \/>\nprodu\u00e7\u00e3o mais mecanizada, muitas empresas sa\u00edram de Agulinhas levando com elas muitos jovens<br \/>\nem busca de melhores condi\u00e7\u00f5es de trabalho.<br \/>\nAtualmente, Agulinhas vive de um com\u00e9rcio forte e da agricultura, com algumas ind\u00fastrias<br \/>\nde gr\u00e3os na regi\u00e3o. Com o tempo, Agnes viu sua clientela diminuir. A popula\u00e7\u00e3o que optava por<br \/>\ncontinuar em Agulinhas era nascida ali, vivendo por anos e, por ser uma cidade calma, gostaria de<br \/>\nenvelhecer na cidade, com a qualidade de vida por ela oferecida.<br \/>\nFoi a\u00ed que Agnes viu que precisava inovar e adequar melhor seus produtos e servi\u00e7os ao<br \/>\np\u00fablico-alvo de sua cidade. Percebendo que a cidade possui moradores antigos, muitos com mais de<br \/>\n60 anos, teve a ideia de elaborar um pacote tur\u00edstico para a cidade de Roma, na It\u00e1lia.<\/p>\n<p>PRODU\u00c7\u00c3O TEXTUAL<br \/>\nINTERDISCIPLINAR<br \/>\nINDIVIDUAL \u2013 PTI<\/p>\n<p>Tecnologia em Gest\u00e3o de Turismo<\/p>\n<p>A proposta \u00e9 apresentar os pontos tur\u00edsticos da capital italiana, como o Vaticano, com<br \/>\ntranslado a\u00e9reo. Ainda, haver\u00e1 um guia tur\u00edstico que acompanhar\u00e1 os viajantes brasileiros e dar\u00e1<br \/>\ntoda a assist\u00eancia necess\u00e1ria de acordo com suas necessidades.<\/p>\n<p>Desafios Propostos<\/p>\n<p>Atividade 1 \u2013 Sistemas de Transporte<\/p>\n<p>A ag\u00eancia de Agnes, a VCV, com o objetivo de alavancar o faturamento est\u00e1 planejando um<br \/>\nroteiro especializado em pessoas da terceira idade, com visitas \u00e0 Roma e ao Vaticano, e demais<br \/>\npasseios em pontos tur\u00edsticos locais relevantes. Por se tratar de um novo servi\u00e7o, Agnes precisa de<br \/>\nsua ajuda para planejar o deslocamento do grupo com seguran\u00e7a e conforto.<br \/>\nSua miss\u00e3o \u00e9 planejar a log\u00edstica da viagem desde os meios de transportes prim\u00e1rios e<br \/>\nsecund\u00e1rios, bem como determinar os roteiros de visitas e o modo de transporte para deslocamento.<br \/>\nPor se tratar de um grupo que necessita de aten\u00e7\u00e3o especial, principalmente em rela\u00e7\u00e3o \u00e0<br \/>\nlocomo\u00e7\u00e3o, faz-se necess\u00e1rio um planejamento cuidadoso em rela\u00e7\u00e3o aos meios de transportes e<br \/>\nroteiros de visita\u00e7\u00e3o.<br \/>\nA primeira a\u00e7\u00e3o \u00e9 determinar como o grupo chegar\u00e1 \u00e0 It\u00e1lia e como ser\u00e1 seu retorno ao<br \/>\nBrasil, depois, fa\u00e7a uma pesquisa sobre as poss\u00edveis atra\u00e7\u00f5es tur\u00edsticas a serem visitadas, e quais<br \/>\nseriam os roteiros e o meio de deslocamento para Roma e Vaticano. M\u00e3os \u00e0 obra!<\/p>\n<p>Atividade 2 \u2013 Ingl\u00eas Aplicado ao Turismo e Hotelaria<\/p>\n<p>Realizar viagens internacionais nos exige muita organiza\u00e7\u00e3o, uma vez que os voos podem<br \/>\npossuir uma ou mais escalas. Diante dessa situa\u00e7\u00e3o, ao organizar o grupo tur\u00edstico com dire\u00e7\u00e3o \u00e0<br \/>\nIt\u00e1lia, Agnes contratou um guia que falasse portugu\u00eas, italiano e ingl\u00eas para que ele pudesse<br \/>\ncolaborar com os turistas tanto no pa\u00eds de destino quanto nas escalas programadas do voo.<\/p>\n<p>PRODU\u00c7\u00c3O TEXTUAL<br \/>\nINTERDISCIPLINAR<br \/>\nINDIVIDUAL \u2013 PTI<\/p>\n<p>Tecnologia em Gest\u00e3o de Turismo<\/p>\n<p>Considere que um dos grupos organizados por Agnes em dire\u00e7\u00e3o \u00e0 It\u00e1lia ter\u00e1 uma escala nos<br \/>\nEstados Unidos, onde ir\u00e1 permanecer por um dia, havendo a necessidade de hospedagem em hotel<br \/>\npara que descansem antes de seguir viagem.<br \/>\nElabore um di\u00e1logo em ingl\u00eas onde o guia se comunica com a recepcionista do hotel<br \/>\nefetuando o check-in do grupo. Lembre-se de apresentar, nesse di\u00e1logo, informa\u00e7\u00f5es como: nome<br \/>\ndo guia, origem do grupo, quantidade de pessoas, tipos de quartos desejados, perguntar o hor\u00e1rio<br \/>\ndo jantar, caf\u00e9 da manh\u00e3 e informa\u00e7\u00f5es sobre o check-out. Adicione tamb\u00e9m demais informa\u00e7\u00f5es<br \/>\nque julgar importantes.<br \/>\nNa sa\u00edda do hotel, o guia tur\u00edstico solicita o servi\u00e7o de um motorista particular para levar o<br \/>\ngrupo de turistas ao aeroporto. No entanto, o motorista trabalha h\u00e1 pouco tempo na cidade<br \/>\nestadunidense e n\u00e3o conhece os melhores trajetos. Portanto, elabore um di\u00e1logo, em ingl\u00eas, do guia<br \/>\ntur\u00edstico com o motorista, desde o primeiro contato at\u00e9 o destino (aeroporto).<\/p>\n<p>Atividade 3 \u2013 Mercado de Ag\u00eancias de Turismo<\/p>\n<p>No mercado de ag\u00eancias de turismo temos alguns segmentos de consumidores que est\u00e3o<br \/>\nem ascens\u00e3o, se mostrando uma parcela crescente do p\u00fablico-alvo das ag\u00eancias de viagem. Com as<br \/>\ninforma\u00e7\u00f5es da cidade de Agulinhas, onde a empresa de Agnes est\u00e1 localizada, pode-se reconhecer<br \/>\ncomo um poss\u00edvel p\u00fablico-alvo a ser atendido o da terceira idade, o qual tamb\u00e9m chamamos de<br \/>\n\u201cmelhor idade\u201d, com pessoas acima de 60 anos.<br \/>\nConhecendo as peculiaridades deste p\u00fablico, monte um pacote tur\u00edstico com uma sugest\u00e3o<br \/>\nde roteiro para Roma, na It\u00e1lia, com o \u00e1pice da viagem sendo a visita ao Vaticano, com dura\u00e7\u00e3o de 4<br \/>\ndias (al\u00e9m do tempo reservado ao translado). Pesquise e busque trazer o que a It\u00e1lia tem de melhor<br \/>\na oferecer em pontos tur\u00edsticos, sempre lembrando de respeitar os gostos e as peculiaridades de seus<br \/>\nconsumidores finais.<\/p>\n<p>Atividade\u00a04 \u2013\u00a0Gest\u00e3o do Lazer, Recrea\u00e7\u00e3o e Entretenimento<\/p>\n<p>Uma das an\u00e1lises realizadas pelo gestor de turismo \u00e9 a segmenta\u00e7\u00e3o da demanda, identificar<br \/>\nas caracter\u00edsticas principais do p\u00fablico que usufruir\u00e1 do turismo e da recrea\u00e7\u00e3o. Isso enriquece<br \/>\ngrandemente a atividade proposta, pois a atividade ser\u00e1 direcionada para aquele perfil espec\u00edfico do<br \/>\np\u00fablico.<br \/>\nAgnes, propriet\u00e1ria da ag\u00eancia, pensando no p\u00fablico da terceira idade que levar\u00e1 \u00e0 It\u00e1lia,<br \/>\ndeseja incluir algumas atividades de lazer no tempo livre do grupo. Vale lembrar que as atividades,<br \/>\npor mais elaboradas que sejam, talvez sirvam perfeitamente para um grupo e para outro n\u00e3o tenham<br \/>\nintera\u00e7\u00e3o nem desenvolvimento. Por isso, o reconhecimento do perfil dos consumidores certamente<br \/>\nfar\u00e1 voc\u00ea focar na atividade correta.<br \/>\nNo intuito de ajudar Agnes, voc\u00ea dever\u00e1:<br \/>\n\u25aa\u00a0Sugerir duas atividades que poder\u00e3o ser realizadas nos momentos de lazer do grupo de idosos<br \/>\nna It\u00e1lia.<br \/>\n\u25aa\u00a0Evidenciar o motivo para a escolha das atividades relacionando-as com as principais<br \/>\ncaracter\u00edsticas desse perfil de consumidor (idosos).<br \/>\n\u25aa\u00a0Para cada uma das atividades, dever\u00e1 ser elaborado um \u201cRepert\u00f3rio de Atividades\u201d, sendo<br \/>\ncomposto pelos seguintes itens: Nome da atividade, Conceito, Descri\u00e7\u00e3o, Recursos necess\u00e1rios,<br \/>\nRecursos humanos, Desenvolvimento, Funcionamento, Possibilidades de utiliza\u00e7\u00e3o e de<br \/>\nadapta\u00e7\u00e3o, experi\u00eancias vividas.<br \/>\n\u00c9 fundamental que voc\u00ea destaque como cada repert\u00f3rio de atividades ofertar\u00e1 uma melhor<br \/>\nexperi\u00eancia ao turista, fazendo com que ele tenha mais do que momentos de descanso, recrea\u00e7\u00e3o<br \/>\ne entretenimento, e sim, momentos de desenvolvimento pessoal e social.<\/p>\n<p>Atividade 5\u00a0\u2013 Turismo e Hospitalidade de Eventos<\/p>\n<p>A ag\u00eancia de viagens de Agnes pretende desenvolver um roteiro direcionado ao atendimento<br \/>\ndo p\u00fablico de pessoas acima de 60 anos, uma vez que constituem o p\u00fablico alvo da cidade onde est\u00e1<\/p>\n<p>localizada. Neste sentido a proposta \u00e9 desenvolver um roteiro direcionado \u00e0 It\u00e1lia, tendo Roma como<br \/>\nprincipal destino do roteiro. Um dos principais pontos de an\u00e1lise na constru\u00e7\u00e3o do roteiro \u00e9 a<br \/>\ndefini\u00e7\u00e3o dos parceiros que ir\u00e3o atender aos turistas, principalmente no que se refere aos servi\u00e7os<br \/>\nde hospedagem.<br \/>\nIdentifique quais s\u00e3o os meios de hospedagem mais indicados para o atendimento das<br \/>\nnecessidades deste p\u00fablico alvo, considerando o tipo de meio de hospedagem e justificando sua<br \/>\nescolha relacionando os principais servi\u00e7os hoteleiros que devem estar \u00e0 disposi\u00e7\u00e3o deste p\u00fablico<br \/>\nt\u00e3o exigente e que demanda aten\u00e7\u00e3o especial.<br \/>\nAponte tamb\u00e9m pelo menos tr\u00eas tipos de eventos que podem fazer parte do roteiro proposto,<br \/>\nrelacionando o tipo do evento, tamanho, meios de transporte e comunica\u00e7\u00e3o utilizados para<br \/>\ncapta\u00e7\u00e3o do p\u00fablico alvo e uma perspectiva de pre\u00e7o a ser cobrado para participa\u00e7\u00e3o nos eventos.<\/p>\n<div class=\"elementor-toggle-item\">\n<h4 id=\"elementor-tab-title-1941\" class=\"elementor-tab-title elementor-active\" tabindex=\"0\" role=\"tab\" data-tab=\"1\" aria-controls=\"elementor-tab-content-1941\" aria-expanded=\"true\" aria-selected=\"true\">Como funciona?<\/h4>\n<div id=\"elementor-tab-content-1941\" class=\"elementor-tab-content elementor-clearfix elementor-active\" role=\"tabpanel\" data-tab=\"1\" aria-labelledby=\"elementor-tab-title-1941\">\n<p>Elaboramos os portf\u00f3lios, j\u00e1 deixamos prontos, nas normas da ABNT e conforme os requisitos da universidade. F\u00e1cil assim! O MELHOR \u00c9 QUE VOC\u00ca COMPRA E J\u00c1 BAIXA NA HORA O SEU ARQUIVO EM WORD! Sabemos que conciliar trabalho, fam\u00edlia, vida profissional e estudos \u00e9 dif\u00edcil hoje em dia, por isso, estamos aqui para ajudar voc\u00ea. Conte com nossa qualidade, experi\u00eancia e profissionalismo adquirindo seu portf\u00f3lio conosco. GARANTIMOS SEU CONCEITO!<\/p>\n<h4>Como se realizam os envios?<\/h4>\n<\/div>\n<\/div>\n<div class=\"elementor-toggle-item\">\n<div id=\"elementor-tab-content-1942\" class=\"elementor-tab-content elementor-clearfix elementor-active\" role=\"tabpanel\" data-tab=\"2\" aria-labelledby=\"elementor-tab-title-1942\">O seu trabalho \u00e9 disponibilizado pronto, respondido e nas normas j\u00e1 na mesma hora aqui em nosso site na sua \u00e1rea de downloads e tamb\u00e9m no seu e-mail.<\/div>\n<\/div>\n<div class=\"elementor-toggle-item\">\n<div id=\"elementor-tab-content-1943\" class=\"elementor-tab-content elementor-clearfix elementor-active\" role=\"tabpanel\" data-tab=\"3\" aria-labelledby=\"elementor-tab-title-1943\">\n<h4>Em quanto tempo recebo o portf\u00f3lio?<\/h4>\n<\/div>\n<\/div>\n<div class=\"elementor-toggle-item\">\n<div id=\"elementor-tab-content-1944\" class=\"elementor-tab-content elementor-clearfix elementor-active\" role=\"tabpanel\" data-tab=\"4\" aria-labelledby=\"elementor-tab-title-1944\">\n<p>Os envios s\u00e3o imediatos. Ap\u00f3s sua compra, o trabalho j\u00e1 \u00e9 disponibilizado instantaneamente aqui em nosso site e no seu e-mail.<\/p>\n<h4>E se o portf\u00f3lio que comprei precisar de corre\u00e7\u00e3o?<\/h4>\n<\/div>\n<\/div>\n<div class=\"elementor-toggle-item\">\n<div id=\"elementor-tab-content-1945\" class=\"elementor-tab-content elementor-clearfix elementor-active\" role=\"tabpanel\" data-tab=\"5\" aria-labelledby=\"elementor-tab-title-1945\">\n<p>Caso haja alguma solicita\u00e7\u00e3o de corre\u00e7\u00e3o\/altera\u00e7\u00e3o por parte do tutor, basta entrar em contato conosco pelo\u00a0<a href=\"https:\/\/api.whatsapp.com\/send\/?phone=5553984751621&amp;text&amp;app_absent=0\">WhatsApp<\/a>\u00a0que provid\u00eanciaremos sem custo algum.<\/p>\n<h4>Qual o formato do arquivo?<\/h4>\n<\/div>\n<\/div>\n<div class=\"elementor-toggle-item\">\n<div id=\"elementor-tab-content-1946\" class=\"elementor-tab-content elementor-clearfix elementor-active\" role=\"tabpanel\" data-tab=\"6\" aria-labelledby=\"elementor-tab-title-1946\">\n<p>Os arquivos s\u00e3o enviados em formato Word e s\u00e3o edit\u00e1veis.<\/p>\n<h4>Caso eu tiver alguma d\u00favida, terei suporte no p\u00f3s venda?<\/h4>\n<\/div>\n<\/div>\n<div class=\"elementor-toggle-item\">\n<div id=\"elementor-tab-content-1948\" class=\"elementor-tab-content elementor-clearfix elementor-active\" role=\"tabpanel\" data-tab=\"8\" aria-labelledby=\"elementor-tab-title-1948\">\n<p>Sim, com certeza. Basta clicar no \u00edcone do WhatsApp no cantinho da tela. Ser\u00e1 um prazer atend\u00ea-lo(a).<\/p>\n<div class=\"elementor-toggle-item\">\n<div id=\"elementor-tab-content-1948\" class=\"elementor-tab-content elementor-clearfix elementor-active\" role=\"tabpanel\" data-tab=\"8\" aria-labelledby=\"elementor-tab-title-1948\">\n<h4>Quais os seus canais de contato?<\/h4>\n<\/div>\n<\/div>\n<div class=\"elementor-toggle-item\">\n<div id=\"elementor-tab-content-1949\" class=\"elementor-tab-content elementor-clearfix elementor-active\" role=\"tabpanel\" data-tab=\"9\" aria-labelledby=\"elementor-tab-title-1949\">\n<p>Whatsapp: 53 984751621 \u2013 Clicar no canto da tela ou ESCANEIE O QRCODE ABAIXO<\/p>\n<p><img decoding=\"async\" class=\"alignnone wp-image-7603\" src=\"http:\/\/portifolioos-prontos.com\/wp-content\/uploads\/2022\/09\/portfolio-unopar-pronto-colaborar-ava-producao-textual-interdisciplinar.png\" alt=\"Turismo na melhor idade,portf\u00f3lio Turismo na melhor idade,portf\u00f3lio ead Turismo na melhor idade,portf\u00f3lio pronto ead Turismo na melhor idade,portf\u00f3lio unopar Turismo na melhor idade,portf\u00f3lio turismo unopar Turismo na melhor idade,portf\u00f3lio pronto Turismo na melhor idade,portf\u00f3lio pronto para editar Turismo na melhor idade,modelo portf\u00f3lio unopar,modelo portf\u00f3lio Turismo na melhor idade,portifolio Turismo na melhor idade,portfolio ead Turismo na melhor idade,apostileiros Turismo na melhor idade,portf\u00f3lio turismo,Portfolio pronto,portifolio pronto,portf\u00f3lio pronto,portifolios prontos,portif\u00f3lios prontos,portf\u00f3lio pronto unopar,portifolio pronto unopar,portif\u00f3lio pronto unopar,portifolios prontos unopar,portifolios prontos anhanguera,portf\u00f3lios prontos anhanguera,portf\u00f3lio pronto anhanguera,portfolios ead,portf\u00f3lios ead,portfolioead,apostileiros,portf\u00f3lio ead,portifolios ead,portif\u00f3lios ead,eadhelp,shop do acad\u00eamico,unopar portfolio,portfolio pronto ead,portfolio unopar ead,ead portfolio ava,portf\u00f3lio ead anhanguera,portf\u00f3lio ead pront,o portf\u00f3lio ead unopar,portf\u00f3lio pronto em word,pti unopar,ptg unopar,modelo de portf\u00f3lio unopar,modelo de portf\u00f3lio anhanguera,como fazer um portf\u00f3lio para faculdade,como faz portf\u00f3lio universidade,como faz portf\u00f3lios para universidade,portf\u00f3lios prontos para universidade,portf\u00f3lios pronto para faculdade,portf\u00f3lio pronto para editar,portifolios prontos para editar,portf\u00f3lio em word,portfolio em word,portf\u00f3lio em word para editar,portifolio em word para editar,portfolio unopar pronto para editar,modelo de portfolio para unopar,modelo de portif\u00f3lio para unopar,modelo de portf\u00f3lio para unopar,unopar portf\u00f3lio pronto,anhanguera portf\u00f3lio pronto,portf\u00f3lio em word pronto,comprar portf\u00f3lio pronto,como fazer um portf\u00f3lio,como fazer portf\u00f3lio digital,portfolio,portf\u00f3lio,portifolio,portif\u00f3lio,portf\u00f3lio interdisciplinar individual,portfolio interdisciplinar individual,exemplos de portf\u00f3lio para faculdade,baixar portf\u00f3lio pronto,portf\u00f3lio acad\u00eamico,portf\u00f3lio online,portfoliooead,portfolio ead,portf\u00f3lio pronto interdisciplinar individual,relat\u00f3rio de est\u00e1gio unopar,relat\u00f3rio de est\u00e1gio pronto unopar,como criar um portf\u00f3lio,o que \u00e9 um portf\u00f3lio e como fazer,portfolio exemplo,modelo de portfolio acad\u00eamico,relat\u00f3rio de est\u00e1gio gest\u00e3o escolar pronto unopar,portf\u00f3lio como fazer,prova profici\u00eancia unopar,portfolio individual est\u00e1gio curricular obrigat\u00f3rio ii anos iniciais do ensino fundamental,prova de profici\u00eancia pedagogia unopar,capa de trabalho unopar para editar,portf\u00f3lio acad\u00eamico unopar,como fazer um portf\u00f3lio acad\u00eamico,portf\u00f3lio exemplos word,portfolio acad\u00eamico,portfolio individual,portfolio individual unopar,portfolio individual anhanguera,portfolio marketing digital,portf\u00f3lio educa\u00e7\u00e3o f\u00edsica unopar,portf\u00f3lio gest\u00e3o educacional e espa\u00e7os n\u00e3o escolares,como fazer um portifolio unopar,modelo de portf\u00f3lio unopar em arquivo word,capa de portf\u00f3lio de pedagogia,como fazer um portf\u00f3lio no word,projeto integrado unopar,exemplo de portf\u00f3lio academico pedagogia\" width=\"141\" height=\"141\" srcset=\"https:\/\/portifolioos-prontos.com\/wp-content\/uploads\/2022\/09\/portfolio-unopar-pronto-colaborar-ava-producao-textual-interdisciplinar.png 150w, https:\/\/portifolioos-prontos.com\/wp-content\/uploads\/2022\/09\/portfolio-unopar-pronto-colaborar-ava-producao-textual-interdisciplinar-100x100.png 100w\" sizes=\"(max-width: 141px) 100vw, 141px\" \/><\/p>\n<\/div>\n<\/div>\n<\/div>\n<\/div>\n<div class=\"elementor-toggle-item\">\n<div id=\"elementor-tab-content-1949\" class=\"elementor-tab-content elementor-clearfix elementor-active\" role=\"tabpanel\" data-tab=\"9\" aria-labelledby=\"elementor-tab-title-1949\">\n<p>E-mail:portifoliosp@gmail.com<\/p>\n<div id=\"attachment_143\" class=\"wp-caption alignnone\">\n<div id=\"attachment_143\" class=\"wp-caption alignnone\" style=\"width: 154px;\">\n<p><a href=\"http:\/\/portifolioos-prontos.com\/\"><img decoding=\"async\" class=\"wp-image-143\" title=\"portfolio pronto unopar\" src=\"https:\/\/i0.wp.com\/portifolioos-prontos.com\/wp-content\/uploads\/2022\/04\/conceitomaximo.png?resize=164%2C47\" alt=\"PORTFOLIO PRONTO UNOPAR ANHANGUERA\" width=\"154\" height=\"44\" aria-describedby=\"caption-attachment-143\" data-recalc-dims=\"1\" \/><\/a><\/p>\n<p id=\"caption-attachment-143\" class=\"wp-caption-text\">Portf\u00f3lio em Word, respondido, completo e j\u00e1 nas normas.<\/p>\n<\/div>\n<\/div>\n<\/div>\n<\/div>\n","protected":false},"excerpt":{"rendered":"<p>Portf\u00f3lio Turismo na melhor idade 2022-2 Curso: Tecnologia em Gest\u00e3o de Turismo Semestre: 3\u00b0\/4\u00b0 Disciplinas: \u2022 Ingl\u00eas Aplicado ao Turismo e Hotelaria \u2022 Sistemas de Transporte \u2022 Mercado de Ag\u00eancias de Turismo \u2022 Gest\u00e3o do Lazer, Recrea\u00e7\u00e3o e Entretenimento \u2022 Turismo e Hospitalidade de Eventos Seja bem-vindo a este semestre! A proposta da Produ\u00e7\u00e3o Textual&hellip;<\/p>\n","protected":false},"featured_media":7162,"template":"","meta":{"_seopress_robots_primary_cat":"none","_seopress_titles_title":"%%post_title%% %%sitetitle%%","_seopress_titles_desc":"%%post_content%%","_seopress_robots_index":""},"product_cat":[60,15],"product_tag":[],"class_list":{"0":"post-6698","1":"product","2":"type-product","3":"status-publish","4":"has-post-thumbnail","6":"product_cat-turismo","7":"product_cat-uncategorized","9":"first","10":"instock","11":"downloadable","12":"virtual","13":"purchasable","14":"product-type-simple","15":"col-xs-6 col-sm-4","16":"col-mf-5","17":"un-5-cols"},"jetpack_sharing_enabled":true,"_links":{"self":[{"href":"https:\/\/portifolioos-prontos.com\/index.php\/wp-json\/wp\/v2\/product\/6698","targetHints":{"allow":["GET"]}}],"collection":[{"href":"https:\/\/portifolioos-prontos.com\/index.php\/wp-json\/wp\/v2\/product"}],"about":[{"href":"https:\/\/portifolioos-prontos.com\/index.php\/wp-json\/wp\/v2\/types\/product"}],"version-history":[{"count":0,"href":"https:\/\/portifolioos-prontos.com\/index.php\/wp-json\/wp\/v2\/product\/6698\/revisions"}],"wp:featuredmedia":[{"embeddable":true,"href":"https:\/\/portifolioos-prontos.com\/index.php\/wp-json\/wp\/v2\/media\/7162"}],"wp:attachment":[{"href":"https:\/\/portifolioos-prontos.com\/index.php\/wp-json\/wp\/v2\/media?parent=6698"}],"wp:term":[{"taxonomy":"product_cat","embeddable":true,"href":"https:\/\/portifolioos-prontos.com\/index.php\/wp-json\/wp\/v2\/product_cat?post=6698"},{"taxonomy":"product_tag","embeddable":true,"href":"https:\/\/portifolioos-prontos.com\/index.php\/wp-json\/wp\/v2\/product_tag?post=6698"}],"curies":[{"name":"wp","href":"https:\/\/api.w.org\/{rel}","templated":true}]}}