{"id":7106,"date":"2022-08-22T14:52:38","date_gmt":"2022-08-22T17:52:38","guid":{"rendered":"https:\/\/portifolioos-prontos.com\/?post_type=product&#038;p=7106"},"modified":"2026-03-02T16:30:06","modified_gmt":"2026-03-02T19:30:06","slug":"atividade-pratica-marketing-digital-brand-persona","status":"publish","type":"product","link":"https:\/\/portifolioos-prontos.com\/index.php\/product\/atividade-pratica-marketing-digital-brand-persona\/","title":{"rendered":"Atividade pr\u00e1tica Marketing digital: Brand persona"},"content":{"rendered":"<h4>Atividade pr\u00e1tica Marketing digital: Brand persona<\/h4>\n<h4>******PADLET INCLUSO******<\/h4>\n<hr \/>\n<p><strong>OBJETIVOS<\/strong><br \/>\nA proposta desta atividade pr\u00e1tica est\u00e1 amparada nos seguintes objetivos:<br \/>\n\u2013 Compreender a import\u00e2ncia da gest\u00e3o de relacionamento no Marketing Digital;<br \/>\n\u2013 Pesquisar uma empresa em sua regi\u00e3o e trazer o perfil dessa empresa.<br \/>\n\u2013 Desenvolver uma brand persona para empresa escolhida utilizando como ferramenta<br \/>\no padlet.<\/p>\n<p><strong>RECURSOS<\/strong><br \/>\nComputador com acesso \u00e0 internet e ao ambiente virtual.<\/p>\n<p><strong>PROCEDIMENTOS PR\u00c1TICOS<\/strong><br \/>\nAtividade proposta<br \/>\nDesenvolver uma brand persona para uma empresa escolhida em sua regi\u00e3o utilizando<br \/>\ncomo ferramenta o padlet.<br \/>\nProcedimentos para a realiza\u00e7\u00e3o da atividade<br \/>\nContextualizando<\/p>\n<p>\u201cO marketing digital estuda a empresa, o seu mercado e sua forma de atuar, de vender,<br \/>\nde distribuir e de ver embalagem e desenvolvimento do produto, assim como ver o share<br \/>\nou analisar as vendas da concorr\u00eancia\u201d (MORAIS, 2015, p 3).<br \/>\nA inexist\u00eancia de uma gest\u00e3o do relacionamento com os consumidores deixa a loja<br \/>\nonline trabalhando apenas nos pontos mais b\u00e1sicos do com\u00e9rcio eletr\u00f4nico, abrindo m\u00e3o<br \/>\nde in\u00fameras possibilidades de aprofundamento da rela\u00e7\u00e3o com o cliente e de uma<br \/>\nparcela gorda da lucratividade. (MANSANO, 2013, p. 181)<br \/>\nDentro desse contexto de construir o relacionamento com o cliente, temos a estrat\u00e9gia<br \/>\nde criar uma Brand persona, que \u00e9 o conjunto de atributos de personifica\u00e7\u00e3o de uma<br \/>\nmarca. Um dos delineadores de personalidade refere-se ao conjunto de guidelines de<br \/>\nlinguagem usadas para refor\u00e7ar a imagem e a reputa\u00e7\u00e3o que a marca quer firmar na<br \/>\nmente dos consumidores, em todos os pontos de contato. Veja o exemplo de marcas<br \/>\nque imprimem uma persona alegre, descontra\u00edda e educadora ao falar com o cliente, em<br \/>\nqualquer canal ou m\u00eddia.<\/p>\n<p>Em todos os contextos, e considerando a complexidade que vimos hoje no mercado, as<br \/>\nrespostas para as quest\u00f5es sobre brand persona est\u00e3o contidas no relacionamento com<br \/>\nos clientes e o quanto a marca conhece a(s) sua(s) persona(s) de compra.<br \/>\nUm grande exemplo para o brand persona \u00e9 a Lu do Magalu1, a personagem nasceu em<br \/>\n2003 para humanizar a experi\u00eancia de compra no e-commerce do Magazine Luiza, pois<br \/>\nsegundo Pedro Alvim, gerente s\u00eanior de conte\u00fado e redes sociais do Magazine Luiza, a experi\u00eancia de compra era muito fria e as pessoas tinham medo de fazer compras on-<br \/>\nline no site da empresa. A Lu surgiu com o intuito de humanizar essa experi\u00eancia e levar mais proximidade.<\/p>\n<p>A influenciadora do Magazine Luiza \u00e9 uma persona descrita tamb\u00e9m como criadora de<br \/>\nconte\u00fado. Em 2009, a personagem ganhou o nome de \u201cLu\u201d e assumiu as redes sociais<br \/>\nda marca que representa e contabiliza 5,5 milh\u00f5es de seguidores somente no Instagram.<br \/>\nCom seu carisma, conquistou f\u00e3s e se tornou uma influenciadora digital, que hoje \u00e9<br \/>\ncontratada at\u00e9 mesmo por outras marcas para fazer propaganda.<br \/>\nA influ\u00eancia virtual da Personagem come\u00e7ou com a sua pr\u00f3pria humaniza\u00e7\u00e3o, pois por<br \/>\ntr\u00e1s de cada imagem que \u00e9 feita, tem uma hist\u00f3ria que constr\u00f3i a protagonista. Ela faz<br \/>\nviagens internacionais, mas n\u00e3o aparece simplesmente em outro pa\u00eds, tira foto no<br \/>\naeroporto antes da viagem, pratica atividade f\u00edsica, toma um banho de piscina, torce pelo<br \/>\nBrasil nas competi\u00e7\u00f5es internacionais, participa de programas de televis\u00e3o, e at\u00e9 mesmo<br \/>\nda \u201cSuper dan\u00e7a dos famosos\u201d.<br \/>\nMais do que uma atendente virtual, Lu, da Magazine Luiza \u00e9 conhecida como<br \/>\ninfluenciadora entre tantos artistas, com isso, ela foi convidada a participar da campanha<br \/>\nde lan\u00e7amento da cole\u00e7\u00e3o collab entre Adidas e Farm. Foi a primeira vez que a Lu<br \/>\nestrelou uma campanha de marca externa do Grupo Magazine Luiza.<br \/>\nA brand persona da loja tem personalidade doce e conquistou o p\u00fablico pelo carisma.<br \/>\nEm 2017 foi eleita como o melhor bot na categoria servi\u00e7os, no primeiro Bots Brasil<br \/>\nAwards. A personagem tem at\u00e9 um Canal no Youtube onde d\u00e1 dicas, faz review de<br \/>\nalguns produtos, ensina a jogar, etc.<br \/>\nO conceito de brand persona, em que as marcas podem ser representadas por um<br \/>\npersonagem ou por um tom de voz que transmita sua ess\u00eancia e identidade nas<br \/>\nintera\u00e7\u00f5es com seu p\u00fablico externo, ajuda na cria\u00e7\u00e3o da personalidade e como ela<\/p>\n<p>1 Fonte:\u00a0<a href=\"https:\/\/www.nossomeio.com.br\/lu-do-magalu-uma-tendencia-do-brand-persona\/\" rel=\"nofollow\">https:\/\/www.nossomeio.com.br\/lu-do-magalu-uma-tendencia-do-brand-persona\/<\/a>\u00a0Acesso em 28\/01\/22<\/p>\n<p>deseja ser vista e percebida, sendo essa forma mais humana, uma maneira de<br \/>\natendimento que vai al\u00e9m das necessidades b\u00e1sicas dos clientes.<\/p>\n<p><strong>Atividade<\/strong><\/p>\n<p>Dentro desse contexto, voc\u00ea foi contratado para desenvolver uma brand persona para<br \/>\numa empresa em sua regi\u00e3o. Para essa constru\u00e7\u00e3o voc\u00ea deve seguir os seguintes<br \/>\npassos:<br \/>\n\u2013 Traga o perfil da empresa (ramo de atua\u00e7\u00e3o, tamanho da empresa, tipo de gest\u00e3o,<br \/>\netc.)<br \/>\n\u2013 Fale a respeito do produto ou servi\u00e7o prestado e do p\u00fablico-alvo. Voc\u00ea dever\u00e1 pesquisar<br \/>\nmuito bem esses itens para poder desenvolver uma brand persona.<br \/>\n\u2013 Crie uma brand persona, fale a respeito da sua personalidade, tom de voz, como ser\u00e1<br \/>\na linguagem, a abordagem com o p\u00fablico-alvo. Desenhe um perfil f\u00edsico, ou seja, uma<br \/>\nimagem e tamb\u00e9m escolha um nome. N\u00e3o esque\u00e7a de ser coerente com o perfil da<br \/>\nempresa, do produto ou servi\u00e7o ofertado e do p\u00fablico-alvo.<br \/>\n\u2013 Voc\u00ea dever\u00e1 construir a sua atividade em um padlet e postar em formato PDF.<\/p>\n<p>* Para a constru\u00e7\u00e3o do padlet ser\u00e1 disponibilizado um tutorial com todo passo-a-<br \/>\npasso.<\/p>\n<p><strong>Checklist<\/strong><br \/>\nPrincipais etapas para a completude da atividade pr\u00e1tica:<br \/>\n\u2013 Apresenta\u00e7\u00e3o do perfil da empresa pesquisada.<br \/>\n\u2013 Pontuar o tipo de produto e o p\u00fablico-alvo atendido.<br \/>\n\u2013 Criar uma brand persona para empresa.<br \/>\n\u2013 Desenvolver a atividade criando um padlet.<br \/>\nRESULTADO<br \/>\nEntrega de um arquivo PDF que contemple todas as etapas da atividade pr\u00e1tica,<br \/>\nconforme apresentado no checklist.<\/p>\n<div class=\"elementor-toggle-item\">\n<h4 id=\"elementor-tab-title-1941\" class=\"elementor-tab-title elementor-active\" tabindex=\"0\" role=\"tab\" data-tab=\"1\" aria-controls=\"elementor-tab-content-1941\" aria-expanded=\"true\" aria-selected=\"true\">Como funciona?<\/h4>\n<div id=\"elementor-tab-content-1941\" class=\"elementor-tab-content elementor-clearfix elementor-active\" role=\"tabpanel\" data-tab=\"1\" aria-labelledby=\"elementor-tab-title-1941\">\n<p>Elaboramos os portf\u00f3lios, j\u00e1 deixamos prontos, nas normas da ABNT e conforme os requisitos da universidade. F\u00e1cil assim! O MELHOR \u00c9 QUE VOC\u00ca COMPRA E J\u00c1 BAIXA NA HORA O SEU ARQUIVO EM WORD! Sabemos que conciliar trabalho, fam\u00edlia, vida profissional e estudos \u00e9 dif\u00edcil hoje em dia, por isso, estamos aqui para ajudar voc\u00ea. Conte com nossa qualidade, experi\u00eancia e profissionalismo adquirindo seu portf\u00f3lio conosco. GARANTIMOS SEU CONCEITO!<\/p>\n<h4>Como se realizam os envios?<\/h4>\n<\/div>\n<\/div>\n<div class=\"elementor-toggle-item\">\n<div id=\"elementor-tab-content-1942\" class=\"elementor-tab-content elementor-clearfix elementor-active\" role=\"tabpanel\" data-tab=\"2\" aria-labelledby=\"elementor-tab-title-1942\">O seu trabalho \u00e9 disponibilizado pronto, respondido e nas normas j\u00e1 na mesma hora aqui em nosso site na sua \u00e1rea de downloads e tamb\u00e9m no seu e-mail.<\/div>\n<\/div>\n<div class=\"elementor-toggle-item\">\n<div id=\"elementor-tab-content-1943\" class=\"elementor-tab-content elementor-clearfix elementor-active\" role=\"tabpanel\" data-tab=\"3\" aria-labelledby=\"elementor-tab-title-1943\">\n<h4>Em quanto tempo recebo o portf\u00f3lio?<\/h4>\n<\/div>\n<\/div>\n<div class=\"elementor-toggle-item\">\n<div id=\"elementor-tab-content-1944\" class=\"elementor-tab-content elementor-clearfix elementor-active\" role=\"tabpanel\" data-tab=\"4\" aria-labelledby=\"elementor-tab-title-1944\">\n<p>Os envios s\u00e3o imediatos. Ap\u00f3s sua compra, o trabalho j\u00e1 \u00e9 disponibilizado instantaneamente aqui em nosso site e no seu e-mail.<\/p>\n<h4>E se o portf\u00f3lio que comprei precisar de corre\u00e7\u00e3o?<\/h4>\n<\/div>\n<\/div>\n<div class=\"elementor-toggle-item\">\n<div id=\"elementor-tab-content-1945\" class=\"elementor-tab-content elementor-clearfix elementor-active\" role=\"tabpanel\" data-tab=\"5\" aria-labelledby=\"elementor-tab-title-1945\">\n<p>Caso haja alguma solicita\u00e7\u00e3o de corre\u00e7\u00e3o\/altera\u00e7\u00e3o por parte do tutor, basta entrar em contato conosco pelo\u00a0WhatsApp\u00a0que provid\u00eanciaremos sem custo algum.<\/p>\n<h4>Qual o formato do arquivo?<\/h4>\n<\/div>\n<\/div>\n<div class=\"elementor-toggle-item\">\n<div id=\"elementor-tab-content-1946\" class=\"elementor-tab-content elementor-clearfix elementor-active\" role=\"tabpanel\" data-tab=\"6\" aria-labelledby=\"elementor-tab-title-1946\">\n<p>Os arquivos s\u00e3o enviados em formato Word e s\u00e3o edit\u00e1veis.<\/p>\n<h4>Caso eu tiver alguma d\u00favida, terei suporte no p\u00f3s venda?<\/h4>\n<\/div>\n<\/div>\n<div class=\"elementor-toggle-item\">\n<div id=\"elementor-tab-content-1948\" class=\"elementor-tab-content elementor-clearfix elementor-active\" role=\"tabpanel\" data-tab=\"8\" aria-labelledby=\"elementor-tab-title-1948\">\n<p>Sim, com certeza. Basta clicar no \u00edcone do WhatsApp no cantinho da tela. Ser\u00e1 um prazer atend\u00ea-lo(a).<\/p>\n<div class=\"elementor-toggle-item\">\n<div id=\"elementor-tab-content-1948\" class=\"elementor-tab-content elementor-clearfix elementor-active\" role=\"tabpanel\" data-tab=\"8\" aria-labelledby=\"elementor-tab-title-1948\">\n<h4>Quais os seus canais de contato?<\/h4>\n<\/div>\n<\/div>\n<div class=\"elementor-toggle-item\">\n<div id=\"elementor-tab-content-1949\" class=\"elementor-tab-content elementor-clearfix elementor-active\" role=\"tabpanel\" data-tab=\"9\" aria-labelledby=\"elementor-tab-title-1949\">\n<p>Whatsapp: 53 984751621 \u2013 Clicar no canto da tela ou ESCANEIE O QRCODE ABAIXO<\/p>\n<p><img decoding=\"async\" class=\"alignnone wp-image-7603\" src=\"http:\/\/portifolioos-prontos.com\/wp-content\/uploads\/2022\/09\/portfolio-unopar-pronto-colaborar-ava-producao-textual-interdisciplinar.png\" alt=\"\" width=\"141\" height=\"141\" srcset=\"https:\/\/portifolioos-prontos.com\/wp-content\/uploads\/2022\/09\/portfolio-unopar-pronto-colaborar-ava-producao-textual-interdisciplinar.png 150w, https:\/\/portifolioos-prontos.com\/wp-content\/uploads\/2022\/09\/portfolio-unopar-pronto-colaborar-ava-producao-textual-interdisciplinar-100x100.png 100w\" sizes=\"(max-width: 141px) 100vw, 141px\" \/><\/p>\n<\/div>\n<\/div>\n<\/div>\n<\/div>\n<div class=\"elementor-toggle-item\">\n<div id=\"elementor-tab-content-1949\" class=\"elementor-tab-content elementor-clearfix elementor-active\" role=\"tabpanel\" data-tab=\"9\" aria-labelledby=\"elementor-tab-title-1949\">\n<p>E-mail:portifoliosp@gmail.com<\/p>\n<div id=\"attachment_143\" class=\"wp-caption alignnone\">\n<div id=\"attachment_143\" class=\"wp-caption alignnone\" style=\"width: 161px;\">\n<p><a href=\"http:\/\/portifolioos-prontos.com\/\"><img decoding=\"async\" class=\"wp-image-143 jetpack-lazy-image jetpack-lazy-image--handled\" title=\"portfolio pronto unopar\" src=\"https:\/\/i0.wp.com\/portifolioos-prontos.com\/wp-content\/uploads\/2022\/04\/conceitomaximo.png?resize=164%2C47\" alt=\"PORTFOLIO PRONTO UNOPAR ANHANGUERA\" width=\"161\" height=\"46\" aria-describedby=\"caption-attachment-143\" data-recalc-dims=\"1\" data-lazy-loaded=\"1\" \/><\/a><\/p>\n<p id=\"caption-attachment-143\" class=\"wp-caption-text\">Portf\u00f3lio em Word, respondido, completo e j\u00e1 nas normas.<\/p>\n<\/div>\n<\/div>\n<\/div>\n<\/div>\n","protected":false},"excerpt":{"rendered":"<p>Atividade pr\u00e1tica Marketing digital: Brand persona ******PADLET INCLUSO****** OBJETIVOS A proposta desta atividade pr\u00e1tica est\u00e1 amparada nos seguintes objetivos: \u2013 Compreender a import\u00e2ncia da gest\u00e3o de relacionamento no Marketing Digital; \u2013 Pesquisar uma empresa em sua regi\u00e3o e trazer o perfil dessa empresa. \u2013 Desenvolver uma brand persona para empresa escolhida utilizando como ferramenta o&hellip;<\/p>\n","protected":false},"featured_media":7835,"template":"","meta":{"_seopress_robots_primary_cat":"none","_seopress_titles_title":"%%post_title%% %%sitetitle%%","_seopress_titles_desc":"%%post_excerpt%%","_seopress_robots_index":""},"product_cat":[109,58,15],"product_tag":[],"class_list":{"0":"post-7106","1":"product","2":"type-product","3":"status-publish","4":"has-post-thumbnail","6":"product_cat-analise-e-desenvolvimento-de-sistemas","7":"product_cat-cursos-de-t-i","8":"product_cat-uncategorized","10":"first","11":"instock","12":"downloadable","13":"virtual","14":"purchasable","15":"product-type-simple","16":"col-xs-6 col-sm-4","17":"col-mf-5","18":"un-5-cols"},"jetpack_sharing_enabled":true,"_links":{"self":[{"href":"https:\/\/portifolioos-prontos.com\/index.php\/wp-json\/wp\/v2\/product\/7106","targetHints":{"allow":["GET"]}}],"collection":[{"href":"https:\/\/portifolioos-prontos.com\/index.php\/wp-json\/wp\/v2\/product"}],"about":[{"href":"https:\/\/portifolioos-prontos.com\/index.php\/wp-json\/wp\/v2\/types\/product"}],"version-history":[{"count":1,"href":"https:\/\/portifolioos-prontos.com\/index.php\/wp-json\/wp\/v2\/product\/7106\/revisions"}],"predecessor-version":[{"id":49794,"href":"https:\/\/portifolioos-prontos.com\/index.php\/wp-json\/wp\/v2\/product\/7106\/revisions\/49794"}],"wp:featuredmedia":[{"embeddable":true,"href":"https:\/\/portifolioos-prontos.com\/index.php\/wp-json\/wp\/v2\/media\/7835"}],"wp:attachment":[{"href":"https:\/\/portifolioos-prontos.com\/index.php\/wp-json\/wp\/v2\/media?parent=7106"}],"wp:term":[{"taxonomy":"product_cat","embeddable":true,"href":"https:\/\/portifolioos-prontos.com\/index.php\/wp-json\/wp\/v2\/product_cat?post=7106"},{"taxonomy":"product_tag","embeddable":true,"href":"https:\/\/portifolioos-prontos.com\/index.php\/wp-json\/wp\/v2\/product_tag?post=7106"}],"curies":[{"name":"wp","href":"https:\/\/api.w.org\/{rel}","templated":true}]}}