{"id":7386,"date":"2022-08-28T13:54:05","date_gmt":"2022-08-28T16:54:05","guid":{"rendered":"https:\/\/portifolioos-prontos.com\/?post_type=product&#038;p=7386"},"modified":"2022-09-15T11:04:24","modified_gmt":"2022-09-15T14:04:24","slug":"portfolio-politraumatismo-e-a-atuacao-fisioterapeutica-2022-2","status":"publish","type":"product","link":"https:\/\/portifolioos-prontos.com\/index.php\/product\/portfolio-politraumatismo-e-a-atuacao-fisioterapeutica-2022-2\/","title":{"rendered":"Portf\u00f3lio Politraumatismo e a atua\u00e7\u00e3o fisioterap\u00eautica 2022-2"},"content":{"rendered":"<h4>Portf\u00f3lio Politraumatismo e a atua\u00e7\u00e3o fisioterap\u00eautica 2022-2<\/h4>\n<p>A proposta de Produ\u00e7\u00e3o Textual Interdisciplinar em Grupo (PTG) ter\u00e1 como tem\u00e1tica<br \/>\n\u201c<a href=\"http:\/\/portifolioos-prontos.com\">Politraumatismo<\/a> e a atua\u00e7\u00e3o fisioterap\u00eautica\u201d. Esta tem\u00e1tica foi desenvolvida com intuito de aliar<br \/>\nos aspectos pr\u00e1ticos da profiss\u00e3o com o conhecimento das respostas fisiol\u00f3gicas e bioqu\u00edmicas diante<br \/>\ndo trauma.<br \/>\nPara tanto, apresentamos a seguir as orienta\u00e7\u00f5es da atividade.<\/p>\n<p>SITUA\u00c7\u00c3O GERADORA DE APRENDIZAGEM<\/p>\n<p>Um fisioterapeuta respons\u00e1vel por um time de futebol feminino junior, observou aumento a<br \/>\npreval\u00eancia de rupturas do ligamento cruzado anterior (LCA) nas atletas e optou por introduzir uma<br \/>\nestrat\u00e9gia de preven\u00e7\u00e3o de les\u00e3o antes de in\u00edcio da pr\u00f3xima temporada de jogos. Ao avaliar as atletas,<br \/>\npercebeu que uma das jogadoras, de 14 anos, canhota, apresentava um joelho recurvado bilateral<br \/>\nde 10\u00b0 e tamb\u00e9m arcos plantares mais planos, ou seja, reduzidos. Na avalia\u00e7\u00e3o da marcha din\u00e2mica<br \/>\napresentava valgo evidente em ambos os membros inferiores, principalmente nas manobras de<br \/>\naterrisagem e dribles. Ao ser solicitada a realizar a aterrisagem com apenas um membro inferior,<br \/>\napresentou flex\u00e3o lateral de tronco para a direita. Dentro dos antecedentes pessoais e familiares<br \/>\ntemos: relatava estir\u00e3o de crescimento recente, irm\u00e3o com ruptura de LCA aos 15 anos.<\/p>\n<p>Diante desse quadro, convidamos voc\u00eas a refletirem sobre quest\u00f5es que envolvem os conte\u00fados do<br \/>\nsemestre. Ap\u00f3s o aporte te\u00f3rico dos materiais did\u00e1ticos e de apoio das tele aulas ministradas pelos<br \/>\nprofessores, \u00e9 hora de seguir os passos descritos a seguir e desenvolver essa produ\u00e7\u00e3o textual.<\/p>\n<p>DESAFIOS PROPOSTO<a href=\"http:\/\/portfolio-prontos.com\">S<\/a><\/p>\n<p>Desafio 1 \u2013 Quais eventos da hist\u00f3ria do atleta s\u00e3o importantes para identificar o risco de les\u00f5es<br \/>\nde LCA?<\/p>\n<p>Desafio 2\u00a0\u2013 Na constru\u00e7\u00e3o do diagn\u00f3stico cin\u00e9tico funcional, quais os itens\/achados avaliativos<br \/>\ndevem ser considerados neste caso? Comente-os.<\/p>\n<p>Desafio 3 \u2013 Quais os objetivos fisioterap\u00eauticos neste caso?<\/p>\n<p>Desafio 4 \u2013 Quais as interven\u00e7\u00f5es fisioterap\u00eauticas mais efetivas para prevenir les\u00f5es de LCA?<\/p>\n<p>Desafio 5 \u2013 Do ponto de vista \u00e9tico, quais s\u00e3o os pontos que o fisioterapeuta deve se atentar numa<br \/>\npr\u00e1tica cl\u00ednica como esta?<\/p>\n<div class=\"elementor-toggle-item\">\n<h4 id=\"elementor-tab-title-1941\" class=\"elementor-tab-title elementor-active\" tabindex=\"0\" role=\"tab\" data-tab=\"1\" aria-controls=\"elementor-tab-content-1941\" aria-expanded=\"true\" aria-selected=\"true\">Como funciona?<\/h4>\n<div id=\"elementor-tab-content-1941\" class=\"elementor-tab-content elementor-clearfix elementor-active\" role=\"tabpanel\" data-tab=\"1\" aria-labelledby=\"elementor-tab-title-1941\">\n<p>Elaboramos os portf\u00f3lios, j\u00e1 deixamos prontos, nas normas da ABNT e conforme os requisitos da universidade. F\u00e1cil assim! O MELHOR \u00c9 QUE VOC\u00ca COMPRA E J\u00c1 BAIXA NA HORA O SEU ARQUIVO EM WORD! Sabemos que conciliar trabalho, fam\u00edlia, vida profissional e estudos \u00e9 dif\u00edcil hoje em dia, por isso, estamos aqui para ajudar voc\u00ea. Conte com nossa qualidade, experi\u00eancia e profissionalismo adquirindo seu portf\u00f3lio conosco. GARANTIMOS SEU CONCEITO!<\/p>\n<h4>Como se realizam os envios?<\/h4>\n<\/div>\n<\/div>\n<div class=\"elementor-toggle-item\">\n<div id=\"elementor-tab-content-1942\" class=\"elementor-tab-content elementor-clearfix elementor-active\" role=\"tabpanel\" data-tab=\"2\" aria-labelledby=\"elementor-tab-title-1942\">O seu trabalho \u00e9 disponibilizado pronto, respondido e nas normas j\u00e1 na mesma hora aqui em nosso site na sua \u00e1rea de downloads e tamb\u00e9m no seu e-mail.<\/div>\n<\/div>\n<div class=\"elementor-toggle-item\">\n<div id=\"elementor-tab-content-1943\" class=\"elementor-tab-content elementor-clearfix elementor-active\" role=\"tabpanel\" data-tab=\"3\" aria-labelledby=\"elementor-tab-title-1943\">\n<h4>Em quanto tempo recebo o portf\u00f3lio?<\/h4>\n<\/div>\n<\/div>\n<div class=\"elementor-toggle-item\">\n<div id=\"elementor-tab-content-1944\" class=\"elementor-tab-content elementor-clearfix elementor-active\" role=\"tabpanel\" data-tab=\"4\" aria-labelledby=\"elementor-tab-title-1944\">\n<p>Os envios s\u00e3o imediatos. Ap\u00f3s sua compra, o trabalho j\u00e1 \u00e9 disponibilizado instantaneamente aqui em nosso site e no seu e-mail.<\/p>\n<h4>E se o portf\u00f3lio que comprei precisar de corre\u00e7\u00e3o?<\/h4>\n<\/div>\n<\/div>\n<div class=\"elementor-toggle-item\">\n<div id=\"elementor-tab-content-1945\" class=\"elementor-tab-content elementor-clearfix elementor-active\" role=\"tabpanel\" data-tab=\"5\" aria-labelledby=\"elementor-tab-title-1945\">\n<p>Caso haja alguma solicita\u00e7\u00e3o de corre\u00e7\u00e3o\/altera\u00e7\u00e3o por parte do tutor, basta entrar em contato conosco pelo\u00a0WhatsApp\u00a0que provid\u00eanciaremos sem custo algum.<\/p>\n<h4>Qual o formato do arquivo?<\/h4>\n<\/div>\n<\/div>\n<div class=\"elementor-toggle-item\">\n<div id=\"elementor-tab-content-1946\" class=\"elementor-tab-content elementor-clearfix elementor-active\" role=\"tabpanel\" data-tab=\"6\" aria-labelledby=\"elementor-tab-title-1946\">\n<p>Os arquivos s\u00e3o enviados em formato Word e s\u00e3o edit\u00e1veis.<\/p>\n<h4>Caso eu tiver alguma d\u00favida, terei suporte no p\u00f3s venda?<\/h4>\n<\/div>\n<\/div>\n<div class=\"elementor-toggle-item\">\n<div id=\"elementor-tab-content-1948\" class=\"elementor-tab-content elementor-clearfix elementor-active\" role=\"tabpanel\" data-tab=\"8\" aria-labelledby=\"elementor-tab-title-1948\">\n<p>Sim, com certeza. Basta clicar no \u00edcone do WhatsApp no cantinho da tela. Ser\u00e1 um prazer atend\u00ea-lo(a).<\/p>\n<div class=\"elementor-toggle-item\">\n<div id=\"elementor-tab-content-1948\" class=\"elementor-tab-content elementor-clearfix elementor-active\" role=\"tabpanel\" data-tab=\"8\" aria-labelledby=\"elementor-tab-title-1948\">\n<h4>Quais os seus canais de contato?<\/h4>\n<\/div>\n<\/div>\n<div class=\"elementor-toggle-item\">\n<div id=\"elementor-tab-content-1949\" class=\"elementor-tab-content elementor-clearfix elementor-active\" role=\"tabpanel\" data-tab=\"9\" aria-labelledby=\"elementor-tab-title-1949\">\n<p>Whatsapp: 53 984751621 \u2013 Clicar no canto da tela ou ESCANEIE O QRCODE ABAIXO<\/p>\n<p><img decoding=\"async\" class=\"alignnone wp-image-7603\" src=\"http:\/\/portifolioos-prontos.com\/wp-content\/uploads\/2022\/09\/portfolio-unopar-pronto-colaborar-ava-producao-textual-interdisciplinar.png\" alt=\"\" width=\"141\" height=\"141\" srcset=\"https:\/\/portifolioos-prontos.com\/wp-content\/uploads\/2022\/09\/portfolio-unopar-pronto-colaborar-ava-producao-textual-interdisciplinar.png 150w, https:\/\/portifolioos-prontos.com\/wp-content\/uploads\/2022\/09\/portfolio-unopar-pronto-colaborar-ava-producao-textual-interdisciplinar-100x100.png 100w\" sizes=\"(max-width: 141px) 100vw, 141px\" \/><\/p>\n<\/div>\n<\/div>\n<\/div>\n<\/div>\n<div class=\"elementor-toggle-item\">\n<div id=\"elementor-tab-content-1949\" class=\"elementor-tab-content elementor-clearfix elementor-active\" role=\"tabpanel\" data-tab=\"9\" aria-labelledby=\"elementor-tab-title-1949\">\n<p>E-mail:portifoliosp@gmail.com<\/p>\n<div id=\"attachment_143\" class=\"wp-caption alignnone\">\n<div id=\"attachment_143\" class=\"wp-caption alignnone\" style=\"width: 154px;\">\n<p><a href=\"http:\/\/portifolioos-prontos.com\/\"><img decoding=\"async\" class=\"wp-image-143 jetpack-lazy-image jetpack-lazy-image--handled\" title=\"portfolio pronto unopar\" src=\"https:\/\/i0.wp.com\/portifolioos-prontos.com\/wp-content\/uploads\/2022\/04\/conceitomaximo.png?resize=161%2C46\" alt=\"PORTFOLIO PRONTO UNOPAR ANHANGUERA\" width=\"154\" height=\"44\" aria-describedby=\"caption-attachment-143\" data-recalc-dims=\"1\" data-lazy-loaded=\"1\" \/><\/a><\/p>\n<p id=\"caption-attachment-143\" class=\"wp-caption-text\">Portf\u00f3lio em Word, respondido, completo e j\u00e1 nas normas.<\/p>\n<\/div>\n<\/div>\n<\/div>\n<\/div>\n","protected":false},"excerpt":{"rendered":"<p>Portf\u00f3lio Politraumatismo e a atua\u00e7\u00e3o fisioterap\u00eautica 2022-2 A proposta de Produ\u00e7\u00e3o Textual Interdisciplinar em Grupo (PTG) ter\u00e1 como tem\u00e1tica \u201cPolitraumatismo e a atua\u00e7\u00e3o fisioterap\u00eautica\u201d. Esta tem\u00e1tica foi desenvolvida com intuito de aliar os aspectos pr\u00e1ticos da profiss\u00e3o com o conhecimento das respostas fisiol\u00f3gicas e bioqu\u00edmicas diante do trauma. Para tanto, apresentamos a seguir as orienta\u00e7\u00f5es&hellip;<\/p>\n","protected":false},"featured_media":7820,"template":"","meta":{"_seopress_robots_primary_cat":"none","_seopress_titles_title":"%%post_title%% %%sitetitle%%","_seopress_titles_desc":"","_seopress_robots_index":""},"product_cat":[70,15],"product_tag":[],"class_list":{"0":"post-7386","1":"product","2":"type-product","3":"status-publish","4":"has-post-thumbnail","6":"product_cat-fisioterapia","7":"product_cat-uncategorized","9":"first","10":"instock","11":"downloadable","12":"virtual","13":"purchasable","14":"product-type-simple","15":"col-xs-6 col-sm-4","16":"col-mf-5","17":"un-5-cols"},"jetpack_sharing_enabled":true,"_links":{"self":[{"href":"https:\/\/portifolioos-prontos.com\/index.php\/wp-json\/wp\/v2\/product\/7386","targetHints":{"allow":["GET"]}}],"collection":[{"href":"https:\/\/portifolioos-prontos.com\/index.php\/wp-json\/wp\/v2\/product"}],"about":[{"href":"https:\/\/portifolioos-prontos.com\/index.php\/wp-json\/wp\/v2\/types\/product"}],"version-history":[{"count":0,"href":"https:\/\/portifolioos-prontos.com\/index.php\/wp-json\/wp\/v2\/product\/7386\/revisions"}],"wp:featuredmedia":[{"embeddable":true,"href":"https:\/\/portifolioos-prontos.com\/index.php\/wp-json\/wp\/v2\/media\/7820"}],"wp:attachment":[{"href":"https:\/\/portifolioos-prontos.com\/index.php\/wp-json\/wp\/v2\/media?parent=7386"}],"wp:term":[{"taxonomy":"product_cat","embeddable":true,"href":"https:\/\/portifolioos-prontos.com\/index.php\/wp-json\/wp\/v2\/product_cat?post=7386"},{"taxonomy":"product_tag","embeddable":true,"href":"https:\/\/portifolioos-prontos.com\/index.php\/wp-json\/wp\/v2\/product_tag?post=7386"}],"curies":[{"name":"wp","href":"https:\/\/api.w.org\/{rel}","templated":true}]}}