{"id":7543,"date":"2022-08-31T22:11:56","date_gmt":"2022-09-01T01:11:56","guid":{"rendered":"https:\/\/portifolioos-prontos.com\/?post_type=product&#038;p=7543"},"modified":"2022-09-20T21:43:59","modified_gmt":"2022-09-21T00:43:59","slug":"atividade-pratica-terapias-alternativas-e-qualidade-de-vida","status":"publish","type":"product","link":"https:\/\/portifolioos-prontos.com\/index.php\/product\/atividade-pratica-terapias-alternativas-e-qualidade-de-vida\/","title":{"rendered":"Atividade pr\u00e1tica TERAPIAS ALTERNATIVAS E QUALIDADE DE VIDA"},"content":{"rendered":"<h4>Atividade pr\u00e1tica TERAPIAS ALTERNATIVAS E QUALIDADE DE VIDA<\/h4>\n<p><strong>OBJETIVOS<\/strong><br \/>\nA proposta desta atividade pr\u00e1tica est\u00e1 amparada nos seguintes objetivos:<br \/>\n&#8211; Promover a reflex\u00e3o sobre o que \u00e9 qualidade de vida.<br \/>\n&#8211; Refletir sobre a atua\u00e7\u00e3o das Terapias alternativas da vida e sa\u00fade dos indiv\u00edduos.<br \/>\n&#8211; Aprofundar os conhecimentos sobre as terapias alternativas e qualidade de vida.<\/p>\n<p><strong>RECURSOS<\/strong><br \/>\nComputador com acesso \u00e0 internet e ao ambiente virtual<\/p>\n<p><strong>PROCEDIMENTOS PR\u00c1TICOS<\/strong><br \/>\nAtividade proposta<br \/>\nQual o real significado de qualidade vida e sua import\u00e2ncia nos dias atuais.<br \/>\nProcedimentos para a realiza\u00e7\u00e3o da atividade<br \/>\n<strong>1)<\/strong> \u201cConsiderando o indiv\u00edduo na sua dimens\u00e3o global \u2013 sem perder de vista a sua singularidade,<br \/>\nquando da explica\u00e7\u00e3o de seus processos de adoecimento e de sa\u00fade \u2013, a Pol\u00edtica Ncional de<br \/>\nPr\u00e1ticas Integrativas e Complementares (PNPIC) corrobora para a integralidade da aten\u00e7\u00e3o \u00e0<br \/>\nsa\u00fade, princ\u00edpio este que requer tamb\u00e9m a intera\u00e7\u00e3o das a\u00e7\u00f5es e servi\u00e7os existentes no SUS.<br \/>\nEstudos t\u00eam demonstrado que tais abordagens contribuem para a amplia\u00e7\u00e3o da<br \/>\ncorresponsabilidade dos indiv\u00edduos pela sa\u00fade, aumentando, assim, o exerc\u00edcio da cidadania.<br \/>\nDe outra parte, a busca pela amplia\u00e7\u00e3o da oferta de a\u00e7\u00f5es de sa\u00fade tem, na implanta\u00e7\u00e3o ou<br \/>\nimplementa\u00e7\u00e3o da PNPIC no SUS, a abertura de possibilidades de acesso a servi\u00e7os antes<br \/>\nrestritos \u00e0 pr\u00e1tica de cunho privado. A melhoria dos servi\u00e7os e o incremento de diferentes<br \/>\nabordagens configuram, desse modo, prioridades do Minist\u00e9rio da Sa\u00fade, tornando dispon\u00edveis<br \/>\nop\u00e7\u00f5es preventivas e terap\u00eauticas aos usu\u00e1rios do SUS. Esta Pol\u00edtica Nacional de Pr\u00e1ticas<br \/>\nIntegrativas e Complementares busca, portanto, concretizar tais prioridades, imprimindo-lhes a<br \/>\nnecess\u00e1ria seguran\u00e7a, efic\u00e1cia e qualidade na perspectiva da integralidade da aten\u00e7\u00e3o \u00e0<br \/>\nsa\u00fade no Brasil\u201d (Minist\u00e9rio da Sa\u00fade. Pol\u00edtica Nacional de Pr\u00e1ticas Integrativas e<br \/>\nComplementares no SUS. 2\u00aaed. Bras\u00edlia, 2015. Dispon\u00edvel em:<br \/>\nhttps:\/\/bvsms.saude.gov.br\/bvs\/publicacoes\/politica_nacional_praticas_integrativas_compleme<br \/>\nntares_2ed.pdf).<br \/>\nAinda, a Organiza\u00e7\u00e3o Mundial de Sa\u00fade (OMS) define sa\u00fade como \u201cum estado de completo<br \/>\nbem-estar f\u00edsico, mental e social e n\u00e3o apenas a aus\u00eancia de doen\u00e7a\u201d.<br \/>\nInterpretando o trecho acima e a defini\u00e7\u00e3o da OMS, descreva, de forma ampla e completa o que<br \/>\nsignifica o termo \u201cQualidade de Vida\u201d.<br \/>\n<strong>2)<\/strong> De acordo com a OMS, as Pr\u00e1ticas Integrativas e Complementares em Sa\u00fade (PICS) fazem<br \/>\nparte da Medicina Tradicional e Complementar.<br \/>\nEstas pr\u00e1ticas t\u00eam crescido no mundo todo, incluindo pa\u00edses desenvolvidos onde a medicina<br \/>\nconvencional ou alop\u00e1tica tem se estabelecido nos sistemas de sa\u00fade.<br \/>\nEstes sistemas de cuidado n\u00e3o precisam se confrontar; podem se completar em uma harmonia<br \/>\nben\u00e9fica, usando os melhores recursos que cada um oferece a fim de oferecer o melhor e mais<br \/>\ncompleto atendimento ao indiv\u00edduo.<br \/>\nAl\u00e9m disso, o Brasil \u00e9 considerado refer\u00eancia mundial na \u00e1rea de pr\u00e1ticas integrativas e<br \/>\ncomplementares na aten\u00e7\u00e3o b\u00e1sica, pois investe em preven\u00e7\u00e3o e promo\u00e7\u00e3o \u00e0 sa\u00fade e n\u00e3o<br \/>\nsomente na cura. Dessa forma, leva mais sa\u00fade e qualidade de vida \u00e0 popula\u00e7\u00e3o.<br \/>\nNeste momento, voc\u00ea dever\u00e1 buscar por refer\u00eancias confi\u00e1veis a respeito destas pr\u00e1ticas para<br \/>\nentender as raz\u00f5es que t\u00eam levados os ind\u00edviduos e buscarem por tais tratamentos. Busque<br \/>\nrefletir tamb\u00e9m sobre quais s\u00e3o os pontos em comum nas diferentes t\u00e9cnicas complemntares.<br \/>\nAgora responda de forma clara e completa:<br \/>\n&#8211; O que tem levado ao grande sucesso das PICS, mundialmente falando?<br \/>\n&#8211; Qual olhar as diferentes pr\u00e1ticas possui sobre o indiv\u00edduo e sua sa\u00fade que faz com que<br \/>\ntenham uma taxa de sucesso elevada tanto em tratamentos preventivos quanto em<br \/>\ntratamentos curativos?<br \/>\n<strong>3)<\/strong> H\u00e1 quase dois anos atr\u00e1s, quando a pandemia de Covid-19 surgiu pareceu, por um momento,<br \/>\nque seria \u201cagrad\u00e1vel\u201d ficar em isolamento social, curtir a vida familiar e passar alguns dias longe<br \/>\ndo trabalho e estudos. Por\u00e9m, esta cena que parecia curta e leve, vem se estendendo e<br \/>\ndeixando sequelas graves, n\u00e3o s\u00f3 naqueles que contrairam a doen\u00e7a.<br \/>\nAs PICS s\u00e3o reconhecidas pela OMS e esta orienta a ado\u00e7\u00e3o das pr\u00e1ticas pelos sistemas<br \/>\nnacionais de sa\u00fade de diferentes pa\u00edses.<br \/>\nCom a chegada da Covid-19, o Conselho Nacional de Sa\u00fade recomenta a divulga\u00e7\u00e3o e inclus\u00e3o<br \/>\ndas pr\u00e1ticas na assit\u00eancia ao tratamento para cambater a doen\u00e7a (Minist\u00e9rio da Sa\u00fade,<br \/>\nConselho Nacional de Sa\u00fade, Governo Federal. Covid-19: CNS recomenda divulga\u00e7\u00e3o de<br \/>\nPr\u00e1ticas Integrativas e Complementares em Sa\u00fade (Pics) na assist\u00eancia ao tratamento.<br \/>\n22\/maio\/2020).<br \/>\nComplementando, as pr\u00e1ticas em quest\u00e3o tiveram grande aumento de procurar ap\u00f3s o in\u00edcio da<br \/>\npandemia, para melhorar diversas condi\u00e7\u00f5es de sa\u00fade para melhor enfrentamento da situa\u00e7\u00e3o<br \/>\nem que estamos vivenciando.<br \/>\nDiferentes altera\u00e7\u00f5es de sa\u00fade est\u00e3o sendo experenciadas pelas popula\u00e7\u00e3o: queda da<br \/>\nimunidade, estresse, mudan\u00e7as nos h\u00e1bitos de vida (alimenta\u00e7\u00e3o, pr\u00e1tica de atividade f\u00edsica,<br \/>\nconv\u00edvio social, atividades religiosas, novas formas de trabalho e estudo, etc.).<br \/>\nDessa forma, responda:<br \/>\n&#8211; Como as terapias alternativas podem auxiliar os ind\u00edviduos durante a pandemia?<br \/>\n&#8211; Descreva 3 diferentes exemplos pr\u00e1ticos de aux\u00edlio proporcionados pelas terapias alternativas<br \/>\nneste momento hist\u00f3rico \u00fanico.<br \/>\n<strong>Checklist<\/strong><br \/>\nPrincipais etapas para a completude da atividade pr\u00e1tica:<br \/>\n&#8211; Qual o significado do termo \u201cQualidade de Vida\u201d.<br \/>\n&#8211; Busca pelas PICS e o olhar destas pr\u00e1ticas sobre o indiv\u00edduo e a sua sa\u00fade.<br \/>\n&#8211; Terapias alternativas e o aux\u00edlio promovido durante a pandemia.<br \/>\n<strong>RESULTADO<\/strong><br \/>\nEntrega de um arquivo word que contemple todas as etapas da atividade pr\u00e1tica,<br \/>\nconforme apresentado no checklist.<\/p>\n<div class=\"elementor-toggle-item\">\n<h4 id=\"elementor-tab-title-1941\" class=\"elementor-tab-title elementor-active\" tabindex=\"0\" role=\"tab\" data-tab=\"1\" aria-controls=\"elementor-tab-content-1941\" aria-expanded=\"true\" aria-selected=\"true\">Como funciona?<\/h4>\n<div id=\"elementor-tab-content-1941\" class=\"elementor-tab-content elementor-clearfix elementor-active\" role=\"tabpanel\" data-tab=\"1\" aria-labelledby=\"elementor-tab-title-1941\">\n<p>Elaboramos os portf\u00f3lios, j\u00e1 deixamos prontos, nas normas da ABNT e conforme os requisitos da universidade. F\u00e1cil assim! O MELHOR \u00c9 QUE VOC\u00ca COMPRA E J\u00c1 BAIXA NA HORA O SEU ARQUIVO EM WORD! Sabemos que conciliar trabalho, fam\u00edlia, vida profissional e estudos \u00e9 dif\u00edcil hoje em dia, por isso, estamos aqui para ajudar voc\u00ea. Conte com nossa qualidade, experi\u00eancia e profissionalismo adquirindo seu portf\u00f3lio conosco. GARANTIMOS SEU CONCEITO!<\/p>\n<h4>Como se realizam os envios?<\/h4>\n<\/div>\n<\/div>\n<div class=\"elementor-toggle-item\">\n<div id=\"elementor-tab-content-1942\" class=\"elementor-tab-content elementor-clearfix elementor-active\" role=\"tabpanel\" data-tab=\"2\" aria-labelledby=\"elementor-tab-title-1942\">O seu trabalho \u00e9 disponibilizado pronto, respondido e nas normas j\u00e1 na mesma hora aqui em nosso site na sua \u00e1rea de downloads e tamb\u00e9m no seu e-mail.<\/div>\n<\/div>\n<div class=\"elementor-toggle-item\">\n<div id=\"elementor-tab-content-1943\" class=\"elementor-tab-content elementor-clearfix elementor-active\" role=\"tabpanel\" data-tab=\"3\" aria-labelledby=\"elementor-tab-title-1943\">\n<h4>Em quanto tempo recebo o portf\u00f3lio?<\/h4>\n<\/div>\n<\/div>\n<div class=\"elementor-toggle-item\">\n<div id=\"elementor-tab-content-1944\" class=\"elementor-tab-content elementor-clearfix elementor-active\" role=\"tabpanel\" data-tab=\"4\" aria-labelledby=\"elementor-tab-title-1944\">\n<p>Os envios s\u00e3o imediatos. Ap\u00f3s sua compra, o trabalho j\u00e1 \u00e9 disponibilizado instantaneamente aqui em nosso site e no seu e-mail.<\/p>\n<h4>E se o portf\u00f3lio que comprei precisar de corre\u00e7\u00e3o?<\/h4>\n<\/div>\n<\/div>\n<div class=\"elementor-toggle-item\">\n<div id=\"elementor-tab-content-1945\" class=\"elementor-tab-content elementor-clearfix elementor-active\" role=\"tabpanel\" data-tab=\"5\" aria-labelledby=\"elementor-tab-title-1945\">\n<p>Caso haja alguma solicita\u00e7\u00e3o de corre\u00e7\u00e3o\/altera\u00e7\u00e3o por parte do tutor, basta entrar em contato conosco pelo\u00a0WhatsApp\u00a0que provid\u00eanciaremos sem custo algum.<\/p>\n<h4>Qual o formato do arquivo?<\/h4>\n<\/div>\n<\/div>\n<div class=\"elementor-toggle-item\">\n<div id=\"elementor-tab-content-1946\" class=\"elementor-tab-content elementor-clearfix elementor-active\" role=\"tabpanel\" data-tab=\"6\" aria-labelledby=\"elementor-tab-title-1946\">\n<p>Os arquivos s\u00e3o enviados em formato Word e s\u00e3o edit\u00e1veis.<\/p>\n<h4>Caso eu tiver alguma d\u00favida, terei suporte no p\u00f3s venda?<\/h4>\n<\/div>\n<\/div>\n<div class=\"elementor-toggle-item\">\n<div id=\"elementor-tab-content-1948\" class=\"elementor-tab-content elementor-clearfix elementor-active\" role=\"tabpanel\" data-tab=\"8\" aria-labelledby=\"elementor-tab-title-1948\">\n<p>Sim, com certeza. Basta clicar no \u00edcone do WhatsApp no cantinho da tela. Ser\u00e1 um prazer atend\u00ea-lo(a).<\/p>\n<h4>Quais os seus canais de contato?<\/h4>\n<\/div>\n<\/div>\n<div class=\"elementor-toggle-item\">\n<div id=\"elementor-tab-content-1949\" class=\"elementor-tab-content elementor-clearfix elementor-active\" role=\"tabpanel\" data-tab=\"9\" aria-labelledby=\"elementor-tab-title-1949\">\n<p>Whatsapp: 53 984751621 \u2013 Clicar no canto da tela ou ESCANEIE O QRCODE ABAIXO<\/p>\n<p><img decoding=\"async\" class=\"alignnone wp-image-7603\" src=\"http:\/\/portifolioos-prontos.com\/wp-content\/uploads\/2022\/09\/portfolio-unopar-pronto-colaborar-ava-producao-textual-interdisciplinar.png\" alt=\"terapias alternativas e qualidade de vida,portf\u00f3lio TERAPIAS ALTERNATIVAS E QUALIDADE DE VIDA,atividade pr\u00e1tica terapias alternativas e qualidade de vida,portfolio pronto terapias alternativas e qualidade de vida,portf\u00f3lio pronto terapias alternativas e qualidade de vida\" width=\"141\" height=\"141\" srcset=\"https:\/\/portifolioos-prontos.com\/wp-content\/uploads\/2022\/09\/portfolio-unopar-pronto-colaborar-ava-producao-textual-interdisciplinar.png 150w, https:\/\/portifolioos-prontos.com\/wp-content\/uploads\/2022\/09\/portfolio-unopar-pronto-colaborar-ava-producao-textual-interdisciplinar-100x100.png 100w\" sizes=\"(max-width: 141px) 100vw, 141px\" \/><\/p>\n<p>E-mail:portifoliosp@gmail.com<\/p>\n<div id=\"attachment_143\" class=\"wp-caption alignnone\">\n<div id=\"attachment_143\" class=\"wp-caption alignnone\" style=\"width: 154px;\">\n<p><a href=\"http:\/\/portifolioos-prontos.com\/\"><img decoding=\"async\" class=\"wp-image-143 jetpack-lazy-image jetpack-lazy-image--handled\" title=\"portfolio pronto unopar\" src=\"https:\/\/i0.wp.com\/portifolioos-prontos.com\/wp-content\/uploads\/2022\/04\/conceitomaximo.png?resize=161%2C46\" alt=\"PORTFOLIO PRONTO UNOPAR ANHANGUERA\" width=\"154\" height=\"44\" aria-describedby=\"caption-attachment-143\" data-recalc-dims=\"1\" data-lazy-loaded=\"1\" \/><\/a><\/p>\n<p id=\"caption-attachment-143\" class=\"wp-caption-text\">Portf\u00f3lio em Word, respondido, completo e j\u00e1 nas normas.<\/p>\n<\/div>\n<\/div>\n<\/div>\n<\/div>\n","protected":false},"excerpt":{"rendered":"<p>Atividade pr\u00e1tica TERAPIAS ALTERNATIVAS E QUALIDADE DE VIDA OBJETIVOS A proposta desta atividade pr\u00e1tica est\u00e1 amparada nos seguintes objetivos: &#8211; Promover a reflex\u00e3o sobre o que \u00e9 qualidade de vida. &#8211; Refletir sobre a atua\u00e7\u00e3o das Terapias alternativas da vida e sa\u00fade dos indiv\u00edduos. &#8211; Aprofundar os conhecimentos sobre as terapias alternativas e qualidade de&hellip;<\/p>\n","protected":false},"featured_media":7545,"template":"","meta":{"_seopress_robots_primary_cat":"none","_seopress_titles_title":"%%post_title%% %%sitetitle%%","_seopress_titles_desc":"","_seopress_robots_index":""},"product_cat":[30,15],"product_tag":[],"class_list":{"0":"post-7543","1":"product","2":"type-product","3":"status-publish","4":"has-post-thumbnail","6":"product_cat-farmacia","7":"product_cat-uncategorized","9":"first","10":"instock","11":"downloadable","12":"virtual","13":"purchasable","14":"product-type-simple","15":"col-xs-6 col-sm-4","16":"col-mf-5","17":"un-5-cols"},"jetpack_sharing_enabled":true,"_links":{"self":[{"href":"https:\/\/portifolioos-prontos.com\/index.php\/wp-json\/wp\/v2\/product\/7543","targetHints":{"allow":["GET"]}}],"collection":[{"href":"https:\/\/portifolioos-prontos.com\/index.php\/wp-json\/wp\/v2\/product"}],"about":[{"href":"https:\/\/portifolioos-prontos.com\/index.php\/wp-json\/wp\/v2\/types\/product"}],"version-history":[{"count":0,"href":"https:\/\/portifolioos-prontos.com\/index.php\/wp-json\/wp\/v2\/product\/7543\/revisions"}],"wp:featuredmedia":[{"embeddable":true,"href":"https:\/\/portifolioos-prontos.com\/index.php\/wp-json\/wp\/v2\/media\/7545"}],"wp:attachment":[{"href":"https:\/\/portifolioos-prontos.com\/index.php\/wp-json\/wp\/v2\/media?parent=7543"}],"wp:term":[{"taxonomy":"product_cat","embeddable":true,"href":"https:\/\/portifolioos-prontos.com\/index.php\/wp-json\/wp\/v2\/product_cat?post=7543"},{"taxonomy":"product_tag","embeddable":true,"href":"https:\/\/portifolioos-prontos.com\/index.php\/wp-json\/wp\/v2\/product_tag?post=7543"}],"curies":[{"name":"wp","href":"https:\/\/api.w.org\/{rel}","templated":true}]}}