{"id":8632,"date":"2022-09-23T15:43:32","date_gmt":"2022-09-23T18:43:32","guid":{"rendered":"https:\/\/portifolioos-prontos.com\/?post_type=product&#038;p=8632"},"modified":"2022-10-11T21:56:18","modified_gmt":"2022-10-12T00:56:18","slug":"portfolio-os-conflitos-pela-vida-e-terras-indigenas","status":"publish","type":"product","link":"https:\/\/portifolioos-prontos.com\/index.php\/product\/portfolio-os-conflitos-pela-vida-e-terras-indigenas\/","title":{"rendered":"Portf\u00f3lio Os conflitos pela vida e terras ind\u00edgenas"},"content":{"rendered":"<h4>Portf\u00f3lio Os conflitos pela vida e terras ind\u00edgenas<\/h4>\n<h4>Curso: Sociologia &#8211; Licenciatura Semestre: 5\u00b0 \/ 6\u00ba<\/h4>\n<p>A Produ\u00e7\u00e3o Textual Interdisciplinar em Individual (PTI) ter\u00e1 como tem\u00e1tica: <strong>\u201cOs conflitos<\/strong><br \/>\n<strong>pela vida e terras ind\u00edgenas\u201d<\/strong>. O objetivo principal desta reflex\u00e3o, no contexto atual, consiste em<br \/>\npromover as habilidades e as compet\u00eancias necess\u00e1rias para a compreens\u00e3o de uma problem\u00e1tica<br \/>\nsocial de invas\u00e3o de territ\u00f3rios ind\u00edgenas, no qual muitas vezes, culmina com a viola\u00e7\u00e3o dos direitos<br \/>\nde existir desses povos origin\u00e1rios brasileiros.<br \/>\nPara o desenvolvimento deste trabalho ser\u00e1 necess\u00e1rio operacionalizar um conjunto de<br \/>\nsaberes e reflex\u00f5es antropol\u00f3gicas, sociol\u00f3gicas, pol\u00edticas e econ\u00f4micas para entender criticamente<br \/>\na exist\u00eancia da diversidade das culturas, das formas de organiza\u00e7\u00e3o social, e analisar o papel do<br \/>\nEstado brasileiro em rela\u00e7\u00e3o \u00e0 assist\u00eancia e amparo \u00e0 popula\u00e7\u00e3o ind\u00edgena origin\u00e1ria do Brasil, ao<br \/>\nlongo de nossa forma\u00e7\u00e3o social.<br \/>\nDessa forma, a proposta \u00e9 provoc\u00e1-lo(a) \u00e0 reflex\u00e3o cr\u00edtica sobre os conflitos pela vida e<br \/>\nterras ind\u00edgenas, e o modo como o Estado, e parte da sociedade civil, ainda reproduzem a narrativa<br \/>\nde desvaloriza\u00e7\u00e3o e n\u00e3o reconhecimento da popula\u00e7\u00e3o ind\u00edgena brasileira. E as a\u00e7\u00f5es de viol\u00eancia e<br \/>\nviola\u00e7\u00e3o dos direitos de existir destes povos, agravados na atual conjuntura hist\u00f3rica.<\/p>\n<p><strong>SITUA\u00c7\u00c3O GERADORA DE APRENDIZAGEM (SGA)<\/strong><\/p>\n<p>Desde o per\u00edodo colonial, sabemos que o contato entre os colonos europeus e os povos<br \/>\naut\u00f3ctones que aqui viviam, se estabeleceu por uma rela\u00e7\u00e3o de domina\u00e7\u00e3o, tendo sido marcado<br \/>\npela intensa viol\u00eancia. Guardadas as especificidades dos distintos per\u00edodos de nossa forma\u00e7\u00e3o<br \/>\nhist\u00f3rica, os conflitos em torno da demarca\u00e7\u00e3o de terras ind\u00edgenas permaneceram (e permanecem<br \/>\nnos dias de hoje) na sociedade brasileira.<br \/>\nUma das \u2018conquistas\u2019 obtidas em rela\u00e7\u00e3o \u00e0 afirma\u00e7\u00e3o das identidades ind\u00edgenas no Brasil nas<br \/>\n\u00faltimas d\u00e9cadas se deu com a promulga\u00e7\u00e3o da Constitui\u00e7\u00e3o de 1988. Este documento foi o marco<br \/>\njur\u00eddico extremamente importante no processo de (re)afirma\u00e7\u00e3o da identidade ind\u00edgena, bem<br \/>\ncomo do direito \u00e0 terra e o seu territ\u00f3rio pelos povos origin\u00e1rios. Os direitos assegurados aos<br \/>\nind\u00edgenas no texto constitucional devem ser interpretados como uma conquista do movimento<br \/>\nind\u00edgena. Um avan\u00e7o na Constitui\u00e7\u00e3o de 1988 com rela\u00e7\u00e3o a outros textos constitucionais \u00e9 o<br \/>\nreconhecimento dos direitos dos ind\u00edgenas sobre suas terras como um direito \u2018origin\u00e1rio\u2019, ou seja,<br \/>\numa concess\u00e3o referente ao fato destes povos serem os primeiros habitantes do pa\u00eds.<br \/>\nDistante de se esgotarem os conflitos existentes em torno da demarca\u00e7\u00e3o de terras<br \/>\nind\u00edgenas no Brasil, observa-se um acirramento desses conflitos sociais, sobretudo nos \u00faltimos<br \/>\nanos, motivado pelos interesses do sistema capitalista neoliberal, no qual se reverberam em<br \/>\ntentativas de altera\u00e7\u00e3o do texto constitucional. No Congresso Nacional, essas disputas, em resumo,<br \/>\ntem o objetivo de retirada de direitos dos povos ind\u00edgenas, em detrimento dos interesses<br \/>\necon\u00f4micos de madeireiros, garimpeiros e\/ou fazendeiros, mediante a atua\u00e7\u00e3o de representantes<br \/>\nparlamentares. Nesse sentido, torna-se essencial uma an\u00e1lise sociol\u00f3gica cr\u00edtica da conjuntura<br \/>\npol\u00edtica do Brasil e as iminentes amea\u00e7as aos direitos dos povos ind\u00edgenas, com o intuito de<br \/>\nenfrentamento ao atual cen\u00e1rio de retrocessos em que estamos vivenciando na atualidade.<\/p>\n<p><strong>SITUA\u00c7\u00c3O PROBLEMA (SP)<\/strong><\/p>\n<p>Dois recentes assassinatos chamaram a aten\u00e7\u00e3o n\u00e3o s\u00f3 do Brasil, mas do mundo para os<br \/>\nintensos conflitos em uma regi\u00e3o da Amaz\u00f4nia brasileira que faz fronteira com Col\u00f4mbia e Peru. O<br \/>\nPRODU\u00c7\u00c3O TEXTUAL<br \/>\nINTERDISCIPLINAR<br \/>\nINDIVIDUAL \u2013 PTI<br \/>\nindigenista e funcion\u00e1rio da FUNAI Bruno Ara\u00fajo Pereira e o jornalista ingl\u00eas Dom Phillips, foram<br \/>\nmortos no dia 05 de julho de 2022. A regi\u00e3o \u00e9 habitada por etnias ind\u00edgenas, algumas ainda n\u00e3o<br \/>\ncontatadas e isoladas, bem como por popula\u00e7\u00f5es ribeirinhas. No local encontra-se tamb\u00e9m a Terra<br \/>\nInd\u00edgena do Vale do Javari, territ\u00f3rio localizado nos munic\u00edpios de Atalaia do Norte e Guajar\u00e1.<br \/>\nBruno Pereira tinha um hist\u00f3rico de luta de defesa dos territ\u00f3rios ind\u00edgenas da Amaz\u00f4nia, no<br \/>\ncombate ao garimpo ilegal, \u00e0 ca\u00e7a e pesca ilegal e \u00e0s constantes viola\u00e7\u00f5es dos direitos humanos das<br \/>\npopula\u00e7\u00f5es nativas. E o jornalista ingl\u00eas produzia uma reportagem e um livro denunciando os<br \/>\ncrimes cometidos na regi\u00e3o bem como a resist\u00eancia dos povos origin\u00e1rios em defesa de seus<br \/>\nterrit\u00f3rios tradicionais.<br \/>\nO Brasil \u00e9 um dos pa\u00edses onde mais morrem defensores do meio ambiente em todo o<br \/>\nmundo, conforme mostrou o relat\u00f3rio \u201cDefender o amanh\u00e3: A crise clim\u00e1tica e as amea\u00e7as contra<br \/>\nos defensores do meio ambiente e da terra\u201d, realizado pela ONG Global Witness. Segundo mat\u00e9ria<br \/>\nde Jos\u00e9 Brito sobre o relat\u00f3rio de 2020:<\/p>\n<p>De acordo com o documento, quase nove em cada 10 assassinatos no Brasil<br \/>\nocorreram na Amaz\u00f4nia e tem os ind\u00edgenas como popula\u00e7\u00e3o mais exposta. \u201cOs<br \/>\npovos ind\u00edgenas correm um risco desproporcional de repres\u00e1lias. No ano passado,<br \/>\n40% das v\u00edtimas pertenciam a comunidades ind\u00edgenas e, entre 2015 e 2019, mais<br \/>\nde um ter\u00e7o de todos os ataques fatais foram direcionados a povos ind\u00edgenas \u2013<br \/>\nmesmo que as comunidades ind\u00edgenas representem apenas 5% da popula\u00e7\u00e3o<br \/>\nmundial. Eles s\u00e3o algumas das comunidades em maior risco em todo o mundo\u201d, diz<br \/>\no texto, citando o assassinato de Paulo Paulino Guajajara, de 26 anos, morto a tiros<br \/>\npor um grupo de madeireiros ilegais no dia 1\u00ba de novembro, no Maranh\u00e3o.<br \/>\n(dispon\u00edvel em https:\/\/www.cnnbrasil.com.br\/nacional\/brasil-e-o-3-em-mortes-deativistas-ambientais-e-dos-direitos-humanos-diz-ong\/ acesso em 27 de julho de<br \/>\n2022)<\/p>\n<p>\u00c9 grav\u00edssima a realidade que os povos ind\u00edgenas vivem no Brasil e urgente a necessidade de<br \/>\nabord\u00e1-la e enfrent\u00e1-la. Prova disso repousa, por exemplo, entre os Yanomami da realidade de<br \/>\nviol\u00eancia, prostitui\u00e7\u00e3o, desmatamento, polui\u00e7\u00e3o decorrente do conv\u00edvio com o n\u00e3o-\u00edndio; sofrem<br \/>\ncom inseguran\u00e7a alimentar e nutricional em quadros de desnutri\u00e7\u00e3o, diarreia e falta de \u00e1gua<br \/>\npot\u00e1vel. Seu territ\u00f3rio \u00e9 amea\u00e7ado e invadido na disputa de garimpeiros ilegais na corrida pelo ouro<br \/>\ne\u00e9 poss\u00edvel considerar que a situa\u00e7\u00e3o se agravou com a crise decorrente da dissemina\u00e7\u00e3o e<br \/>\ncontamina\u00e7\u00e3o pela COVID-19 entre os ind\u00edgenas dentro das aldeias.<\/p>\n<p>Diante do contexto apresentado e das reflex\u00f5es propostas pelas disciplinas do semestre, a<br \/>\npartir da diversidade das culturas e das formas de organiza\u00e7\u00e3o social, cuja premissa \u00e9 o respeito \u00e0<br \/>\ntoda essa composi\u00e7\u00e3o diversa da vida humana, desenvolva um texto dissertativo argumentativo<br \/>\ncontemplando os questionamentos que seguem:<\/p>\n<p><strong>\uf0b7 Como o Estado brasileiro deveria agir diante da atual situa\u00e7\u00e3o enfrentada pelos povos<\/strong><br \/>\n<strong>ind\u00edgenas?<\/strong><br \/>\n<strong>\uf0b7 De que modo os estudos sociol\u00f3gicos e antropol\u00f3gicos podem contribuir no combate<\/strong><br \/>\n<strong>ao quadro de genoc\u00eddio, injusti\u00e7as e desigualdades que enfrentam as popula\u00e7\u00f5es<\/strong><br \/>\n<strong>ind\u00edgenas?<\/strong><br \/>\n<strong>\uf0b7 De que modo suas subjetividades poderiam ser consideradas na tentativa de promover<\/strong><br \/>\n<strong>pol\u00edticas mais assertivas de preserva\u00e7\u00e3o e demarca\u00e7\u00e3o territorial?<\/strong><br \/>\n<strong>\uf0b7 Como as democracias modernas, que repousam em princ\u00edpios individuais com o<\/strong><br \/>\n<strong>reconhecimento constitucional de direitos &#8220;inviol\u00e1veis&#8221; do indiv\u00edduo, na pr\u00e1tica,<\/strong><br \/>\n<strong>negam o direito de existir das comunidades ind\u00edgenas e violam o \u201cinviol\u00e1vel\u201d.<\/strong><br \/>\n<strong>\uf0b7 Qual a import\u00e2ncia das pesquisas pautadas em preceitos cient\u00edficos para a<\/strong><br \/>\n<strong>compreens\u00e3o e a\u00e7\u00e3o diante do acirramento de conflitos existentes em torno da<\/strong><br \/>\n<strong>demarca\u00e7\u00e3o de terras ind\u00edgenas?<\/strong><br \/>\n<strong>\uf0b7 Qual a import\u00e2ncia da educa\u00e7\u00e3o escolar na preserva\u00e7\u00e3o da garantia dos direitos dos<\/strong><br \/>\n<strong>povos ind\u00edgenas sobre seus territ\u00f3rios? <\/strong><\/p>\n<p>Bibliografia recomendada:<br \/>\n1) Sem demarca\u00e7\u00e3o, prevalece o conflito na vida dos ind\u00edgenas, enfatiza fundador do<br \/>\nInstituto Socioambiental. (Dispon\u00edvel em: https:\/\/gife.org.br\/sem-demarcacao-prevalece-oconflito-na-vida-dos-indigenas\/. Acesso: 29 jun. 2022).<br \/>\n2) Marco temporal fere direitos ind\u00edgenas e prejudica o Brasil. (Dispon\u00edvel em:<br \/>\nhttps:\/\/amazonia.org.br\/marco-temporal-fere-direitos-indigenas-e-prejudica-o-brasil\/.<br \/>\nAcesso: 29 jun. 2022).<br \/>\n3) Povos Ind\u00edgenas no Brasil. Instituto Socioambiental. (Dispon\u00edvel em:<br \/>\nhttps:\/\/pib.socioambiental.org\/pt\/P%C3%A1gina_principal. Acesso: 27 jun. 2022).<br \/>\n4) Muita terra para pouco \u00edndio? (Dispon\u00edvel em: https:\/\/terrasindigenas.org.br\/ptbr\/quem-sao. Acesso: 29 jun. 2022).<br \/>\nPRODU\u00c7\u00c3O TEXTUAL<br \/>\nINTERDISCIPLINAR<br \/>\nINDIVIDUAL \u2013 PTI<br \/>\n5) Coronav\u00edrus de um lado, invasores de outro: como est\u00e1 a situa\u00e7\u00e3o dos ind\u00edgenas no<br \/>\nBrasil. (Dispon\u00edvel em: https:\/\/apublica.org\/2020\/04\/coronavirus-de-um-lado-invasores-deoutro-como-esta-a-situacao-dos-indigenas-no-brasil\/#Link2. Acesso: 29 jun. 2022).<\/p>\n<div class=\"elementor-toggle-item\">\n<h4 id=\"elementor-tab-title-1941\" class=\"elementor-tab-title elementor-active\" tabindex=\"0\" role=\"tab\" data-tab=\"1\" aria-controls=\"elementor-tab-content-1941\" aria-expanded=\"true\" aria-selected=\"true\">Como funciona?<\/h4>\n<div id=\"elementor-tab-content-1941\" class=\"elementor-tab-content elementor-clearfix elementor-active\" role=\"tabpanel\" data-tab=\"1\" aria-labelledby=\"elementor-tab-title-1941\">\n<p>Elaboramos os portf\u00f3lios, j\u00e1 deixamos prontos, nas normas da ABNT e conforme os requisitos da universidade. F\u00e1cil assim! O MELHOR \u00c9 QUE VOC\u00ca COMPRA E J\u00c1 BAIXA NA HORA O SEU ARQUIVO EM WORD! Sabemos que conciliar trabalho, fam\u00edlia, vida profissional e estudos \u00e9 dif\u00edcil hoje em dia, por isso, estamos aqui para ajudar voc\u00ea. Conte com nossa qualidade, experi\u00eancia e profissionalismo adquirindo seu portf\u00f3lio conosco. GARANTIMOS SEU CONCEITO!<\/p>\n<h4>Como se realizam os envios?<\/h4>\n<\/div>\n<\/div>\n<div class=\"elementor-toggle-item\">\n<div id=\"elementor-tab-content-1942\" class=\"elementor-tab-content elementor-clearfix elementor-active\" role=\"tabpanel\" data-tab=\"2\" aria-labelledby=\"elementor-tab-title-1942\">O seu trabalho \u00e9 disponibilizado pronto, respondido e nas normas j\u00e1 na mesma hora aqui em nosso site na sua \u00e1rea de downloads e tamb\u00e9m no seu e-mail.<\/div>\n<\/div>\n<div class=\"elementor-toggle-item\">\n<div id=\"elementor-tab-content-1943\" class=\"elementor-tab-content elementor-clearfix elementor-active\" role=\"tabpanel\" data-tab=\"3\" aria-labelledby=\"elementor-tab-title-1943\">\n<h4>Em quanto tempo recebo o portf\u00f3lio?<\/h4>\n<\/div>\n<\/div>\n<div class=\"elementor-toggle-item\">\n<div id=\"elementor-tab-content-1944\" class=\"elementor-tab-content elementor-clearfix elementor-active\" role=\"tabpanel\" data-tab=\"4\" aria-labelledby=\"elementor-tab-title-1944\">\n<p>Os envios s\u00e3o imediatos. Ap\u00f3s sua compra, o trabalho j\u00e1 \u00e9 disponibilizado instantaneamente aqui em nosso site e no seu e-mail.<\/p>\n<h4>E se o portf\u00f3lio que comprei precisar de corre\u00e7\u00e3o?<\/h4>\n<\/div>\n<\/div>\n<div class=\"elementor-toggle-item\">\n<div id=\"elementor-tab-content-1945\" class=\"elementor-tab-content elementor-clearfix elementor-active\" role=\"tabpanel\" data-tab=\"5\" aria-labelledby=\"elementor-tab-title-1945\">\n<p>Caso haja alguma solicita\u00e7\u00e3o de corre\u00e7\u00e3o\/altera\u00e7\u00e3o por parte do tutor, basta entrar em contato conosco pelo\u00a0WhatsApp\u00a0que provid\u00eanciaremos sem custo algum.<\/p>\n<h4>Qual o formato do arquivo?<\/h4>\n<\/div>\n<\/div>\n<div class=\"elementor-toggle-item\">\n<div id=\"elementor-tab-content-1946\" class=\"elementor-tab-content elementor-clearfix elementor-active\" role=\"tabpanel\" data-tab=\"6\" aria-labelledby=\"elementor-tab-title-1946\">\n<p>Os arquivos s\u00e3o enviados em formato Word e s\u00e3o edit\u00e1veis.<\/p>\n<h4>Caso eu tiver alguma d\u00favida, terei suporte no p\u00f3s venda?<\/h4>\n<\/div>\n<\/div>\n<div class=\"elementor-toggle-item\">\n<div id=\"elementor-tab-content-1948\" class=\"elementor-tab-content elementor-clearfix elementor-active\" role=\"tabpanel\" data-tab=\"8\" aria-labelledby=\"elementor-tab-title-1948\">\n<p>Sim, com certeza. Basta clicar no \u00edcone do WhatsApp no cantinho da tela. Ser\u00e1 um prazer atend\u00ea-lo(a).<\/p>\n<div class=\"elementor-toggle-item\">\n<div id=\"elementor-tab-content-1948\" class=\"elementor-tab-content elementor-clearfix elementor-active\" role=\"tabpanel\" data-tab=\"8\" aria-labelledby=\"elementor-tab-title-1948\">\n<h4>Quais os seus canais de contato?<\/h4>\n<\/div>\n<\/div>\n<div class=\"elementor-toggle-item\">\n<div id=\"elementor-tab-content-1949\" class=\"elementor-tab-content elementor-clearfix elementor-active\" role=\"tabpanel\" data-tab=\"9\" aria-labelledby=\"elementor-tab-title-1949\">\n<p>Whatsapp: 53 984751621 \u2013 Clicar no canto da tela ou ESCANEIE O QRCODE ABAIXO<\/p>\n<p><img decoding=\"async\" class=\"alignnone wp-image-7603 jetpack-lazy-image jetpack-lazy-image--handled\" src=\"https:\/\/i0.wp.com\/portifolioos-prontos.com\/wp-content\/uploads\/2022\/09\/portfolio-unopar-pronto-colaborar-ava-producao-textual-interdisciplinar.png?resize=141%2C141\" sizes=\"(max-width: 141px) 100vw, 141px\" srcset=\"https:\/\/i0.wp.com\/portifolioos-prontos.com\/wp-content\/uploads\/2022\/09\/portfolio-unopar-pronto-colaborar-ava-producao-textual-interdisciplinar.png?w=150&amp;ssl=1 150w, https:\/\/i0.wp.com\/portifolioos-prontos.com\/wp-content\/uploads\/2022\/09\/portfolio-unopar-pronto-colaborar-ava-producao-textual-interdisciplinar.png?resize=100%2C100&amp;ssl=1 100w\" alt=\"Os conflitos pela vida e terras ind\u00edgenas,portf\u00f3lio Os conflitos pela vida e terras ind\u00edgenas,portf\u00f3lio pronto Os conflitos pela vida e terras ind\u00edgenas\" width=\"141\" height=\"141\" data-recalc-dims=\"1\" data-lazy-loaded=\"1\" \/><\/p>\n<\/div>\n<\/div>\n<\/div>\n<\/div>\n<div class=\"elementor-toggle-item\">\n<div id=\"elementor-tab-content-1949\" class=\"elementor-tab-content elementor-clearfix elementor-active\" role=\"tabpanel\" data-tab=\"9\" aria-labelledby=\"elementor-tab-title-1949\">\n<p>E-mail:portifoliosp@gmail.com<\/p>\n<div id=\"attachment_143\" class=\"wp-caption alignnone\">\n<div id=\"attachment_143\" class=\"wp-caption alignnone\" style=\"width: 133px;\">\n<p><a href=\"http:\/\/portifolioos-prontos.com\/\"><img decoding=\"async\" class=\"wp-image-143 jetpack-lazy-image jetpack-lazy-image--handled\" title=\"portfolio pronto unopar\" src=\"https:\/\/i0.wp.com\/portifolioos-prontos.com\/wp-content\/uploads\/2022\/04\/conceitomaximo.png?resize=161%2C46\" alt=\"PORTFOLIO PRONTO UNOPAR ANHANGUERA\" width=\"133\" height=\"38\" aria-describedby=\"caption-attachment-143\" data-recalc-dims=\"1\" data-lazy-loaded=\"1\" \/><\/a><\/p>\n<p id=\"caption-attachment-143\" class=\"wp-caption-text\">Portf\u00f3lio em Word, respondido, completo e j\u00e1 nas normas.<\/p>\n<\/div>\n<\/div>\n<\/div>\n<\/div>\n","protected":false},"excerpt":{"rendered":"<div class=\"product-short-description\">\n<h5><strong>Pague pelo PIX ou cart\u00e3o e fa\u00e7a o download agora mesmo.<\/strong><\/h5>\n<\/div>\n<div class=\"sticky-add-to-cart-wrapper\">\n<div class=\"sticky-add-to-cart\">\n<div class=\"quantity buttons_added form-flat\"><img decoding=\"async\" class=\"alignnone wp-image-761\" src=\"http:\/\/portifolioos-prontos.com\/wp-content\/uploads\/2022\/04\/PIX-300x107.webp\" alt=\"\" width=\"78\" height=\"28\" \/>\u00a0\u00a0<img loading=\"lazy\" decoding=\"async\" class=\"\" src=\"https:\/\/d26lpennugtm8s.cloudfront.net\/assets\/common\/img\/logos\/payment\/visa@2x.png\" width=\"46\" height=\"29\" \/><img loading=\"lazy\" decoding=\"async\" class=\"\" src=\"https:\/\/d26lpennugtm8s.cloudfront.net\/assets\/common\/img\/logos\/payment\/boleto@2x.png\" width=\"43\" height=\"27\" \/><img loading=\"lazy\" decoding=\"async\" class=\"\" src=\"https:\/\/d26lpennugtm8s.cloudfront.net\/assets\/common\/img\/logos\/payment\/mastercard@2x.png\" width=\"43\" height=\"27\" \/><img loading=\"lazy\" decoding=\"async\" class=\"\" src=\"https:\/\/d26lpennugtm8s.cloudfront.net\/assets\/common\/img\/logos\/payment\/amex@2x.png\" width=\"43\" height=\"27\" \/><img loading=\"lazy\" decoding=\"async\" class=\"\" src=\"https:\/\/d26lpennugtm8s.cloudfront.net\/assets\/common\/img\/logos\/payment\/diners@2x.png\" width=\"46\" height=\"29\" \/><img loading=\"lazy\" decoding=\"async\" class=\"\" src=\"https:\/\/d26lpennugtm8s.cloudfront.net\/assets\/common\/img\/logos\/payment\/br\/elo@2x.png\" width=\"45\" height=\"28\" \/><img loading=\"lazy\" decoding=\"async\" class=\"\" src=\"https:\/\/d26lpennugtm8s.cloudfront.net\/assets\/common\/img\/logos\/payment\/br\/hipercard@2x.png\" width=\"44\" height=\"28\" \/><img loading=\"lazy\" decoding=\"async\" class=\"\" src=\"https:\/\/d26lpennugtm8s.cloudfront.net\/assets\/common\/img\/logos\/payment\/mercadopago@2x.png\" width=\"45\" height=\"28\" \/><\/div>\n<\/div>\n<\/div>\n","protected":false},"featured_media":0,"template":"","meta":{"_seopress_robots_primary_cat":"none","_seopress_titles_title":"","_seopress_titles_desc":"%%post_content%%","_seopress_robots_index":""},"product_cat":[15],"product_tag":[],"class_list":{"0":"post-8632","1":"product","2":"type-product","3":"status-publish","5":"product_cat-uncategorized","7":"first","8":"instock","9":"downloadable","10":"virtual","11":"purchasable","12":"product-type-simple","13":"col-xs-6 col-sm-4","14":"col-mf-5","15":"un-5-cols"},"jetpack_sharing_enabled":true,"_links":{"self":[{"href":"https:\/\/portifolioos-prontos.com\/index.php\/wp-json\/wp\/v2\/product\/8632","targetHints":{"allow":["GET"]}}],"collection":[{"href":"https:\/\/portifolioos-prontos.com\/index.php\/wp-json\/wp\/v2\/product"}],"about":[{"href":"https:\/\/portifolioos-prontos.com\/index.php\/wp-json\/wp\/v2\/types\/product"}],"version-history":[{"count":0,"href":"https:\/\/portifolioos-prontos.com\/index.php\/wp-json\/wp\/v2\/product\/8632\/revisions"}],"wp:attachment":[{"href":"https:\/\/portifolioos-prontos.com\/index.php\/wp-json\/wp\/v2\/media?parent=8632"}],"wp:term":[{"taxonomy":"product_cat","embeddable":true,"href":"https:\/\/portifolioos-prontos.com\/index.php\/wp-json\/wp\/v2\/product_cat?post=8632"},{"taxonomy":"product_tag","embeddable":true,"href":"https:\/\/portifolioos-prontos.com\/index.php\/wp-json\/wp\/v2\/product_tag?post=8632"}],"curies":[{"name":"wp","href":"https:\/\/api.w.org\/{rel}","templated":true}]}}