{"id":8868,"date":"2022-09-28T22:27:38","date_gmt":"2022-09-29T01:27:38","guid":{"rendered":"https:\/\/portifolioos-prontos.com\/?post_type=product&#038;p=8868"},"modified":"2022-09-28T22:38:01","modified_gmt":"2022-09-29T01:38:01","slug":"portfolio-funcoes-basicas-de-um-computador","status":"publish","type":"product","link":"https:\/\/portifolioos-prontos.com\/index.php\/product\/portfolio-funcoes-basicas-de-um-computador\/","title":{"rendered":"Portf\u00f3lio Fun\u00e7\u00f5es b\u00e1sicas de um computador"},"content":{"rendered":"<h4>Portf\u00f3lio Fun\u00e7\u00f5es b\u00e1sicas de um computador<\/h4>\n<p><strong>ATIVIDADES<\/strong><br \/>\n<strong>Tarefa 1 \u2013<\/strong> Considerando as fun\u00e7\u00f5es b\u00e1sicas de um computador:<br \/>\nUnidade de Entrada \u2013 Na qual podemos inserir\/entrar com dados no computador. Exemplo: teclado,<br \/>\nmouse e outras entradas.<br \/>\nUnidade de Sa\u00edda \u2013 Em que os dados podem ser visualizados. Exemplo: telas, impressoras e outras<br \/>\nsa\u00eddas.<br \/>\nUnidade de Processamento \u2013 Onde acontece o processamento das informa\u00e7\u00f5es. Exemplo:<br \/>\nprocessador do computador.<br \/>\nUnidade de Armazenamento \u2013 Mem\u00f3rias (RAM, ROM, HD, discos externos, pen drives, cart\u00f5es de<br \/>\nmem\u00f3ria).<br \/>\nFa\u00e7a uma pesquisa na internet e monte dois computadores completos, um para escrit\u00f3rio, na<br \/>\nutiliza\u00e7\u00e3o b\u00e1sico no do dia a dia, e outro com configura\u00e7\u00e3o superior para trabalhos que utilizam mais<br \/>\nrecursos do equipamento, descreva a configura\u00e7\u00e3o completa e justifique sua escolha, exemplo a<br \/>\nseguir:<br \/>\nPRODU\u00c7\u00c3O TEXTUAL<br \/>\nINTERDISCIPLINAR<br \/>\nINDIVIDUAL \u2013 PTI<br \/>\nComputador 01 (Uso b\u00e1sico):<br \/>\nGabinte:<br \/>\nPlaca-m\u00e3e:<br \/>\nProcessador:<br \/>\nHD:<br \/>\nMem\u00f3ria:<br \/>\nMonitor:<br \/>\nTeclado:<br \/>\nMouse:<\/p>\n<p>Justificativa:<br \/>\nComputador 02 (Uso pesado):<br \/>\nGabinte:<br \/>\nPlaca-m\u00e3e:<br \/>\nProcessador:<br \/>\nHD:<br \/>\nMem\u00f3ria:<br \/>\nMonitor:<br \/>\nTeclado:<br \/>\nMouse:<\/p>\n<p>Justificativa:<br \/>\nPRODU\u00c7\u00c3O TEXTUAL<br \/>\nINTERDISCIPLINAR<br \/>\nINDIVIDUAL \u2013 PTI<br \/>\n<strong>Tarefa 2 \u2013<\/strong><br \/>\n1) fa\u00e7a uma pesquisa sobre comunica\u00e7\u00e3o anal\u00f3gica e digital, suas caracter\u00edsticas e aplica\u00e7\u00f5es.<br \/>\n2) Entre no software Multisim Live Online e identifique algo que voc\u00ea pode acrescentar ao item1.<br \/>\nO Multisim Live Online \u00e9 uma ferramenta gratuita que n\u00e3o necessita instala\u00e7\u00e3o. Sua utiliza\u00e7\u00e3o \u00e9 feita<br \/>\nsomente pelo navegador web. O Multisim Live \u00e9 uma nova ferramenta do j\u00e1 conhecido Multisim para<br \/>\nDesktop.<br \/>\nEle proporciona ao usu\u00e1rio a mesma tecnologia de simula\u00e7\u00e3o usada nas institui\u00e7\u00f5es acad\u00eamicas. Esta<br \/>\nvers\u00e3o do software proporciona uma simula\u00e7\u00e3o interativa em qualquer sistema operacional, sem<br \/>\ninstala\u00e7\u00f5es.<br \/>\nA estrutura necess\u00e1ria para utilizar o software \u00e9 um computador com acesso \u00e0 internet, mouse,<br \/>\nteclado e monitor.<br \/>\nO \u00fanico requisito \u00e9 a cria\u00e7\u00e3o de uma conta online gratuita no site https:\/\/www.multisim.com<br \/>\nAp\u00f3s criar a conta, voc\u00ea pode come\u00e7ar a criar circuitos e prosseguir com esta descoberta.<br \/>\n<strong>Tarefa 3 \u2013<\/strong> Cada fun\u00e7\u00e3o b\u00e1sica tamb\u00e9m pode ser chamada de Unidade, sendo assim temos Unidade<br \/>\nde Entrada, Unidade de Sa\u00edda, Unidade de Processamento e Unidade de Armazenamento, cada<br \/>\nunidade com seus respectivos equipamentos e placas (OLIVEIRA, 2007).<br \/>\nOs computadores funcionam atrav\u00e9s de comandos e programas, que s\u00e3o interpretados por um<br \/>\nsistema num\u00e9rico bin\u00e1rio de 0 e 1, tamb\u00e9m chamado de linguagem de m\u00e1quina.<br \/>\nOs dados s\u00e3o inseridos no computador, que ir\u00e1 process\u00e1-los e retornar o resultado deste<br \/>\nprocessamento em forma tamb\u00e9m de informa\u00e7\u00f5es.<br \/>\nEntrada de Dados;<br \/>\nProcessamento de Dados;<br \/>\nArmazenamento de Informa\u00e7\u00f5es;<br \/>\nSa\u00edda de Informa\u00e7\u00f5es.<br \/>\nTendo essas informa\u00e7\u00f5es como base, identifique ao menos tr\u00eas tipos de unidade de entrada e tr\u00eas<br \/>\ntipos de unidade de sa\u00edda.<br \/>\nPRODU\u00c7\u00c3O TEXTUAL<br \/>\nINTERDISCIPLINAR<br \/>\nINDIVIDUAL \u2013 PTI<br \/>\n<strong>Tarefa 4 \u2013<\/strong> O termo Seguran\u00e7a da Informa\u00e7\u00e3o \u00e9 utilizado para se referir \u00e0 defesa de dados. \u00c9 o que<br \/>\ngarante que apenas pessoas autorizadas tenham acesso a computadores, dados e redes, garantindo<br \/>\nque todas as informa\u00e7\u00f5es mantenham sua integridade, confidencialidade, disponibilidade e<br \/>\nautenticidade.<br \/>\nUm dos \u00e9 um processo que busca eliminar as chances de terceiros obterem acesso a dados \u00e9 a<br \/>\ncriptografia.<br \/>\na) Pesquise, defina e exemplifique, dentro da criptografia a assinatura digital.<br \/>\n<strong>Tarefa 5 \u2013<\/strong> O conceito de sistema distribu\u00eddo \u00e9 de um sistema que possui componentes localizados<br \/>\nem computadores interligados em rede e que se comunicam e coordenam suas a\u00e7\u00f5es atrav\u00e9s da<br \/>\ntroca de mensagens entre os componentes. \u00c9 comum pensarmos em componentes como sendo<br \/>\napenas servidores e m\u00e1quinas conectadas em rede, mas quando falamos de componentes podem<br \/>\nser componentes de hardware (servidores) ou de software (aplica\u00e7\u00f5es e servi\u00e7os).<br \/>\nOs componentes interligados em rede podem estar separados por qualquer dist\u00e2ncia. No mesmo<br \/>\nedif\u00edcio de uma empresa, na mesma cidade, mesmo estado, no mesmo pa\u00eds ou at\u00e9 em continentes<br \/>\ndiferentes.<br \/>\na) Pesquise, explique e mostre as diferen\u00e7as entre virtualiza\u00e7\u00e3o e conteineriza\u00e7\u00e3o.<\/p>\n<div class=\"elementor-toggle-item\">\n<h4 id=\"elementor-tab-title-1941\" class=\"elementor-tab-title elementor-active\" tabindex=\"0\" role=\"tab\" data-tab=\"1\" aria-controls=\"elementor-tab-content-1941\" aria-expanded=\"true\" aria-selected=\"true\">Como funciona?<\/h4>\n<div id=\"elementor-tab-content-1941\" class=\"elementor-tab-content elementor-clearfix elementor-active\" role=\"tabpanel\" data-tab=\"1\" aria-labelledby=\"elementor-tab-title-1941\">\n<p>Elaboramos os portf\u00f3lios, j\u00e1 deixamos prontos, nas normas da ABNT e conforme os requisitos da universidade. F\u00e1cil assim! O MELHOR \u00c9 QUE VOC\u00ca COMPRA E J\u00c1 BAIXA NA HORA O SEU ARQUIVO EM WORD! Sabemos que conciliar trabalho, fam\u00edlia, vida profissional e estudos \u00e9 dif\u00edcil hoje em dia, por isso, estamos aqui para ajudar voc\u00ea. Conte com nossa qualidade, experi\u00eancia e profissionalismo adquirindo seu portf\u00f3lio conosco. GARANTIMOS SEU CONCEITO!<\/p>\n<h4>Como se realizam os envios?<\/h4>\n<\/div>\n<\/div>\n<div class=\"elementor-toggle-item\">\n<div id=\"elementor-tab-content-1942\" class=\"elementor-tab-content elementor-clearfix elementor-active\" role=\"tabpanel\" data-tab=\"2\" aria-labelledby=\"elementor-tab-title-1942\">O seu trabalho \u00e9 disponibilizado pronto, respondido e nas normas j\u00e1 na mesma hora aqui em nosso site na sua \u00e1rea de downloads e tamb\u00e9m no seu e-mail.<\/div>\n<\/div>\n<div class=\"elementor-toggle-item\">\n<div id=\"elementor-tab-content-1943\" class=\"elementor-tab-content elementor-clearfix elementor-active\" role=\"tabpanel\" data-tab=\"3\" aria-labelledby=\"elementor-tab-title-1943\">\n<h4>Em quanto tempo recebo o portf\u00f3lio?<\/h4>\n<\/div>\n<\/div>\n<div class=\"elementor-toggle-item\">\n<div id=\"elementor-tab-content-1944\" class=\"elementor-tab-content elementor-clearfix elementor-active\" role=\"tabpanel\" data-tab=\"4\" aria-labelledby=\"elementor-tab-title-1944\">\n<p>Os envios s\u00e3o imediatos. Ap\u00f3s sua compra, o trabalho j\u00e1 \u00e9 disponibilizado instantaneamente aqui em nosso site e no seu e-mail.<\/p>\n<h4>E se o portf\u00f3lio que comprei precisar de corre\u00e7\u00e3o?<\/h4>\n<\/div>\n<\/div>\n<div class=\"elementor-toggle-item\">\n<div id=\"elementor-tab-content-1945\" class=\"elementor-tab-content elementor-clearfix elementor-active\" role=\"tabpanel\" data-tab=\"5\" aria-labelledby=\"elementor-tab-title-1945\">\n<p>Caso haja alguma solicita\u00e7\u00e3o de corre\u00e7\u00e3o\/altera\u00e7\u00e3o por parte do tutor, basta entrar em contato conosco pelo\u00a0<a href=\"https:\/\/api.whatsapp.com\/send\/?phone=5553984751621&amp;text&amp;app_absent=0\">WhatsApp<\/a>\u00a0que provid\u00eanciaremos sem custo algum.<\/p>\n<h4>Qual o formato do arquivo?<\/h4>\n<\/div>\n<\/div>\n<div class=\"elementor-toggle-item\">\n<div id=\"elementor-tab-content-1946\" class=\"elementor-tab-content elementor-clearfix elementor-active\" role=\"tabpanel\" data-tab=\"6\" aria-labelledby=\"elementor-tab-title-1946\">\n<p>Os arquivos s\u00e3o enviados em formato Word e s\u00e3o edit\u00e1veis.<\/p>\n<h4>Caso eu tiver alguma d\u00favida, terei suporte no p\u00f3s venda?<\/h4>\n<\/div>\n<\/div>\n<div class=\"elementor-toggle-item\">\n<div id=\"elementor-tab-content-1948\" class=\"elementor-tab-content elementor-clearfix elementor-active\" role=\"tabpanel\" data-tab=\"8\" aria-labelledby=\"elementor-tab-title-1948\">\n<p>Sim, com certeza. Basta clicar no \u00edcone do WhatsApp no cantinho da tela. Ser\u00e1 um prazer atend\u00ea-lo(a).<\/p>\n<div class=\"elementor-toggle-item\">\n<div id=\"elementor-tab-content-1948\" class=\"elementor-tab-content elementor-clearfix elementor-active\" role=\"tabpanel\" data-tab=\"8\" aria-labelledby=\"elementor-tab-title-1948\">\n<h4>Quais os seus canais de contato?<\/h4>\n<\/div>\n<\/div>\n<div class=\"elementor-toggle-item\">\n<div id=\"elementor-tab-content-1949\" class=\"elementor-tab-content elementor-clearfix elementor-active\" role=\"tabpanel\" data-tab=\"9\" aria-labelledby=\"elementor-tab-title-1949\">\n<p>Whatsapp: 53 984751621 \u2013 Clicar no canto da tela ou ESCANEIE O QRCODE ABAIXO<\/p>\n<p><img decoding=\"async\" class=\"alignnone wp-image-7603 jetpack-lazy-image jetpack-lazy-image--handled\" src=\"https:\/\/i0.wp.com\/portifolioos-prontos.com\/wp-content\/uploads\/2022\/09\/portfolio-unopar-pronto-colaborar-ava-producao-textual-interdisciplinar.png?resize=141%2C141\" sizes=\"(max-width: 141px) 100vw, 141px\" srcset=\"https:\/\/i0.wp.com\/portifolioos-prontos.com\/wp-content\/uploads\/2022\/09\/portfolio-unopar-pronto-colaborar-ava-producao-textual-interdisciplinar.png?w=150&amp;ssl=1 150w, https:\/\/i0.wp.com\/portifolioos-prontos.com\/wp-content\/uploads\/2022\/09\/portfolio-unopar-pronto-colaborar-ava-producao-textual-interdisciplinar.png?resize=100%2C100&amp;ssl=1 100w\" alt=\"\" width=\"141\" height=\"141\" data-recalc-dims=\"1\" data-lazy-loaded=\"1\" \/><\/p>\n<\/div>\n<\/div>\n<\/div>\n<\/div>\n<div class=\"elementor-toggle-item\">\n<div id=\"elementor-tab-content-1949\" class=\"elementor-tab-content elementor-clearfix elementor-active\" role=\"tabpanel\" data-tab=\"9\" aria-labelledby=\"elementor-tab-title-1949\">\n<p>E-mail:portifoliosp@gmail.com<\/p>\n<div id=\"attachment_143\" class=\"wp-caption alignnone\">\n<div id=\"attachment_143\" class=\"wp-caption alignnone\" style=\"width: 137px;\">\n<p><a href=\"http:\/\/portifolioos-prontos.com\/\"><img decoding=\"async\" class=\"wp-image-143 jetpack-lazy-image jetpack-lazy-image--handled\" title=\"portfolio pronto unopar\" src=\"https:\/\/i0.wp.com\/portifolioos-prontos.com\/wp-content\/uploads\/2022\/04\/conceitomaximo.png?resize=161%2C46\" alt=\"PORTFOLIO PRONTO UNOPAR ANHANGUERA\" width=\"137\" height=\"39\" aria-describedby=\"caption-attachment-143\" data-recalc-dims=\"1\" data-lazy-loaded=\"1\" \/><\/a><\/p>\n<p id=\"caption-attachment-143\" class=\"wp-caption-text\">Portf\u00f3lio em Word, respondido, completo e j\u00e1 nas normas.<\/p>\n<\/div>\n<\/div>\n<\/div>\n<\/div>\n","protected":false},"excerpt":{"rendered":"<div class=\"product-short-description\">\n<h5><strong>Pague pelo PIX ou cart\u00e3o e fa\u00e7a o download agora mesmo.<\/strong><\/h5>\n<\/div>\n<div class=\"sticky-add-to-cart-wrapper\">\n<div class=\"sticky-add-to-cart\">\n<div class=\"quantity buttons_added form-flat\"><img decoding=\"async\" class=\"alignnone wp-image-761\" src=\"http:\/\/portifolioos-prontos.com\/wp-content\/uploads\/2022\/04\/PIX-300x107.webp\" alt=\"\" width=\"78\" height=\"28\" \/>\u00a0\u00a0<img loading=\"lazy\" decoding=\"async\" class=\"\" src=\"https:\/\/d26lpennugtm8s.cloudfront.net\/assets\/common\/img\/logos\/payment\/visa@2x.png\" width=\"46\" height=\"29\" \/><img loading=\"lazy\" decoding=\"async\" class=\"\" src=\"https:\/\/d26lpennugtm8s.cloudfront.net\/assets\/common\/img\/logos\/payment\/boleto@2x.png\" width=\"43\" height=\"27\" \/><img loading=\"lazy\" decoding=\"async\" class=\"\" src=\"https:\/\/d26lpennugtm8s.cloudfront.net\/assets\/common\/img\/logos\/payment\/mastercard@2x.png\" width=\"43\" height=\"27\" \/><img loading=\"lazy\" decoding=\"async\" class=\"\" src=\"https:\/\/d26lpennugtm8s.cloudfront.net\/assets\/common\/img\/logos\/payment\/amex@2x.png\" width=\"43\" height=\"27\" \/><img loading=\"lazy\" decoding=\"async\" class=\"\" src=\"https:\/\/d26lpennugtm8s.cloudfront.net\/assets\/common\/img\/logos\/payment\/diners@2x.png\" width=\"46\" height=\"29\" \/><img loading=\"lazy\" decoding=\"async\" class=\"\" src=\"https:\/\/d26lpennugtm8s.cloudfront.net\/assets\/common\/img\/logos\/payment\/br\/elo@2x.png\" width=\"45\" height=\"28\" \/><img loading=\"lazy\" decoding=\"async\" class=\"\" src=\"https:\/\/d26lpennugtm8s.cloudfront.net\/assets\/common\/img\/logos\/payment\/br\/hipercard@2x.png\" width=\"44\" height=\"28\" \/><img loading=\"lazy\" decoding=\"async\" class=\"\" src=\"https:\/\/d26lpennugtm8s.cloudfront.net\/assets\/common\/img\/logos\/payment\/mercadopago@2x.png\" width=\"45\" height=\"28\" \/><\/div>\n<\/div>\n<\/div>\n","protected":false},"featured_media":8871,"template":"","meta":{"_seopress_robots_primary_cat":"none","_seopress_titles_title":"","_seopress_titles_desc":"%%post_content%%","_seopress_robots_index":""},"product_cat":[109,58,118,15],"product_tag":[],"class_list":{"0":"post-8868","1":"product","2":"type-product","3":"status-publish","4":"has-post-thumbnail","6":"product_cat-analise-e-desenvolvimento-de-sistemas","7":"product_cat-cursos-de-t-i","8":"product_cat-gestao-de-produto","9":"product_cat-uncategorized","11":"first","12":"instock","13":"shipping-taxable","14":"product-type-simple","15":"col-xs-6 col-sm-4","16":"col-mf-5","17":"un-5-cols"},"jetpack_sharing_enabled":true,"_links":{"self":[{"href":"https:\/\/portifolioos-prontos.com\/index.php\/wp-json\/wp\/v2\/product\/8868","targetHints":{"allow":["GET"]}}],"collection":[{"href":"https:\/\/portifolioos-prontos.com\/index.php\/wp-json\/wp\/v2\/product"}],"about":[{"href":"https:\/\/portifolioos-prontos.com\/index.php\/wp-json\/wp\/v2\/types\/product"}],"version-history":[{"count":0,"href":"https:\/\/portifolioos-prontos.com\/index.php\/wp-json\/wp\/v2\/product\/8868\/revisions"}],"wp:featuredmedia":[{"embeddable":true,"href":"https:\/\/portifolioos-prontos.com\/index.php\/wp-json\/wp\/v2\/media\/8871"}],"wp:attachment":[{"href":"https:\/\/portifolioos-prontos.com\/index.php\/wp-json\/wp\/v2\/media?parent=8868"}],"wp:term":[{"taxonomy":"product_cat","embeddable":true,"href":"https:\/\/portifolioos-prontos.com\/index.php\/wp-json\/wp\/v2\/product_cat?post=8868"},{"taxonomy":"product_tag","embeddable":true,"href":"https:\/\/portifolioos-prontos.com\/index.php\/wp-json\/wp\/v2\/product_tag?post=8868"}],"curies":[{"name":"wp","href":"https:\/\/api.w.org\/{rel}","templated":true}]}}