{"id":9004,"date":"2022-10-02T15:50:45","date_gmt":"2022-10-02T18:50:45","guid":{"rendered":"https:\/\/portifolioos-prontos.com\/?post_type=product&#038;p=9004"},"modified":"2026-03-01T23:50:37","modified_gmt":"2026-03-02T02:50:37","slug":"roteiro-aula-pratica-algoritmos-e-tecnicas-de-programacao-dev-c-c","status":"publish","type":"product","link":"https:\/\/portifolioos-prontos.com\/index.php\/product\/roteiro-aula-pratica-algoritmos-e-tecnicas-de-programacao-dev-c-c\/","title":{"rendered":"Roteiro Aula Pr\u00e1tica Algoritmos e T\u00e9cnicas de Programa\u00e7\u00e3o Dev C\/C++"},"content":{"rendered":"<p><strong>Roteiro Aula Pr\u00e1tica Algoritmos e T\u00e9cnicas de Programa\u00e7\u00e3o DevC++<\/strong><\/p>\n<hr \/>\n<p><strong>OBJETIVOS<\/strong><\/p>\n<p>Defini\u00e7\u00e3o dos objetivos da aula pr\u00e1tica:<br \/>\n\u2013 Desenvolver um programa utilizando os fundamentos da l\u00f3gica de programa\u00e7\u00e3o de maneira<br \/>\nestruturada, utilizando recursos b\u00e1sicos como estruturas de decis\u00e3o e repeti\u00e7\u00e3o e uso de<br \/>\nvari\u00e1veis, fun\u00e7\u00f5es e recursividade.<\/p>\n<hr \/>\n<p><strong>INFRAESTRUTURA<\/strong><\/p>\n<p>Instala\u00e7\u00f5es:<br \/>\nComputador com o programa Dev C\/C++<br \/>\nMateriais de consumo:<br \/>\nDescri\u00e7\u00e3o<br \/>\nQuantidade de materiais<br \/>\npor<br \/>\nprocedimento\/atividade<br \/>\nComputador 1 por aluno<br \/>\nSoftware:<br \/>\nSim ( X ) N\u00e3o ( )<br \/>\nEm caso afirmativo, qual? Dev C\/C++<br \/>\nPago ( ) N\u00e3o Pago ( X )<br \/>\nTipo de Licen\u00e7a: <a href=\"http:\/\/portfolio-pronto.com\">Gratuita<\/a><br \/>\nDescri\u00e7\u00e3o do software:<br \/>\nDev-C++ \u00e9 um ambiente de desenvolvimento integrado livre que utiliza os compiladores do<br \/>\nprojeto GNU para compilar programas para o sistema operacional Microsoft Windows. Suporta<br \/>\nas linguagens de programa\u00e7\u00e3o C e C++, e possui toda a biblioteca ANSI C.<br \/>\nEquipamento de Prote\u00e7\u00e3o Individual (EPI):<br \/>\n\u2013 NSA<\/p>\n<hr \/>\n<p><strong>PROCEDIMENTOS PR\u00c1TICOS<\/strong><\/p>\n<p>Atividade proposta:<br \/>\n\u2013 Desenvolvimento de um programa utilizando a Linguagem C\/C++.<\/p>\n<p>Procedimentos para a realiza\u00e7\u00e3o da atividade:<br \/>\nVoc\u00ea dever\u00e1:<br \/>\n\u2022 Realizar o download e instalar o DEV C\/C++ (o aluno poder\u00e1 utilizar outro ambiente de desenvolvimento, no<br \/>\nentanto, \u00e9 importante que a linguagem utilizada seja o C\/C++).<br \/>\n\u2022 Ap\u00f3s a instala\u00e7\u00e3o do programa, o aluno dever\u00e1 abrir um projeto (Arquivo -&gt; Novo -&gt; Projeto) como indicado na<br \/>\nFigura 1.<\/p>\n<p><a href=\"https:\/\/eadcolaborar.com\/wp-content\/uploads\/2022\/10\/Fig1.jpg\"><img fetchpriority=\"high\" decoding=\"async\" class=\"alignnone wp-image-4854\" src=\"https:\/\/eadcolaborar.com\/wp-content\/uploads\/2022\/10\/Fig1-300x157.jpg\" sizes=\"(max-width: 487px) 100vw, 487px\" srcset=\"https:\/\/eadcolaborar.com\/wp-content\/uploads\/2022\/10\/Fig1-300x157.jpg 300w, https:\/\/eadcolaborar.com\/wp-content\/uploads\/2022\/10\/Fig1-1024x536.jpg 1024w, https:\/\/eadcolaborar.com\/wp-content\/uploads\/2022\/10\/Fig1-768x402.jpg 768w, https:\/\/eadcolaborar.com\/wp-content\/uploads\/2022\/10\/Fig1-600x314.jpg 600w, https:\/\/eadcolaborar.com\/wp-content\/uploads\/2022\/10\/Fig1.jpg 1368w\" alt=\"Roteiro Aula Pr\u00e1tica Algoritmos e T\u00e9cnicas de Programa\u00e7\u00e3o DevC++\" width=\"487\" height=\"255\" \/><\/a><br \/>\nFigura 1 | Criando um projeto<\/p>\n<p>Uma nova janela vai se abrir, e nesta o aluno escolher\u00e1 a op\u00e7\u00e3o \u201cConsole Application\u201d e Projeto C++, como<br \/>\nindicado na Figura 2.<br \/>\nFigura 2 | Criando um projeto<\/p>\n<p><a href=\"https:\/\/eadcolaborar.com\/wp-content\/uploads\/2022\/10\/Fig2.jpg\"><img decoding=\"async\" class=\"alignnone wp-image-4853\" src=\"https:\/\/eadcolaborar.com\/wp-content\/uploads\/2022\/10\/Fig2-300x159.jpg\" sizes=\"(max-width: 498px) 100vw, 498px\" srcset=\"https:\/\/eadcolaborar.com\/wp-content\/uploads\/2022\/10\/Fig2-300x159.jpg 300w, https:\/\/eadcolaborar.com\/wp-content\/uploads\/2022\/10\/Fig2-1024x542.jpg 1024w, https:\/\/eadcolaborar.com\/wp-content\/uploads\/2022\/10\/Fig2-768x407.jpg 768w, https:\/\/eadcolaborar.com\/wp-content\/uploads\/2022\/10\/Fig2-600x318.jpg 600w, https:\/\/eadcolaborar.com\/wp-content\/uploads\/2022\/10\/Fig2.jpg 1498w\" alt=\"Roteiro Aula Pr\u00e1tica Algoritmos e T\u00e9cnicas de Programa\u00e7\u00e3o DevC++\" width=\"498\" height=\"264\" \/><\/a><\/p>\n<p>Uma nova janela aparecer\u00e1, o aluno dever\u00e1 escolher qual pasta o projeto ser\u00e1 armazenado e qual \u00e9 o nome deste<br \/>\nprojeto, como indicado na Figura 3. Roteiro Aula Pr\u00e1tica Algoritmos e T\u00e9cnicas de Programa\u00e7\u00e3o DevC++<br \/>\nFigura 3| Salvando e renomeando o projeto<\/p>\n<p><a href=\"https:\/\/eadcolaborar.com\/wp-content\/uploads\/2022\/10\/Fig3.jpg\"><img decoding=\"async\" class=\"alignnone wp-image-4852\" src=\"https:\/\/eadcolaborar.com\/wp-content\/uploads\/2022\/10\/Fig3-300x157.jpg\" sizes=\"(max-width: 491px) 100vw, 491px\" srcset=\"https:\/\/eadcolaborar.com\/wp-content\/uploads\/2022\/10\/Fig3-300x157.jpg 300w, https:\/\/eadcolaborar.com\/wp-content\/uploads\/2022\/10\/Fig3-1024x535.jpg 1024w, https:\/\/eadcolaborar.com\/wp-content\/uploads\/2022\/10\/Fig3-768x401.jpg 768w, https:\/\/eadcolaborar.com\/wp-content\/uploads\/2022\/10\/Fig3-600x313.jpg 600w, https:\/\/eadcolaborar.com\/wp-content\/uploads\/2022\/10\/Fig3.jpg 1449w\" alt=\"Roteiro Aula Pr\u00e1tica Algoritmos e T\u00e9cnicas de Programa\u00e7\u00e3o DEV C+\" width=\"491\" height=\"257\" \/><\/a><\/p>\n<p>Ap\u00f3s esta configura\u00e7\u00e3o, o ambiente de desenvolvimento est\u00e1 pronto para ser utilizado e elaborar o problema<br \/>\nproposto a seguir.<br \/>\nProblema Proposto:<br \/>\nO estudo da f\u00edsica permite entender o comportamento de v\u00e1rios sistemas, sendo a pot\u00eancia uma das grandezas<br \/>\nexplicada por essa \u00e1rea do conhecimento. Essa grandeza \u00e9 representada no sistema internacional pela unidade Watt<br \/>\n(W), e tem como objetivo determinar a quantidade de energia concedida por uma fonte a cada unidade de tempo.<br \/>\nNa Figura 4 temos o gr\u00e1fico de um sistema que monitora o funcionamento de uma m\u00e1quina durante o dia. Em uma<br \/>\ndeterminada hora do dia a m\u00e1quina atinge sua pot\u00eancia m\u00e1xima, indicada pelo ponto P na figura. Implemente um<br \/>\nprograma em C\/C++, que leia e armazene 20 valores e retorne qual foi o valor m\u00e1ximo e o m\u00ednimo atingido naquele<br \/>\ndeterminado dia.<br \/>\nFigura 4| Comportamento da pot\u00eancia de uma m\u00e1quina<\/p>\n<p><a href=\"https:\/\/eadcolaborar.com\/wp-content\/uploads\/2022\/10\/Fig4.jpg\"><img loading=\"lazy\" decoding=\"async\" class=\"alignnone wp-image-4851\" src=\"https:\/\/eadcolaborar.com\/wp-content\/uploads\/2022\/10\/Fig4-300x142.jpg\" sizes=\"(max-width: 478px) 100vw, 478px\" srcset=\"https:\/\/eadcolaborar.com\/wp-content\/uploads\/2022\/10\/Fig4-300x142.jpg 300w, https:\/\/eadcolaborar.com\/wp-content\/uploads\/2022\/10\/Fig4-768x362.jpg 768w, https:\/\/eadcolaborar.com\/wp-content\/uploads\/2022\/10\/Fig4-600x283.jpg 600w, https:\/\/eadcolaborar.com\/wp-content\/uploads\/2022\/10\/Fig4.jpg 977w\" alt=\"Roteiro Aula Pr\u00e1tica Algoritmos e T\u00e9cnicas de Programa\u00e7\u00e3o DevC++\" width=\"478\" height=\"226\" \/><\/a><\/p>\n<p>Preferencialmente, utilize fun\u00e7\u00f5es para a resolu\u00e7\u00e3o deste problema.<\/p>\n<hr \/>\n<p><strong>Checklist:<\/strong><br \/>\n\u2013 Criar um projeto no Dev C\/C++.<br \/>\n\u2013 Desenvolver a solu\u00e7\u00e3o para o problema proposto.<\/p>\n<hr \/>\n<p><strong>RESULTADOS<\/strong><br \/>\nResultados da aula pr\u00e1tica:<br \/>\nElaborar um relat\u00f3rio que dever\u00e1 conter introdu\u00e7\u00e3o, m\u00e9todos, resultados e conclus\u00e3o sobre o assunto desenvolvido<br \/>\nem aula pr\u00e1tica.<\/p>\n<div class=\"elementor-toggle-item\">\n<div class=\"elementor-toggle-item\">\n<p id=\"elementor-tab-title-1941\" class=\"elementor-tab-title elementor-active\" tabindex=\"0\" role=\"tab\" data-tab=\"1\" aria-controls=\"elementor-tab-content-1941\" aria-expanded=\"true\" aria-selected=\"true\"><strong>Como funciona?<\/strong><\/p>\n<p>Elaboramos os portf\u00f3lios, j\u00e1 deixamos prontos, nas normas da ABNT e conforme os requisitos da universidade. F\u00e1cil assim! O MELHOR \u00c9 QUE VOC\u00ca COMPRA E J\u00c1 BAIXA NA HORA O SEU ARQUIVO EM WORD! Sabemos que conciliar trabalho, fam\u00edlia, vida profissional e estudos \u00e9 dif\u00edcil hoje em dia, por isso, estamos aqui para ajudar voc\u00ea. Conte com nossa qualidade, experi\u00eancia e profissionalismo adquirindo seu portf\u00f3lio conosco. GARANTIMOS SEU CONCEITO!<\/p>\n<p><strong>Como se realizam os envios?<\/strong><\/p>\n<\/div>\n<p id=\"elementor-tab-content-1942\" class=\"elementor-tab-content elementor-clearfix elementor-active\" role=\"tabpanel\" data-tab=\"2\" aria-labelledby=\"elementor-tab-title-1942\">O seu trabalho \u00e9 disponibilizado pronto, respondido e nas normas j\u00e1 na mesma hora aqui em nosso site na sua \u00e1rea de downloads e tamb\u00e9m no seu e-mail.<\/p>\n<p><strong>Em quanto tempo recebo o portf\u00f3lio?<\/strong><\/p>\n<p>Os envios s\u00e3o imediatos. Ap\u00f3s sua compra, o trabalho j\u00e1 \u00e9 disponibilizado instantaneamente aqui em nosso site e no seu e-mail.<\/p>\n<p><strong>E se o portf\u00f3lio que comprei precisar de corre\u00e7\u00e3o?<\/strong><\/p>\n<p>Caso haja alguma solicita\u00e7\u00e3o de corre\u00e7\u00e3o\/altera\u00e7\u00e3o por parte do tutor, basta entrar em contato conosco pelo\u00a0WhatsApp\u00a0que provid\u00eanciaremos sem custo algum.<\/p>\n<p><strong>Qual o formato do arquivo?<\/strong><\/p>\n<p>Os arquivos s\u00e3o enviados em formato Word e s\u00e3o edit\u00e1veis.<\/p>\n<p><strong>Caso eu tiver alguma d\u00favida, terei suporte no p\u00f3s venda?<\/strong><\/p>\n<p>Sim, com certeza. Basta clicar no \u00edcone do WhatsApp no cantinho da tela. Ser\u00e1 um prazer atend\u00ea-lo(a).<\/p>\n<div id=\"elementor-tab-content-1948\" class=\"elementor-tab-content elementor-clearfix elementor-active\" role=\"tabpanel\" data-tab=\"8\" aria-labelledby=\"elementor-tab-title-1948\">\n<p><strong>Quais os seus canais de contato?<\/strong><\/p>\n<\/div>\n<div id=\"elementor-tab-content-1949\" class=\"elementor-tab-content elementor-clearfix elementor-active\" role=\"tabpanel\" data-tab=\"9\" aria-labelledby=\"elementor-tab-title-1949\">\n<p>Whatsapp: 53 984751621 \u2013 Clicar no canto da tela ou ESCANEIE O QRCODE ABAIXO<\/p>\n<h4><img loading=\"lazy\" decoding=\"async\" class=\"alignnone wp-image-13699 jetpack-lazy-image jetpack-lazy-image--handled\" src=\"https:\/\/i0.wp.com\/portifolioos-prontos.com\/wp-content\/uploads\/2023\/02\/whatsapp-business-projeto-de-extensao-300x300.jpeg?resize=144%2C144\" sizes=\"(max-width: 144px) 100vw, 144px\" srcset=\"https:\/\/i0.wp.com\/portifolioos-prontos.com\/wp-content\/uploads\/2023\/02\/whatsapp-business-projeto-de-extensao.jpeg?resize=300%2C301&amp;ssl=1 300w, https:\/\/i0.wp.com\/portifolioos-prontos.com\/wp-content\/uploads\/2023\/02\/whatsapp-business-projeto-de-extensao.jpeg?resize=150%2C150&amp;ssl=1 150w, https:\/\/i0.wp.com\/portifolioos-prontos.com\/wp-content\/uploads\/2023\/02\/whatsapp-business-projeto-de-extensao.jpeg?resize=370%2C372&amp;ssl=1 370w, https:\/\/i0.wp.com\/portifolioos-prontos.com\/wp-content\/uploads\/2023\/02\/whatsapp-business-projeto-de-extensao.jpeg?resize=100%2C100&amp;ssl=1 100w, https:\/\/i0.wp.com\/portifolioos-prontos.com\/wp-content\/uploads\/2023\/02\/whatsapp-business-projeto-de-extensao.jpeg?w=470&amp;ssl=1 470w\" alt=\"projeto de extens\u00e3o unopar\" width=\"144\" height=\"144\" data-lazy-loaded=\"1\" \/><\/h4>\n<\/div>\n<div class=\"elementor-toggle-item\">\n<div id=\"elementor-tab-content-1949\" class=\"elementor-tab-content elementor-clearfix elementor-active\" role=\"tabpanel\" data-tab=\"9\" aria-labelledby=\"elementor-tab-title-1949\">\n<p>E-mail:portifoliosp@gmail.com<\/p>\n<div id=\"attachment_143\" class=\"wp-caption alignnone\">\n<div id=\"attachment_143\" class=\"wp-caption alignnone\" style=\"width: 87px;\">\n<p><a href=\"https:\/\/portifolioos-prontos.com\/\"><img loading=\"lazy\" decoding=\"async\" class=\"wp-image-143 jetpack-lazy-image jetpack-lazy-image--handled smush-image-11 smush-detected-img smush-image-1\" title=\"portfolio pronto unopar\" src=\"https:\/\/i0.wp.com\/portifolioos-prontos.com\/wp-content\/uploads\/2022\/04\/conceitomaximo.png?resize=161%2C46\" sizes=\"(max-width: 35px) 100vw, 35px\" srcset=\"https:\/\/i0.wp.com\/portifolioos-prontos.com\/wp-content\/uploads\/2022\/04\/conceitomaximo.png?w=244&amp;ssl=1 244w, https:\/\/i0.wp.com\/portifolioos-prontos.com\/wp-content\/uploads\/2022\/04\/conceitomaximo.png?resize=220%2C70&amp;ssl=1 220w\" alt=\"PORTFOLIO PRONTO UNOPAR ANHANGUERA\" width=\"87\" height=\"28\" aria-describedby=\"caption-attachment-143\" data-lazy-loaded=\"1\" \/><\/a><\/p>\n<p id=\"caption-attachment-143\" class=\"wp-caption-text\">Portf\u00f3lioem Word, respondido, completo e j\u00e1 nas normas<\/p>\n<\/div>\n<\/div>\n<\/div>\n<\/div>\n<\/div>\n","protected":false},"excerpt":{"rendered":"<div class=\"product-short-description\">\n<div class=\"product-short-description\">\n<p><strong>Pague pelo PIX ou cart\u00e3o e fa\u00e7a o download agora mesmo.<\/strong><\/p>\n<\/div>\n<div class=\"sticky-add-to-cart-wrapper\">\n<div class=\"sticky-add-to-cart\">\n<p class=\"quantity buttons_added form-flat\"><img loading=\"lazy\" decoding=\"async\" class=\"lazyloaded smush-image-5 smush-image-3 smush-detected-img smush-image-4\" src=\"https:\/\/d26lpennugtm8s.cloudfront.net\/assets\/common\/img\/logos\/payment\/visa@2x.png\" width=\"46\" height=\"29\" data-src=\"https:\/\/d26lpennugtm8s.cloudfront.net\/assets\/common\/img\/logos\/payment\/visa@2x.png\" \/><img loading=\"lazy\" decoding=\"async\" class=\"lazyloaded smush-image-6 smush-image-4 smush-detected-img smush-image-5\" src=\"https:\/\/d26lpennugtm8s.cloudfront.net\/assets\/common\/img\/logos\/payment\/boleto@2x.png\" width=\"43\" height=\"27\" data-src=\"https:\/\/d26lpennugtm8s.cloudfront.net\/assets\/common\/img\/logos\/payment\/boleto@2x.png\" \/><img loading=\"lazy\" decoding=\"async\" class=\"lazyloaded smush-image-7 smush-image-5 smush-detected-img smush-image-6\" src=\"https:\/\/d26lpennugtm8s.cloudfront.net\/assets\/common\/img\/logos\/payment\/mastercard@2x.png\" width=\"43\" height=\"27\" data-src=\"https:\/\/d26lpennugtm8s.cloudfront.net\/assets\/common\/img\/logos\/payment\/mastercard@2x.png\" \/><img loading=\"lazy\" decoding=\"async\" class=\"lazyloaded smush-image-8 smush-image-6 smush-detected-img smush-image-7\" src=\"https:\/\/d26lpennugtm8s.cloudfront.net\/assets\/common\/img\/logos\/payment\/amex@2x.png\" width=\"43\" height=\"27\" data-src=\"https:\/\/d26lpennugtm8s.cloudfront.net\/assets\/common\/img\/logos\/payment\/amex@2x.png\" \/><img loading=\"lazy\" decoding=\"async\" class=\"lazyloaded smush-image-9 smush-image-7 smush-detected-img smush-image-8\" src=\"https:\/\/d26lpennugtm8s.cloudfront.net\/assets\/common\/img\/logos\/payment\/diners@2x.png\" width=\"46\" height=\"29\" data-src=\"https:\/\/d26lpennugtm8s.cloudfront.net\/assets\/common\/img\/logos\/payment\/diners@2x.png\" \/><img loading=\"lazy\" decoding=\"async\" class=\"lazyloaded smush-image-10 smush-image-8 smush-detected-img smush-image-9 alignnone\" src=\"https:\/\/d26lpennugtm8s.cloudfront.net\/assets\/common\/img\/logos\/payment\/br\/elo@2x.png\" alt=\"portf\u00f3lio unopar anhanguera\" width=\"45\" height=\"28\" data-src=\"https:\/\/d26lpennugtm8s.cloudfront.net\/assets\/common\/img\/logos\/payment\/br\/elo@2x.png\" \/><img loading=\"lazy\" decoding=\"async\" class=\"lazyloaded smush-image-11 smush-image-9 smush-detected-img smush-image-10 alignnone\" src=\"https:\/\/d26lpennugtm8s.cloudfront.net\/assets\/common\/img\/logos\/payment\/br\/hipercard@2x.png\" alt=\"portf\u00f3lio unopar anhanguera\" width=\"44\" height=\"28\" data-src=\"https:\/\/d26lpennugtm8s.cloudfront.net\/assets\/common\/img\/logos\/payment\/br\/hipercard@2x.png\" \/><img loading=\"lazy\" decoding=\"async\" class=\"lazyloaded smush-image-12 smush-image-10 smush-detected-img smush-image-11 alignnone\" src=\"https:\/\/d26lpennugtm8s.cloudfront.net\/assets\/common\/img\/logos\/payment\/mercadopago@2x.png\" alt=\"portf\u00f3lio unopar anhanguera\" width=\"45\" height=\"28\" data-src=\"https:\/\/d26lpennugtm8s.cloudfront.net\/assets\/common\/img\/logos\/payment\/mercadopago@2x.png\" \/><img loading=\"lazy\" decoding=\"async\" class=\"alignnone lazyloaded\" src=\"https:\/\/futurium.com.br\/wp-content\/uploads\/2021\/06\/logo-pix-icone-512.png\" alt=\"portfolio pronto\" width=\"30\" height=\"30\" data-src=\"https:\/\/futurium.com.br\/wp-content\/uploads\/2021\/06\/logo-pix-icone-512.png\" \/><\/p>\n<\/div>\n<\/div>\n<\/div>\n","protected":false},"featured_media":9006,"template":"","meta":{"_seopress_robots_primary_cat":"none","_seopress_titles_title":"%%post_title%% %%sitetitle%%","_seopress_titles_desc":"%%post_content%%","_seopress_robots_index":""},"product_cat":[109,58,15],"product_tag":[],"class_list":{"0":"post-9004","1":"product","2":"type-product","3":"status-publish","4":"has-post-thumbnail","6":"product_cat-analise-e-desenvolvimento-de-sistemas","7":"product_cat-cursos-de-t-i","8":"product_cat-uncategorized","10":"first","11":"instock","12":"downloadable","13":"virtual","14":"purchasable","15":"product-type-simple","16":"col-xs-6 col-sm-4","17":"col-mf-5","18":"un-5-cols"},"jetpack_sharing_enabled":true,"_links":{"self":[{"href":"https:\/\/portifolioos-prontos.com\/index.php\/wp-json\/wp\/v2\/product\/9004","targetHints":{"allow":["GET"]}}],"collection":[{"href":"https:\/\/portifolioos-prontos.com\/index.php\/wp-json\/wp\/v2\/product"}],"about":[{"href":"https:\/\/portifolioos-prontos.com\/index.php\/wp-json\/wp\/v2\/types\/product"}],"version-history":[{"count":2,"href":"https:\/\/portifolioos-prontos.com\/index.php\/wp-json\/wp\/v2\/product\/9004\/revisions"}],"predecessor-version":[{"id":49753,"href":"https:\/\/portifolioos-prontos.com\/index.php\/wp-json\/wp\/v2\/product\/9004\/revisions\/49753"}],"wp:featuredmedia":[{"embeddable":true,"href":"https:\/\/portifolioos-prontos.com\/index.php\/wp-json\/wp\/v2\/media\/9006"}],"wp:attachment":[{"href":"https:\/\/portifolioos-prontos.com\/index.php\/wp-json\/wp\/v2\/media?parent=9004"}],"wp:term":[{"taxonomy":"product_cat","embeddable":true,"href":"https:\/\/portifolioos-prontos.com\/index.php\/wp-json\/wp\/v2\/product_cat?post=9004"},{"taxonomy":"product_tag","embeddable":true,"href":"https:\/\/portifolioos-prontos.com\/index.php\/wp-json\/wp\/v2\/product_tag?post=9004"}],"curies":[{"name":"wp","href":"https:\/\/api.w.org\/{rel}","templated":true}]}}